{"id":9907,"date":"2024-01-28T14:28:39","date_gmt":"2024-01-28T13:28:39","guid":{"rendered":"https:\/\/butterfly-editions.com\/?post_type=product&#038;p=9907"},"modified":"2026-01-28T14:31:57","modified_gmt":"2026-01-28T13:31:57","slug":"double-je-integrale","status":"publish","type":"product","link":"https:\/\/butterfly-editions.com\/index.php\/produit\/double-je-integrale\/","title":{"rendered":"Double Je &#8211; Int\u00e9grale"},"content":{"rendered":"<div id=\"bookDescription_feature_div\" class=\"celwidget\" data-feature-name=\"bookDescription\" data-csa-c-type=\"widget\" data-csa-c-content-id=\"bookDescription\" data-csa-c-slot-id=\"bookDescription_feature_div\" data-csa-c-asin=\"\" data-csa-c-is-in-initial-active-row=\"false\" data-csa-c-id=\"nddg17-vc10qt-fa7k9-wf257u\" data-cel-widget=\"bookDescription_feature_div\">\n<div class=\"a-expander-collapsed-height a-row a-expander-container a-spacing-base a-expander-partial-collapse-container\" data-a-expander-name=\"book_description_expander\" data-a-expander-collapsed-height=\"280\">\n<div class=\"a-expander-content a-expander-partial-collapse-content\" data-expanded=\"false\">\n<p>Je ne sais pas trop comment vous raconter mon histoire. Elle est en m\u00eame temps \u00e9vidente et \u00e9tonnamment compliqu\u00e9e. Peut-\u00eatre que la plupart d&rsquo;entre vous me prendront pour un fou ou un original. Mais, je ressens l&rsquo;envie incontr\u00f4lable de coucher ces mots sur le papier et vous faire vivre le moment o\u00f9 ma vie s&rsquo;est retrouv\u00e9e totalement chamboul\u00e9e. Toutes mes habitudes et toutes mes certitudes ont vol\u00e9 en \u00e9clats. J&rsquo;ai d\u00fb me remettre en question et je suis maintenant une personne diff\u00e9rente. Laissez-moi vous entra\u00eener au tout d\u00e9but de cette aventure. L\u00e0 o\u00f9 je n&rsquo;\u00e9tais encore qu&rsquo;un homme macho, imbu de sa personne et obs\u00e9d\u00e9 par la gloire&#8230;<\/p>\n<\/div>\n<\/div>\n<\/div>\n","protected":false},"excerpt":{"rendered":"<p>Je ne sais pas trop comment vous raconter mon histoire. Elle est en m\u00eame temps \u00e9vidente et \u00e9tonnamment compliqu\u00e9e. Peut-\u00eatre que la plupart d&rsquo;entre vous me prendront pour un fou ou un original. Mais, je ressens l&rsquo;envie incontr\u00f4lable de coucher ces mots sur le papier et vous faire vivre le moment o\u00f9 ma vie s&rsquo;est [&hellip;]<\/p>\n","protected":false},"featured_media":9910,"comment_status":"open","ping_status":"closed","template":"","meta":{"_acf_changed":false,"content-type":""},"product_brand":[],"product_cat":[463],"product_tag":[],"class_list":{"0":"post-9907","1":"product","2":"type-product","3":"status-publish","4":"has-post-thumbnail","6":"product_cat-romantasy","8":"first","9":"instock","10":"downloadable","11":"virtual","12":"taxable","13":"purchasable","14":"product-type-simple"},"acf":{"auteur":"Yan Robel","date_parution":"20190107","bestseller":false,"librairie":false},"aioseo_notices":[],"_links":{"self":[{"href":"https:\/\/butterfly-editions.com\/index.php\/wp-json\/wp\/v2\/product\/9907","targetHints":{"allow":["GET"]}}],"collection":[{"href":"https:\/\/butterfly-editions.com\/index.php\/wp-json\/wp\/v2\/product"}],"about":[{"href":"https:\/\/butterfly-editions.com\/index.php\/wp-json\/wp\/v2\/types\/product"}],"replies":[{"embeddable":true,"href":"https:\/\/butterfly-editions.com\/index.php\/wp-json\/wp\/v2\/comments?post=9907"}],"wp:featuredmedia":[{"embeddable":true,"href":"https:\/\/butterfly-editions.com\/index.php\/wp-json\/wp\/v2\/media\/9910"}],"wp:attachment":[{"href":"https:\/\/butterfly-editions.com\/index.php\/wp-json\/wp\/v2\/media?parent=9907"}],"wp:term":[{"taxonomy":"product_brand","embeddable":true,"href":"https:\/\/butterfly-editions.com\/index.php\/wp-json\/wp\/v2\/product_brand?post=9907"},{"taxonomy":"product_cat","embeddable":true,"href":"https:\/\/butterfly-editions.com\/index.php\/wp-json\/wp\/v2\/product_cat?post=9907"},{"taxonomy":"product_tag","embeddable":true,"href":"https:\/\/butterfly-editions.com\/index.php\/wp-json\/wp\/v2\/product_tag?post=9907"}],"curies":[{"name":"wp","href":"https:\/\/api.w.org\/{rel}","templated":true}]}}