{"id":9902,"date":"2024-01-28T14:22:36","date_gmt":"2024-01-28T13:22:36","guid":{"rendered":"https:\/\/butterfly-editions.com\/?post_type=product&#038;p=9902"},"modified":"2026-01-28T14:28:32","modified_gmt":"2026-01-28T13:28:32","slug":"dirty-love-integrale","status":"publish","type":"product","link":"https:\/\/butterfly-editions.com\/index.php\/produit\/dirty-love-integrale\/","title":{"rendered":"Dirty Love &#8211; Int\u00e9grale"},"content":{"rendered":"<p>On peut dire de moi que je suis une lyc\u00e9enne banale, une jeune fille introvertie aux yeux voil\u00e9s par une tristesse permanente.<br \/>\nOn pourrait dire que mon caract\u00e8re, parfois rebelle, est d\u00fb \u00e0 la crise d\u2019adolescence ou \u00e0 un \u00e9ni\u00e8me chagrin d\u2019amour que connaissent les gens de mon \u00e2ge&#8230;<br \/>\nOn pourrait&#8230;<br \/>\nDu chagrin, il y en a eu, c\u2019est certain. Mais de l\u2019amour ? Jamais, vu ma double-vie.<br \/>\nMais tout a chang\u00e9 le jour o\u00f9 un inconnu m\u2019a sortie des griffes de mon prox\u00e9n\u00e8te&#8230;<\/p>\n<p>***<\/p>\n<p>On peut dire de moi que je suis un enseignant parmi tant d\u2019autres, aux c\u00f4t\u00e9s sombres et tortueux.<br \/>\nOn pourrait dire que ce comportement me rend sexy et que j\u2019aime entretenir ces tendances myst\u00e9rieuses&#8230;<br \/>\nOn pourrait&#8230;<br \/>\nSexy, il para\u00eet que je le suis&#8230;<br \/>\nMyst\u00e9rieux, c\u2019est certain&#8230; Personne ne se doute de qui j&rsquo;\u00e9tais vraiment avant d&rsquo;arriver dans cette petite ville.<br \/>\nMais le voile s\u2019est peu \u00e0 peu lev\u00e9 le jour o\u00f9 j\u2019ai sorti une prostitu\u00e9e des griffes de son prox\u00e9n\u00e8te&#8230;<\/p>\n","protected":false},"excerpt":{"rendered":"<p>On peut dire de moi que je suis une lyc\u00e9enne banale, une jeune fille introvertie aux yeux voil\u00e9s par une tristesse permanente. On pourrait dire que mon caract\u00e8re, parfois rebelle, est d\u00fb \u00e0 la crise d\u2019adolescence ou \u00e0 un \u00e9ni\u00e8me chagrin d\u2019amour que connaissent les gens de mon \u00e2ge&#8230; On pourrait&#8230; Du chagrin, il y [&hellip;]<\/p>\n","protected":false},"featured_media":9905,"comment_status":"open","ping_status":"closed","template":"","meta":{"_acf_changed":false,"content-type":""},"product_brand":[],"product_cat":[459],"product_tag":[525,523,524,491,508],"class_list":{"0":"post-9902","1":"product","2":"type-product","3":"status-publish","4":"has-post-thumbnail","6":"product_cat-dark-romance","7":"product_tag-enemies-to-lovers","8":"product_tag-musique","9":"product_tag-opposites-attract","10":"product_tag-spicy","11":"product_tag-star","13":"first","14":"instock","15":"downloadable","16":"virtual","17":"taxable","18":"purchasable","19":"product-type-simple"},"acf":{"auteur":"Jolie Plume","date_parution":"20181207","bestseller":false,"librairie":false},"aioseo_notices":[],"_links":{"self":[{"href":"https:\/\/butterfly-editions.com\/index.php\/wp-json\/wp\/v2\/product\/9902","targetHints":{"allow":["GET"]}}],"collection":[{"href":"https:\/\/butterfly-editions.com\/index.php\/wp-json\/wp\/v2\/product"}],"about":[{"href":"https:\/\/butterfly-editions.com\/index.php\/wp-json\/wp\/v2\/types\/product"}],"replies":[{"embeddable":true,"href":"https:\/\/butterfly-editions.com\/index.php\/wp-json\/wp\/v2\/comments?post=9902"}],"wp:featuredmedia":[{"embeddable":true,"href":"https:\/\/butterfly-editions.com\/index.php\/wp-json\/wp\/v2\/media\/9905"}],"wp:attachment":[{"href":"https:\/\/butterfly-editions.com\/index.php\/wp-json\/wp\/v2\/media?parent=9902"}],"wp:term":[{"taxonomy":"product_brand","embeddable":true,"href":"https:\/\/butterfly-editions.com\/index.php\/wp-json\/wp\/v2\/product_brand?post=9902"},{"taxonomy":"product_cat","embeddable":true,"href":"https:\/\/butterfly-editions.com\/index.php\/wp-json\/wp\/v2\/product_cat?post=9902"},{"taxonomy":"product_tag","embeddable":true,"href":"https:\/\/butterfly-editions.com\/index.php\/wp-json\/wp\/v2\/product_tag?post=9902"}],"curies":[{"name":"wp","href":"https:\/\/api.w.org\/{rel}","templated":true}]}}