{"id":9623,"date":"2022-08-26T22:43:19","date_gmt":"2022-08-26T21:43:19","guid":{"rendered":"https:\/\/butterfly-editions.com\/?post_type=product&#038;p=9623"},"modified":"2026-01-26T22:57:18","modified_gmt":"2026-01-26T21:57:18","slug":"love-box","status":"publish","type":"product","link":"https:\/\/butterfly-editions.com\/index.php\/produit\/love-box\/","title":{"rendered":"Dark Kiss"},"content":{"rendered":"<div id=\"bookDescription_feature_div\" class=\"celwidget\" data-feature-name=\"bookDescription\" data-csa-c-type=\"widget\" data-csa-c-content-id=\"bookDescription\" data-csa-c-slot-id=\"bookDescription_feature_div\" data-csa-c-asin=\"2376520789\" data-csa-c-is-in-initial-active-row=\"false\" data-csa-c-id=\"e50wim-7kc39n-xqgj6g-tnvtuk\">\n<div class=\"a-expander-collapsed-height a-row a-expander-container a-spacing-base a-expander-partial-collapse-container\" data-a-expander-name=\"book_description_expander\" data-a-expander-collapsed-height=\"280\">\n<div class=\"a-expander-content a-expander-partial-collapse-content\" data-expanded=\"false\">Un \u00e9corch\u00e9 vif. Une jeune femme perdue. Et si l&rsquo;amour frappait l\u00e0 o\u00f9 on s&rsquo;y attend le moins ? Peu avant son vingt-cinqui\u00e8me anniversaire, Louise red\u00e9couvre le voeu compl\u00e8tement fou qu&rsquo;elle s&rsquo;\u00e9tait promis de r\u00e9aliser, le jour de ses dix-huit ans. Embrasser la star de ses r\u00eaves. Troubl\u00e9e par la soir\u00e9e \u00e0 laquelle ses amies, Sara et Cam\u00e9lia, la convient afin de l&rsquo;aider dans ce pari totalement insens\u00e9, elle pr\u00e9f\u00e8re profiter de ses quelques jours de repos, prendre la poudre d&rsquo;escampette et partir loin, tr\u00e8s loin&#8230; Elias avait tout pour r\u00e9ussir. Jeune, beau, acteur prometteur, l&rsquo;avenir lui ouvrait les bras, avant qu&rsquo;un terrible malheur le force \u00e0 se mettre en retrait de la vie publique pendant plus d&rsquo;une d\u00e9cennie. Tentant de se reconstruire, seul, \u00e0 des centaines de kilom\u00e8tres de son existence pass\u00e9e, il n&rsquo;imagine pas un seul instant que la solitude tant convoit\u00e9e n&rsquo;est pas au programme. Contraints de cohabiter, Louise et Elias, aux caract\u00e8res diam\u00e9tralement oppos\u00e9s, vont rapidement comprendre que prendre deux routes diff\u00e9rentes n&rsquo;est pas \u00e0 l&rsquo;ordre du jour. Entre le jeune homme aussi troublant que t\u00e9n\u00e9breux, et la femme aux mille facettes, un puissant jeu s&rsquo;installe&#8230; La partie, dangereuse et sans appel, ne fait que commencer. Au bout du chemin, la v\u00e9rit\u00e9, implacable, les attend. Leur passion naissante sera-t-elle assez forte pour contrer le terrible secret d&rsquo;Elias ?<\/div>\n<\/div>\n<\/div>\n<div id=\"globalStoreInfoBullets_feature_div\" class=\"celwidget\" data-feature-name=\"globalStoreInfoBullets\" data-csa-c-type=\"widget\" data-csa-c-content-id=\"globalStoreInfoBullets\" data-csa-c-slot-id=\"globalStoreInfoBullets_feature_div\" data-csa-c-asin=\"2376520789\" data-csa-c-is-in-initial-active-row=\"false\" data-csa-c-id=\"qwmvmm-2jwg3p-rrpaem-ms2c1s\"><\/div>\n<div id=\"buyingOptionNostosBadge_feature_div\" class=\"celwidget\" data-feature-name=\"buyingOptionNostosBadge\" data-csa-c-type=\"widget\" data-csa-c-content-id=\"buyingOptionNostosBadge\" data-csa-c-slot-id=\"buyingOptionNostosBadge_feature_div\" data-csa-c-asin=\"2376520789\" data-csa-c-is-in-initial-active-row=\"false\" data-csa-c-id=\"vn9g1d-8txy2g-pdivak-n23982\"><\/div>\n<div id=\"tellAmazon_feature_div\" class=\"celwidget\" data-feature-name=\"tellAmazon\" data-csa-c-type=\"widget\" data-csa-c-content-id=\"tellAmazon\" data-csa-c-slot-id=\"tellAmazon_feature_div\" data-csa-c-asin=\"2376520789\" data-csa-c-is-in-initial-active-row=\"false\" data-csa-c-id=\"ttwcmf-ly4m7g-bktsa3-ker1be\">\n<div class=\"celwidget c-f\" data-csa-op-log-render=\"\" data-csa-c-content-id=\"DsUnknown\" data-csa-c-slot-id=\"DsUnknown-9\" data-csa-c-type=\"widget\" data-csa-c-painter=\"tell-amazon-desktop-cards\" data-csa-c-id=\"dgiwoa-8tvhq6-60rut0-qnsxm4\">\n<div id=\"CardInstanceiX2Km4_8gKjick9Vk7jn7A\" data-card-metrics-id=\"tell-amazon-desktop_DetailPage_8\" data-acp-tracking=\"{}\" data-mix-claimed=\"true\">\n<div class=\"_tell-amazon-desktop_style_tell_amazon_div__1YDZk\" data-asin=\"2376520789\" data-customer-id=\"A2SIE7O22HJCEX\" data-marketplace=\"A13V1IB3VIYZZH\" data-session-id=\"520-0511283-1380325\" data-logged-in=\"true\"><\/div>\n<\/div>\n<\/div>\n<\/div>\n","protected":false},"excerpt":{"rendered":"<p>Un \u00e9corch\u00e9 vif. Une jeune femme perdue. Et si l&rsquo;amour frappait l\u00e0 o\u00f9 on s&rsquo;y attend le moins ? Peu avant son vingt-cinqui\u00e8me anniversaire, Louise red\u00e9couvre le voeu compl\u00e8tement fou qu&rsquo;elle s&rsquo;\u00e9tait promis de r\u00e9aliser, le jour de ses dix-huit ans. Embrasser la star de ses r\u00eaves. Troubl\u00e9e par la soir\u00e9e \u00e0 laquelle ses amies, [&hellip;]<\/p>\n","protected":false},"featured_media":9632,"comment_status":"open","ping_status":"closed","template":"","meta":{"_acf_changed":false,"content-type":""},"product_brand":[],"product_cat":[461],"product_tag":[493,490,474,497],"class_list":{"0":"post-9623","1":"product","2":"type-product","3":"status-publish","4":"has-post-thumbnail","6":"product_cat-romance-contemporaine","7":"product_tag-bad-boy","8":"product_tag-passion","9":"product_tag-secrets","10":"product_tag-suspense","12":"first","13":"instock","14":"sold-individually","15":"taxable","16":"shipping-taxable","17":"purchasable","18":"product-type-variable"},"acf":{"auteur":"Juliette Mey","date_parution":"20180220","bestseller":true,"librairie":false},"aioseo_notices":[],"_links":{"self":[{"href":"https:\/\/butterfly-editions.com\/index.php\/wp-json\/wp\/v2\/product\/9623","targetHints":{"allow":["GET"]}}],"collection":[{"href":"https:\/\/butterfly-editions.com\/index.php\/wp-json\/wp\/v2\/product"}],"about":[{"href":"https:\/\/butterfly-editions.com\/index.php\/wp-json\/wp\/v2\/types\/product"}],"replies":[{"embeddable":true,"href":"https:\/\/butterfly-editions.com\/index.php\/wp-json\/wp\/v2\/comments?post=9623"}],"wp:featuredmedia":[{"embeddable":true,"href":"https:\/\/butterfly-editions.com\/index.php\/wp-json\/wp\/v2\/media\/9632"}],"wp:attachment":[{"href":"https:\/\/butterfly-editions.com\/index.php\/wp-json\/wp\/v2\/media?parent=9623"}],"wp:term":[{"taxonomy":"product_brand","embeddable":true,"href":"https:\/\/butterfly-editions.com\/index.php\/wp-json\/wp\/v2\/product_brand?post=9623"},{"taxonomy":"product_cat","embeddable":true,"href":"https:\/\/butterfly-editions.com\/index.php\/wp-json\/wp\/v2\/product_cat?post=9623"},{"taxonomy":"product_tag","embeddable":true,"href":"https:\/\/butterfly-editions.com\/index.php\/wp-json\/wp\/v2\/product_tag?post=9623"}],"curies":[{"name":"wp","href":"https:\/\/api.w.org\/{rel}","templated":true}]}}