{"id":9364,"date":"2026-01-13T13:34:26","date_gmt":"2026-01-13T12:34:26","guid":{"rendered":"https:\/\/butterfly-editions.com\/?post_type=product&#038;p=9364"},"modified":"2026-01-13T13:34:26","modified_gmt":"2026-01-13T12:34:26","slug":"sweet-dance-lea-collins","status":"publish","type":"product","link":"https:\/\/butterfly-editions.com\/index.php\/produit\/sweet-dance-lea-collins\/","title":{"rendered":"Sweet dance &#8211; L\u00e9a Collins"},"content":{"rendered":"<p><strong>R\u00e9sister&#8230; ou succomber ?<\/strong><\/p>\n<p><em> Le plus grand atout de Gabriel ?<\/em> Son charisme.<\/p>\n<p><em>Son principal talent ?<\/em> Le sexe.<\/p>\n<p>Pour passer d&rsquo;amant cr\u00e9atif \u00e0 coach en sexualit\u00e9 f\u00e9minine, il n&rsquo;y a qu&rsquo;un pas, qu&rsquo;il a franchi deux ans plus t\u00f4t. Son m\u00e9tier ? R\u00e9v\u00e9ler aux femmes leur pouvoir orgasmique. Rien que \u00e7a&#8230;<\/p>\n<p><em>Le principal atout de Camille ?<\/em> Son sens de l&rsquo;humour.<\/p>\n<p><em>Son principal talent ?<\/em> Manger des cheese-cakes sans prendre un gramme. Ou presque.<\/p>\n<p>P\u00e2tissi\u00e8re passionn\u00e9e, elle a \u00e9rig\u00e9 le c\u00e9libat en un art qui la satisfait pleinement. Les hommes, tr\u00e8s peu pour elle. Pour les sorties, il y a ses amies. Pour les c\u00e2lins, son chat Gaston. Et, pour le reste, elle a des doigts. Le jour o\u00f9 Gabriel et Camille se percutent dans un cours de salsa, ce sont deux univers qui entrent en collision.<\/p>\n<p><em>\u00c9tincelles ou bain de sang ? Les paris sont lanc\u00e9s&#8230;\u00a0<\/em><\/p>\n","protected":false},"excerpt":{"rendered":"<p>R\u00e9sister&#8230; ou succomber ? Le plus grand atout de Gabriel ? Son charisme. Son principal talent ? Le sexe. Pour passer d&rsquo;amant cr\u00e9atif \u00e0 coach en sexualit\u00e9 f\u00e9minine, il n&rsquo;y a qu&rsquo;un pas, qu&rsquo;il a franchi deux ans plus t\u00f4t. Son m\u00e9tier ? R\u00e9v\u00e9ler aux femmes leur pouvoir orgasmique. Rien que \u00e7a&#8230; Le principal atout [&hellip;]<\/p>\n","protected":false},"featured_media":9365,"comment_status":"open","ping_status":"closed","template":"","meta":{"_acf_changed":false,"content-type":""},"product_brand":[],"product_cat":[59],"product_tag":[],"class_list":{"0":"post-9364","1":"product","2":"type-product","3":"status-publish","4":"has-post-thumbnail","6":"product_cat-non-classe","8":"first","9":"instock","10":"taxable","11":"shipping-taxable","12":"purchasable","13":"product-type-simple"},"acf":{"auteur":"","date_parution":null,"bestseller":false,"librairie":false},"aioseo_notices":[],"_links":{"self":[{"href":"https:\/\/butterfly-editions.com\/index.php\/wp-json\/wp\/v2\/product\/9364","targetHints":{"allow":["GET"]}}],"collection":[{"href":"https:\/\/butterfly-editions.com\/index.php\/wp-json\/wp\/v2\/product"}],"about":[{"href":"https:\/\/butterfly-editions.com\/index.php\/wp-json\/wp\/v2\/types\/product"}],"replies":[{"embeddable":true,"href":"https:\/\/butterfly-editions.com\/index.php\/wp-json\/wp\/v2\/comments?post=9364"}],"wp:featuredmedia":[{"embeddable":true,"href":"https:\/\/butterfly-editions.com\/index.php\/wp-json\/wp\/v2\/media\/9365"}],"wp:attachment":[{"href":"https:\/\/butterfly-editions.com\/index.php\/wp-json\/wp\/v2\/media?parent=9364"}],"wp:term":[{"taxonomy":"product_brand","embeddable":true,"href":"https:\/\/butterfly-editions.com\/index.php\/wp-json\/wp\/v2\/product_brand?post=9364"},{"taxonomy":"product_cat","embeddable":true,"href":"https:\/\/butterfly-editions.com\/index.php\/wp-json\/wp\/v2\/product_cat?post=9364"},{"taxonomy":"product_tag","embeddable":true,"href":"https:\/\/butterfly-editions.com\/index.php\/wp-json\/wp\/v2\/product_tag?post=9364"}],"curies":[{"name":"wp","href":"https:\/\/api.w.org\/{rel}","templated":true}]}}