{"id":9084,"date":"2025-11-05T11:55:30","date_gmt":"2025-11-05T10:55:30","guid":{"rendered":"https:\/\/butterfly-editions.com\/?post_type=product&#038;p=9084"},"modified":"2025-11-05T11:55:30","modified_gmt":"2025-11-05T10:55:30","slug":"my-lovely-boyfriend-emilia-robinst-edition-2025","status":"publish","type":"product","link":"https:\/\/butterfly-editions.com\/index.php\/produit\/my-lovely-boyfriend-emilia-robinst-edition-2025\/","title":{"rendered":"My lovely Boyfriend &#8211; Emilia Robinst &#8211; \u00e9dition 2025"},"content":{"rendered":"<div id=\"bookDescription_feature_div\" class=\"celwidget\" data-feature-name=\"bookDescription\" data-csa-c-type=\"widget\" data-csa-c-content-id=\"bookDescription\" data-csa-c-slot-id=\"bookDescription_feature_div\" data-csa-c-asin=\"\" data-csa-c-is-in-initial-active-row=\"false\" data-csa-c-id=\"wl2kej-91g5m7-6gej5x-ni0s7a\" data-cel-widget=\"bookDescription_feature_div\">\n<div class=\"a-expander-collapsed-height a-row a-expander-container a-spacing-base a-expander-partial-collapse-container\" data-a-expander-name=\"book_description_expander\" data-a-expander-collapsed-height=\"280\">\n<div class=\"a-expander-content a-expander-partial-collapse-content\" data-expanded=\"false\">\n<p><strong>Et si l\u2019histoire de votre vie \u00e9tait aussi color\u00e9e que le whisky, et non pas aussi claire que de l\u2019eau de roche ?<\/strong><\/p>\n<p>Fra\u00eechement emm\u00e9nag\u00e9e dans l\u2019appartement de Jamie Campbell, Alix Deroy vit une vie paisible aux c\u00f4t\u00e9s de ce dernier. Son dipl\u00f4me bient\u00f4t en poche et l\u2019ann\u00e9e universitaire \u00e9tant pratiquement termin\u00e9e, elle accepte, non sans appr\u00e9hension, la proposition de son petit ami : partir en \u00c9cosse pour les vacances, afin de rencontrer sa famille.<\/p>\n<p>Mais c&rsquo;est sans compter sur un arr\u00eat \u00e0 Londres cauchemardesque, une ambiance glaciale qui r\u00e8gne entre Jamie, son p\u00e8re et ses fr\u00e8res, ainsi qu\u2019une&#8230; ex envahissante. Dont, visiblement, le seul but est de r\u00e9cup\u00e9rer Jamie \u00e0 tout prix.<\/p>\n<p><em><span class=\"a-text-italic\">Au milieu de ce chaos, Alix, arrivera-t-elle \u00e0 se faire une place au sein du clan Campbell ?<\/span><\/em><\/p>\n<\/div>\n<\/div>\n<\/div>\n<div id=\"hushpuppyUpsell_feature_div\" class=\"celwidget\" data-feature-name=\"hushpuppyUpsell\" data-csa-c-type=\"widget\" data-csa-c-content-id=\"hushpuppyUpsell\" data-csa-c-slot-id=\"hushpuppyUpsell_feature_div\" data-csa-c-asin=\"\" data-csa-c-is-in-initial-active-row=\"false\" data-csa-c-id=\"us3xi1-l061gj-d7ppg7-n9rseq\" data-cel-widget=\"hushpuppyUpsell_feature_div\"><\/div>\n<div id=\"richProductInformation_feature_div\" class=\"celwidget\" data-feature-name=\"richProductInformation\" data-csa-c-type=\"widget\" data-csa-c-content-id=\"richProductInformation\" data-csa-c-slot-id=\"richProductInformation_feature_div\" data-csa-c-asin=\"\" data-csa-c-is-in-initial-active-row=\"false\" data-csa-c-id=\"5s46a9-w6lg9j-p3edms-5uo6me\" data-cel-widget=\"richProductInformation_feature_div\">\n<div id=\"rich_product_information\" class=\"a-section a-spacing-none celwidget\" data-csa-c-id=\"o4wwfo-jz32t5-2vhl4o-5pko8i\" data-cel-widget=\"rich_product_information\"><\/div>\n<\/div>\n","protected":false},"excerpt":{"rendered":"<p>Et si l\u2019histoire de votre vie \u00e9tait aussi color\u00e9e que le whisky, et non pas aussi claire que de l\u2019eau de roche ? Fra\u00eechement emm\u00e9nag\u00e9e dans l\u2019appartement de Jamie Campbell, Alix Deroy vit une vie paisible aux c\u00f4t\u00e9s de ce dernier. Son dipl\u00f4me bient\u00f4t en poche et l\u2019ann\u00e9e universitaire \u00e9tant pratiquement termin\u00e9e, elle accepte, non [&hellip;]<\/p>\n","protected":false},"featured_media":9085,"comment_status":"open","ping_status":"closed","template":"","meta":{"_acf_changed":false,"content-type":""},"product_brand":[],"product_cat":[59],"product_tag":[],"class_list":{"0":"post-9084","1":"product","2":"type-product","3":"status-publish","4":"has-post-thumbnail","6":"product_cat-non-classe","8":"first","9":"instock","10":"taxable","11":"shipping-taxable","12":"purchasable","13":"product-type-simple"},"acf":{"auteur":"","date_parution":null,"bestseller":false,"librairie":false},"aioseo_notices":[],"_links":{"self":[{"href":"https:\/\/butterfly-editions.com\/index.php\/wp-json\/wp\/v2\/product\/9084","targetHints":{"allow":["GET"]}}],"collection":[{"href":"https:\/\/butterfly-editions.com\/index.php\/wp-json\/wp\/v2\/product"}],"about":[{"href":"https:\/\/butterfly-editions.com\/index.php\/wp-json\/wp\/v2\/types\/product"}],"replies":[{"embeddable":true,"href":"https:\/\/butterfly-editions.com\/index.php\/wp-json\/wp\/v2\/comments?post=9084"}],"wp:featuredmedia":[{"embeddable":true,"href":"https:\/\/butterfly-editions.com\/index.php\/wp-json\/wp\/v2\/media\/9085"}],"wp:attachment":[{"href":"https:\/\/butterfly-editions.com\/index.php\/wp-json\/wp\/v2\/media?parent=9084"}],"wp:term":[{"taxonomy":"product_brand","embeddable":true,"href":"https:\/\/butterfly-editions.com\/index.php\/wp-json\/wp\/v2\/product_brand?post=9084"},{"taxonomy":"product_cat","embeddable":true,"href":"https:\/\/butterfly-editions.com\/index.php\/wp-json\/wp\/v2\/product_cat?post=9084"},{"taxonomy":"product_tag","embeddable":true,"href":"https:\/\/butterfly-editions.com\/index.php\/wp-json\/wp\/v2\/product_tag?post=9084"}],"curies":[{"name":"wp","href":"https:\/\/api.w.org\/{rel}","templated":true}]}}