{"id":9070,"date":"2025-11-05T11:26:35","date_gmt":"2025-11-05T10:26:35","guid":{"rendered":"https:\/\/butterfly-editions.com\/?post_type=product&#038;p=9070"},"modified":"2025-11-05T11:26:36","modified_gmt":"2025-11-05T10:26:36","slug":"when-i-look-at-you-victoria-vermeille","status":"publish","type":"product","link":"https:\/\/butterfly-editions.com\/index.php\/produit\/when-i-look-at-you-victoria-vermeille\/","title":{"rendered":"When I Look At You &#8211; Victoria Vermeille"},"content":{"rendered":"<p><strong><span class=\"a-text-bold\">Deux c\u0153urs ab\u00eem\u00e9s. Une rencontre qui pourrait tout changer.<\/span><\/strong><\/p>\n<p>Amy et Bryan ne s\u2019\u00e9taient jamais vus avant le jour des r\u00e9sultats du bac.<br \/>\nLui s\u2019enlise dans ses addictions pour \u00e9chapper au vide laiss\u00e9 par la mort de son p\u00e8re.<br \/>\nElle porte les cicatrices invisibles de plusieurs ann\u00e9es de harc\u00e8lement, prisonni\u00e8re de ses propres ombres.<\/p>\n<p>Ils n\u2019auraient jamais d\u00fb se rencontrer. Pourtant, entre eux, une \u00e9tincelle na\u00eet.<br \/>\nBr\u00fblante. Impr\u00e9visible. Dangereuse.<\/p>\n<p><em><span class=\"a-text-italic\">Entre se relever et sombrer, la diff\u00e9rence tient parfois \u00e0 un battement de c\u0153ur.<\/span><\/em><\/p>\n","protected":false},"excerpt":{"rendered":"<p>Deux c\u0153urs ab\u00eem\u00e9s. Une rencontre qui pourrait tout changer. Amy et Bryan ne s\u2019\u00e9taient jamais vus avant le jour des r\u00e9sultats du bac. Lui s\u2019enlise dans ses addictions pour \u00e9chapper au vide laiss\u00e9 par la mort de son p\u00e8re. Elle porte les cicatrices invisibles de plusieurs ann\u00e9es de harc\u00e8lement, prisonni\u00e8re de ses propres ombres. Ils [&hellip;]<\/p>\n","protected":false},"featured_media":9071,"comment_status":"open","ping_status":"closed","template":"","meta":{"_acf_changed":false,"content-type":""},"product_brand":[],"product_cat":[59],"product_tag":[],"class_list":{"0":"post-9070","1":"product","2":"type-product","3":"status-publish","4":"has-post-thumbnail","6":"product_cat-non-classe","8":"first","9":"instock","10":"taxable","11":"shipping-taxable","12":"purchasable","13":"product-type-simple"},"acf":{"auteur":"","date_parution":null,"bestseller":false,"librairie":false},"aioseo_notices":[],"_links":{"self":[{"href":"https:\/\/butterfly-editions.com\/index.php\/wp-json\/wp\/v2\/product\/9070","targetHints":{"allow":["GET"]}}],"collection":[{"href":"https:\/\/butterfly-editions.com\/index.php\/wp-json\/wp\/v2\/product"}],"about":[{"href":"https:\/\/butterfly-editions.com\/index.php\/wp-json\/wp\/v2\/types\/product"}],"replies":[{"embeddable":true,"href":"https:\/\/butterfly-editions.com\/index.php\/wp-json\/wp\/v2\/comments?post=9070"}],"wp:featuredmedia":[{"embeddable":true,"href":"https:\/\/butterfly-editions.com\/index.php\/wp-json\/wp\/v2\/media\/9071"}],"wp:attachment":[{"href":"https:\/\/butterfly-editions.com\/index.php\/wp-json\/wp\/v2\/media?parent=9070"}],"wp:term":[{"taxonomy":"product_brand","embeddable":true,"href":"https:\/\/butterfly-editions.com\/index.php\/wp-json\/wp\/v2\/product_brand?post=9070"},{"taxonomy":"product_cat","embeddable":true,"href":"https:\/\/butterfly-editions.com\/index.php\/wp-json\/wp\/v2\/product_cat?post=9070"},{"taxonomy":"product_tag","embeddable":true,"href":"https:\/\/butterfly-editions.com\/index.php\/wp-json\/wp\/v2\/product_tag?post=9070"}],"curies":[{"name":"wp","href":"https:\/\/api.w.org\/{rel}","templated":true}]}}