{"id":8260,"date":"2025-06-06T19:19:40","date_gmt":"2025-06-06T18:19:40","guid":{"rendered":"https:\/\/butterfly-editions.com\/?post_type=product&#038;p=8260"},"modified":"2025-07-25T13:53:06","modified_gmt":"2025-07-25T12:53:06","slug":"dark-lies-leana-soal","status":"publish","type":"product","link":"https:\/\/butterfly-editions.com\/index.php\/produit\/dark-lies-leana-soal\/","title":{"rendered":"Dark Lies &#8211; Leana Soal"},"content":{"rendered":"<p><strong>Un amour fort, puissant, inattendu&#8230; mais si proche des t\u00e9n\u00e8bres&#8230;<\/strong><\/p>\n<p>Lily.<br \/>\nChaque jour, elle essaie de survivre sous les coups de son compagnon, le p\u00e8re de son enfant.<br \/>\nChaque jour est peut-\u00eatre le dernier. Jusqu&rsquo;\u00e0 ce que son instinct de survie prenne le dessus.<br \/>\nAu commissariat, elle rencontre Tony, un lieutenant aussi sombre que solitaire, mais d\u00e9termin\u00e9 \u00e0 l&rsquo;aider, la sauver.<br \/>\nMalgr\u00e9 leurs pass\u00e9s respectifs, leurs secrets, leurs f\u00ealures, ils se d\u00e9sirent.<\/p>\n<p><em><span class=\"a-text-italic\">Sortiront-ils indemnes de cette relation ou seront-ils aspir\u00e9s vers les t\u00e9n\u00e8bres ?<\/span><\/em><\/p>\n","protected":false},"excerpt":{"rendered":"<p>Un amour fort, puissant, inattendu&#8230; mais si proche des t\u00e9n\u00e8bres&#8230; Lily. Chaque jour, elle essaie de survivre sous les coups de son compagnon, le p\u00e8re de son enfant. Chaque jour est peut-\u00eatre le dernier. Jusqu&rsquo;\u00e0 ce que son instinct de survie prenne le dessus. Au commissariat, elle rencontre Tony, un lieutenant aussi sombre que solitaire, [&hellip;]<\/p>\n","protected":false},"featured_media":8261,"comment_status":"open","ping_status":"closed","template":"","meta":{"_acf_changed":false,"content-type":""},"product_brand":[],"product_cat":[59],"product_tag":[],"class_list":{"0":"post-8260","1":"product","2":"type-product","3":"status-publish","4":"has-post-thumbnail","6":"product_cat-non-classe","8":"first","9":"instock","10":"taxable","11":"shipping-taxable","12":"purchasable","13":"product-type-simple"},"acf":{"auteur":"","date_parution":null,"bestseller":false,"librairie":false},"aioseo_notices":[],"_links":{"self":[{"href":"https:\/\/butterfly-editions.com\/index.php\/wp-json\/wp\/v2\/product\/8260","targetHints":{"allow":["GET"]}}],"collection":[{"href":"https:\/\/butterfly-editions.com\/index.php\/wp-json\/wp\/v2\/product"}],"about":[{"href":"https:\/\/butterfly-editions.com\/index.php\/wp-json\/wp\/v2\/types\/product"}],"replies":[{"embeddable":true,"href":"https:\/\/butterfly-editions.com\/index.php\/wp-json\/wp\/v2\/comments?post=8260"}],"wp:featuredmedia":[{"embeddable":true,"href":"https:\/\/butterfly-editions.com\/index.php\/wp-json\/wp\/v2\/media\/8261"}],"wp:attachment":[{"href":"https:\/\/butterfly-editions.com\/index.php\/wp-json\/wp\/v2\/media?parent=8260"}],"wp:term":[{"taxonomy":"product_brand","embeddable":true,"href":"https:\/\/butterfly-editions.com\/index.php\/wp-json\/wp\/v2\/product_brand?post=8260"},{"taxonomy":"product_cat","embeddable":true,"href":"https:\/\/butterfly-editions.com\/index.php\/wp-json\/wp\/v2\/product_cat?post=8260"},{"taxonomy":"product_tag","embeddable":true,"href":"https:\/\/butterfly-editions.com\/index.php\/wp-json\/wp\/v2\/product_tag?post=8260"}],"curies":[{"name":"wp","href":"https:\/\/api.w.org\/{rel}","templated":true}]}}