{"id":8258,"date":"2025-06-06T19:15:55","date_gmt":"2025-06-06T18:15:55","guid":{"rendered":"https:\/\/butterfly-editions.com\/?post_type=product&#038;p=8258"},"modified":"2025-07-25T13:53:25","modified_gmt":"2025-07-25T12:53:25","slug":"tatoo-moi-angelina-buchi","status":"publish","type":"product","link":"https:\/\/butterfly-editions.com\/index.php\/produit\/tatoo-moi-angelina-buchi\/","title":{"rendered":"Tatoo-Moi &#8211; Angelina Buchi"},"content":{"rendered":"<p>Il va p\u00e9n\u00e9trer sa peau de son aiguille, mais pas que&#8230;<\/p>\n<p>Ana, jeune maman trentenaire, vit chaque jour l&rsquo;enfer aupr\u00e8s de son mari entre les quatre murs de leur maison. Jusqu&rsquo;au jour o\u00f9 elle d\u00e9couvre l&rsquo;infid\u00e9lit\u00e9 de ce dernier et d\u00e9cide d&rsquo;en finir. Son instinct de survie prend le dessus pour elle, mais surtout pour son fils.<\/p>\n<p>Liam, beau et t\u00e9n\u00e9breux, rythme sa vie entre son boulot et ses conqu\u00eates. Mener une existence bien rang\u00e9e, tr\u00e8s peu pour lui. Jusqu&rsquo;au jour o\u00f9 une belle inconnue, loin de son style habituel, pousse les portes de son salon de tatouage.<\/p>\n<p>S&rsquo;exerce alors entre eux une attraction forte, \u00e0 laquelle il leur est impos\u00e9 de r\u00e9sister. Mais entre l&rsquo;ex-compagnon d&rsquo;Ana et le pass\u00e9 de Liam, le danger r\u00f4de autour d&rsquo;eux&#8230;<\/p>\n","protected":false},"excerpt":{"rendered":"<p>Il va p\u00e9n\u00e9trer sa peau de son aiguille, mais pas que&#8230; Ana, jeune maman trentenaire, vit chaque jour l&rsquo;enfer aupr\u00e8s de son mari entre les quatre murs de leur maison. Jusqu&rsquo;au jour o\u00f9 elle d\u00e9couvre l&rsquo;infid\u00e9lit\u00e9 de ce dernier et d\u00e9cide d&rsquo;en finir. Son instinct de survie prend le dessus pour elle, mais surtout pour [&hellip;]<\/p>\n","protected":false},"featured_media":8259,"comment_status":"open","ping_status":"closed","template":"","meta":{"_acf_changed":false,"content-type":""},"product_brand":[],"product_cat":[59],"product_tag":[],"class_list":{"0":"post-8258","1":"product","2":"type-product","3":"status-publish","4":"has-post-thumbnail","6":"product_cat-non-classe","8":"first","9":"instock","10":"taxable","11":"shipping-taxable","12":"purchasable","13":"product-type-simple"},"acf":{"auteur":"","date_parution":null,"bestseller":false,"librairie":false},"aioseo_notices":[],"_links":{"self":[{"href":"https:\/\/butterfly-editions.com\/index.php\/wp-json\/wp\/v2\/product\/8258","targetHints":{"allow":["GET"]}}],"collection":[{"href":"https:\/\/butterfly-editions.com\/index.php\/wp-json\/wp\/v2\/product"}],"about":[{"href":"https:\/\/butterfly-editions.com\/index.php\/wp-json\/wp\/v2\/types\/product"}],"replies":[{"embeddable":true,"href":"https:\/\/butterfly-editions.com\/index.php\/wp-json\/wp\/v2\/comments?post=8258"}],"wp:featuredmedia":[{"embeddable":true,"href":"https:\/\/butterfly-editions.com\/index.php\/wp-json\/wp\/v2\/media\/8259"}],"wp:attachment":[{"href":"https:\/\/butterfly-editions.com\/index.php\/wp-json\/wp\/v2\/media?parent=8258"}],"wp:term":[{"taxonomy":"product_brand","embeddable":true,"href":"https:\/\/butterfly-editions.com\/index.php\/wp-json\/wp\/v2\/product_brand?post=8258"},{"taxonomy":"product_cat","embeddable":true,"href":"https:\/\/butterfly-editions.com\/index.php\/wp-json\/wp\/v2\/product_cat?post=8258"},{"taxonomy":"product_tag","embeddable":true,"href":"https:\/\/butterfly-editions.com\/index.php\/wp-json\/wp\/v2\/product_tag?post=8258"}],"curies":[{"name":"wp","href":"https:\/\/api.w.org\/{rel}","templated":true}]}}