{"id":8161,"date":"2025-05-14T09:45:05","date_gmt":"2025-05-14T08:45:05","guid":{"rendered":"https:\/\/butterfly-editions.com\/?post_type=product&#038;p=8161"},"modified":"2025-07-25T13:56:22","modified_gmt":"2025-07-25T12:56:22","slug":"les-fragments-de-nos-coeurs-victoria-vermeille","status":"publish","type":"product","link":"https:\/\/butterfly-editions.com\/index.php\/produit\/les-fragments-de-nos-coeurs-victoria-vermeille\/","title":{"rendered":"Les Fragments de nos c\u0153urs &#8211; Victoria Vermeille"},"content":{"rendered":"<p><strong><span class=\"a-text-bold\">Rien ne destinait Laelynne et Lucas \u00e0 se rencontrer, encore moins \u00e0 s\u2019aimer. Mais le destin a parfois un dr\u00f4le de sens de l\u2019humour.<\/span><\/strong><\/p>\n<p>Excentrique et solaire, Laelynne vit chaque jour comme une aventure. Lucas, lui, est un m\u00e9decin m\u00e9thodique, allergique aux impr\u00e9vus&#8230; et aux chiens qu\u2019elle adore. Tout les oppose : elle ne porte que des couleurs vives, il ne jure que par le noir. Et pourtant&#8230; peu \u00e0 peu, leurs diff\u00e9rences vont s\u2019effacer et ils vont s\u2019apprivoiser et d\u00e9velopper des sentiments profonds et sinc\u00e8res.<\/p>\n<p>Mais l\u2019amour suffit-il face aux temp\u00eates de la vie ? Lorsqu\u2019une \u00e9preuve inattendue vient tout remettre en question, nos h\u00e9ros devront se battre pour ne pas se perdre.<\/p>\n<p><em><span class=\"a-text-italic\">Entre r\u00e9silience et d\u00e9sespoir, Laelynne et Lucas devront trouver la force de surmonter l\u2019insurmontable.<\/span><\/em><\/p>\n","protected":false},"excerpt":{"rendered":"<p>Rien ne destinait Laelynne et Lucas \u00e0 se rencontrer, encore moins \u00e0 s\u2019aimer. Mais le destin a parfois un dr\u00f4le de sens de l\u2019humour. Excentrique et solaire, Laelynne vit chaque jour comme une aventure. Lucas, lui, est un m\u00e9decin m\u00e9thodique, allergique aux impr\u00e9vus&#8230; et aux chiens qu\u2019elle adore. Tout les oppose : elle ne porte [&hellip;]<\/p>\n","protected":false},"featured_media":8162,"comment_status":"open","ping_status":"closed","template":"","meta":{"_acf_changed":false,"content-type":""},"product_brand":[],"product_cat":[59],"product_tag":[],"class_list":{"0":"post-8161","1":"product","2":"type-product","3":"status-publish","4":"has-post-thumbnail","6":"product_cat-non-classe","8":"first","9":"instock","10":"taxable","11":"shipping-taxable","12":"purchasable","13":"product-type-simple"},"acf":{"auteur":"","date_parution":null,"bestseller":false,"librairie":false},"aioseo_notices":[],"_links":{"self":[{"href":"https:\/\/butterfly-editions.com\/index.php\/wp-json\/wp\/v2\/product\/8161","targetHints":{"allow":["GET"]}}],"collection":[{"href":"https:\/\/butterfly-editions.com\/index.php\/wp-json\/wp\/v2\/product"}],"about":[{"href":"https:\/\/butterfly-editions.com\/index.php\/wp-json\/wp\/v2\/types\/product"}],"replies":[{"embeddable":true,"href":"https:\/\/butterfly-editions.com\/index.php\/wp-json\/wp\/v2\/comments?post=8161"}],"wp:featuredmedia":[{"embeddable":true,"href":"https:\/\/butterfly-editions.com\/index.php\/wp-json\/wp\/v2\/media\/8162"}],"wp:attachment":[{"href":"https:\/\/butterfly-editions.com\/index.php\/wp-json\/wp\/v2\/media?parent=8161"}],"wp:term":[{"taxonomy":"product_brand","embeddable":true,"href":"https:\/\/butterfly-editions.com\/index.php\/wp-json\/wp\/v2\/product_brand?post=8161"},{"taxonomy":"product_cat","embeddable":true,"href":"https:\/\/butterfly-editions.com\/index.php\/wp-json\/wp\/v2\/product_cat?post=8161"},{"taxonomy":"product_tag","embeddable":true,"href":"https:\/\/butterfly-editions.com\/index.php\/wp-json\/wp\/v2\/product_tag?post=8161"}],"curies":[{"name":"wp","href":"https:\/\/api.w.org\/{rel}","templated":true}]}}