{"id":7812,"date":"2025-03-06T11:56:24","date_gmt":"2025-03-06T10:56:24","guid":{"rendered":"https:\/\/butterfly-editions.com\/?post_type=product&#038;p=7812"},"modified":"2025-07-25T13:58:18","modified_gmt":"2025-07-25T12:58:18","slug":"dix-ans-plus-tard-laura-reed","status":"publish","type":"product","link":"https:\/\/butterfly-editions.com\/index.php\/produit\/dix-ans-plus-tard-laura-reed\/","title":{"rendered":"Dix ans plus tard &#8211; Laura Reed"},"content":{"rendered":"<p><strong><span class=\"a-text-bold\">Quand deux \u00e2mes s\u0153urs, s\u00e9par\u00e9es par des ann\u00e9es de rancune et de mensonges, se retrouvent, la tension devient hautement palpable !<\/span><\/strong><\/p>\n<p>Dix ans plus t\u00f4t, Brie, plaqu\u00e9e de la pire des fa\u00e7ons, fuit pour suivre des \u00e9tudes litt\u00e9raires \u00e0 New York.<\/p>\n<p>Aujourd\u2019hui, son pass\u00e9 se rappelle \u00e0 elle. \u00c0 la suite du d\u00e9c\u00e8s de sa grand-m\u00e8re, la voil\u00e0 de retour \u00e0 Breckenridge.<\/p>\n<p>Entre retrouvailles avec sa meilleure amie et rencontres inattendues, elle se sent enfin \u00e0 nouveau \u00e0 sa place.<\/p>\n<p>Mais quelle n\u2019est pas sa surprise d\u2019apprendre qu\u2019Ash, son ex-petit ami, dont elle est toujours amoureuse, h\u00e9rite d\u2019une partie de la fortune familiale !<\/p>\n<p>Pourquoi ne pas l\u2019avoir pr\u00e9venue de la maladie de sa grand-m\u00e8re ? Pourquoi s\u2019est-il montr\u00e9 si cruel, dix ans plus t\u00f4t ? Quels autres secrets lui cache-t-il ?<\/p>\n<p>&nbsp;<\/p>\n<p><span class=\"a-text-italic\">Entre Brie et Ash, \u00e7\u2019a toujours \u00e9t\u00e9 une \u00e9vidence, mais l\u2019amour sera-t-il suffisant ?<\/span><\/p>\n","protected":false},"excerpt":{"rendered":"<p>Quand deux \u00e2mes s\u0153urs, s\u00e9par\u00e9es par des ann\u00e9es de rancune et de mensonges, se retrouvent, la tension devient hautement palpable ! Dix ans plus t\u00f4t, Brie, plaqu\u00e9e de la pire des fa\u00e7ons, fuit pour suivre des \u00e9tudes litt\u00e9raires \u00e0 New York. Aujourd\u2019hui, son pass\u00e9 se rappelle \u00e0 elle. \u00c0 la suite du d\u00e9c\u00e8s de sa [&hellip;]<\/p>\n","protected":false},"featured_media":7813,"comment_status":"open","ping_status":"closed","template":"","meta":{"_acf_changed":false,"content-type":""},"product_brand":[],"product_cat":[59],"product_tag":[],"class_list":{"0":"post-7812","1":"product","2":"type-product","3":"status-publish","4":"has-post-thumbnail","6":"product_cat-non-classe","8":"first","9":"instock","10":"taxable","11":"shipping-taxable","12":"purchasable","13":"product-type-simple"},"acf":{"auteur":"","date_parution":null,"bestseller":false,"librairie":false},"aioseo_notices":[],"_links":{"self":[{"href":"https:\/\/butterfly-editions.com\/index.php\/wp-json\/wp\/v2\/product\/7812","targetHints":{"allow":["GET"]}}],"collection":[{"href":"https:\/\/butterfly-editions.com\/index.php\/wp-json\/wp\/v2\/product"}],"about":[{"href":"https:\/\/butterfly-editions.com\/index.php\/wp-json\/wp\/v2\/types\/product"}],"replies":[{"embeddable":true,"href":"https:\/\/butterfly-editions.com\/index.php\/wp-json\/wp\/v2\/comments?post=7812"}],"wp:featuredmedia":[{"embeddable":true,"href":"https:\/\/butterfly-editions.com\/index.php\/wp-json\/wp\/v2\/media\/7813"}],"wp:attachment":[{"href":"https:\/\/butterfly-editions.com\/index.php\/wp-json\/wp\/v2\/media?parent=7812"}],"wp:term":[{"taxonomy":"product_brand","embeddable":true,"href":"https:\/\/butterfly-editions.com\/index.php\/wp-json\/wp\/v2\/product_brand?post=7812"},{"taxonomy":"product_cat","embeddable":true,"href":"https:\/\/butterfly-editions.com\/index.php\/wp-json\/wp\/v2\/product_cat?post=7812"},{"taxonomy":"product_tag","embeddable":true,"href":"https:\/\/butterfly-editions.com\/index.php\/wp-json\/wp\/v2\/product_tag?post=7812"}],"curies":[{"name":"wp","href":"https:\/\/api.w.org\/{rel}","templated":true}]}}