{"id":7810,"date":"2025-03-06T11:51:18","date_gmt":"2025-03-06T10:51:18","guid":{"rendered":"https:\/\/butterfly-editions.com\/?post_type=product&#038;p=7810"},"modified":"2026-01-29T12:19:52","modified_gmt":"2026-01-29T11:19:52","slug":"mon-boss-le-pire-pote-de-mon-frere-lila-collins-2025","status":"publish","type":"product","link":"https:\/\/butterfly-editions.com\/index.php\/produit\/mon-boss-le-pire-pote-de-mon-frere-lila-collins-2025\/","title":{"rendered":"Mon boss&#8230; le pire pote de mon fr\u00e8re !"},"content":{"rendered":"<p><strong><span class=\"a-text-bold\">Il est son BOSS.<\/span><\/strong><\/p>\n<p><strong><span class=\"a-text-bold\">Elle repr\u00e9sente son plus gros interdit : la petite s\u0153ur de son meilleur ami.<\/span><\/strong><\/p>\n<p>Lucas s\u2019\u00e9tait promis de ne plus jamais poser sa bouche sur celle de Charlotte, la s\u0153ur cadette de son pote de toujours, la peste hautement sexy qui le pousse dans ses pires retranchements.<\/p>\n<p>Malheureusement, elle a besoin d\u2019un job, et lui, d\u2019une\u00a0<span class=\"a-text-italic\">community manager<\/span>\u00a0en qui il puisse avoir pleinement confiance pour relancer un nouveau projet professionnel. Le\u00a0<span class=\"a-text-italic\">deal<\/span>\u00a0est simple : boulot, boulot et&#8230; boulot !<\/p>\n<p>Sauf que&#8230; la croiser chaque jour rel\u00e8ve d\u2019un supplice sans nom. Elle met son\u00a0<span class=\"a-text-italic\">self-<\/span>control \u00e0 mal, il l\u2019attire comme personne.<\/p>\n<p>Il ne doit juste pas oublier un tr\u00e8s l\u00e9ger d\u00e9tail : le\u00a0<span class=\"a-text-italic\">brocode<\/span>\u00a0qui le lie \u00e0 Thomas, son frangin de c\u0153ur&#8230; Sa petite s\u0153ur, il a jur\u00e9 de ne plus jamais la toucher.<\/p>\n<p><em><span class=\"a-text-italic\">Jamais.<\/span><\/em><\/p>\n","protected":false},"excerpt":{"rendered":"<p>Il est son BOSS. Elle repr\u00e9sente son plus gros interdit : la petite s\u0153ur de son meilleur ami. Lucas s\u2019\u00e9tait promis de ne plus jamais poser sa bouche sur celle de Charlotte, la s\u0153ur cadette de son pote de toujours, la peste hautement sexy qui le pousse dans ses pires retranchements. Malheureusement, elle a besoin [&hellip;]<\/p>\n","protected":false},"featured_media":7811,"comment_status":"open","ping_status":"closed","template":"","meta":{"_acf_changed":false,"content-type":""},"product_brand":[],"product_cat":[461],"product_tag":[],"class_list":{"0":"post-7810","1":"product","2":"type-product","3":"status-publish","4":"has-post-thumbnail","6":"product_cat-romance-contemporaine","8":"first","9":"instock","10":"taxable","11":"shipping-taxable","12":"purchasable","13":"product-type-variable"},"acf":{"auteur":"Lila Collins","date_parution":"20221021","bestseller":true,"librairie":false},"aioseo_notices":[],"_links":{"self":[{"href":"https:\/\/butterfly-editions.com\/index.php\/wp-json\/wp\/v2\/product\/7810","targetHints":{"allow":["GET"]}}],"collection":[{"href":"https:\/\/butterfly-editions.com\/index.php\/wp-json\/wp\/v2\/product"}],"about":[{"href":"https:\/\/butterfly-editions.com\/index.php\/wp-json\/wp\/v2\/types\/product"}],"replies":[{"embeddable":true,"href":"https:\/\/butterfly-editions.com\/index.php\/wp-json\/wp\/v2\/comments?post=7810"}],"wp:featuredmedia":[{"embeddable":true,"href":"https:\/\/butterfly-editions.com\/index.php\/wp-json\/wp\/v2\/media\/7811"}],"wp:attachment":[{"href":"https:\/\/butterfly-editions.com\/index.php\/wp-json\/wp\/v2\/media?parent=7810"}],"wp:term":[{"taxonomy":"product_brand","embeddable":true,"href":"https:\/\/butterfly-editions.com\/index.php\/wp-json\/wp\/v2\/product_brand?post=7810"},{"taxonomy":"product_cat","embeddable":true,"href":"https:\/\/butterfly-editions.com\/index.php\/wp-json\/wp\/v2\/product_cat?post=7810"},{"taxonomy":"product_tag","embeddable":true,"href":"https:\/\/butterfly-editions.com\/index.php\/wp-json\/wp\/v2\/product_tag?post=7810"}],"curies":[{"name":"wp","href":"https:\/\/api.w.org\/{rel}","templated":true}]}}