{"id":7320,"date":"2024-11-19T16:59:13","date_gmt":"2024-11-19T15:59:13","guid":{"rendered":"https:\/\/butterfly-editions.com\/?post_type=product&#038;p=7320"},"modified":"2024-11-19T16:59:13","modified_gmt":"2024-11-19T15:59:13","slug":"mon-pire-crush-mon-stepbrother-eva-baldaras","status":"publish","type":"product","link":"https:\/\/butterfly-editions.com\/index.php\/produit\/mon-pire-crush-mon-stepbrother-eva-baldaras\/","title":{"rendered":"Mon pire crush, mon stepbrother &#8211; Eva Baldaras"},"content":{"rendered":"<p><strong><span class=\"a-text-bold\">Vivre avec son nouveau stepbrother ?\u00a0<\/span><span class=\"a-text-bold a-text-italic\">Fausse bonne id\u00e9e.<\/span><\/strong><\/p>\n<p><strong><span class=\"a-text-bold\">R\u00e9sister \u00e0 son charme\u00a0<\/span><span class=\"a-text-bold a-text-italic\">? Joker&#8230;<\/span><\/strong><\/p>\n<p>Lisa d\u00e9cide de partir faire ses \u00e9tudes en criminologie \u00e0 Montr\u00e9al.<\/p>\n<p>\u00c0 contre-c\u0153ur, elle s\u2019installe chez son p\u00e8re biologique pour apprendre \u00e0 mieux le conna\u00eetre.<\/p>\n<p><span class=\"a-text-italic\">Seul hic ?<\/span>\u00a0Il h\u00e9berge Chris, le fils de son ex-femme, le capitaine de l\u2019\u00e9quipe de hockey de l\u2019universit\u00e9. Arrogant, ing\u00e9rable, d\u00e9testable et sexy, la cohabitation s\u2019annonce compliqu\u00e9e.<\/p>\n<p>Rapidement, un jeu dangereux s\u2019installe entre les deux. Elle se promet une chose, ne pas succomber.<\/p>\n<p><em><span class=\"a-text-italic\">Mais comment r\u00e9sister \u00e0 l\u2019interdit quand il dort dans la chambre voisine ?<\/span><\/em><\/p>\n","protected":false},"excerpt":{"rendered":"<p>Vivre avec son nouveau stepbrother ?\u00a0Fausse bonne id\u00e9e. R\u00e9sister \u00e0 son charme\u00a0? Joker&#8230; Lisa d\u00e9cide de partir faire ses \u00e9tudes en criminologie \u00e0 Montr\u00e9al. \u00c0 contre-c\u0153ur, elle s\u2019installe chez son p\u00e8re biologique pour apprendre \u00e0 mieux le conna\u00eetre. Seul hic ?\u00a0Il h\u00e9berge Chris, le fils de son ex-femme, le capitaine de l\u2019\u00e9quipe de hockey de [&hellip;]<\/p>\n","protected":false},"featured_media":7322,"comment_status":"open","ping_status":"closed","template":"","meta":{"_acf_changed":false,"content-type":""},"product_brand":[],"product_cat":[59],"product_tag":[],"class_list":{"0":"post-7320","1":"product","2":"type-product","3":"status-publish","4":"has-post-thumbnail","6":"product_cat-non-classe","8":"first","9":"instock","10":"taxable","11":"shipping-taxable","12":"purchasable","13":"product-type-simple"},"acf":{"auteur":"","date_parution":null,"bestseller":false,"librairie":false},"aioseo_notices":[],"_links":{"self":[{"href":"https:\/\/butterfly-editions.com\/index.php\/wp-json\/wp\/v2\/product\/7320","targetHints":{"allow":["GET"]}}],"collection":[{"href":"https:\/\/butterfly-editions.com\/index.php\/wp-json\/wp\/v2\/product"}],"about":[{"href":"https:\/\/butterfly-editions.com\/index.php\/wp-json\/wp\/v2\/types\/product"}],"replies":[{"embeddable":true,"href":"https:\/\/butterfly-editions.com\/index.php\/wp-json\/wp\/v2\/comments?post=7320"}],"wp:featuredmedia":[{"embeddable":true,"href":"https:\/\/butterfly-editions.com\/index.php\/wp-json\/wp\/v2\/media\/7322"}],"wp:attachment":[{"href":"https:\/\/butterfly-editions.com\/index.php\/wp-json\/wp\/v2\/media?parent=7320"}],"wp:term":[{"taxonomy":"product_brand","embeddable":true,"href":"https:\/\/butterfly-editions.com\/index.php\/wp-json\/wp\/v2\/product_brand?post=7320"},{"taxonomy":"product_cat","embeddable":true,"href":"https:\/\/butterfly-editions.com\/index.php\/wp-json\/wp\/v2\/product_cat?post=7320"},{"taxonomy":"product_tag","embeddable":true,"href":"https:\/\/butterfly-editions.com\/index.php\/wp-json\/wp\/v2\/product_tag?post=7320"}],"curies":[{"name":"wp","href":"https:\/\/api.w.org\/{rel}","templated":true}]}}