{"id":6882,"date":"2024-09-01T13:46:37","date_gmt":"2024-09-01T12:46:37","guid":{"rendered":"https:\/\/butterfly-editions.com\/?post_type=product&#038;p=6882"},"modified":"2024-09-01T13:47:26","modified_gmt":"2024-09-01T12:47:26","slug":"brutal-lil-evans","status":"publish","type":"product","link":"https:\/\/butterfly-editions.com\/index.php\/produit\/brutal-lil-evans\/","title":{"rendered":"Brutal &#8211; Lil Evans"},"content":{"rendered":"<p><strong>Il n\u2019a jamais \u00e9t\u00e9 aussi proche de sa lib\u00e9ration.<\/p>\n<p>Elle n\u2019a jamais \u00e9t\u00e9 autant attir\u00e9e par un homme.<\/p>\n<p>\u00c0 quelques jours de sa sortie, il risque le pire&#8230; comme le meilleur&#8230; elle.<\/strong><\/p>\n<p>Ash arrive au bout de sa peine. La prison, il y a pass\u00e9 la moiti\u00e9 de sa vie. En pleine canicule, tout en s&rsquo;effor\u00e7ant de survivre dans cet enfer, un rayon de soleil d\u00e9barque. Isla. Quelques minutes pass\u00e9es ensemble et il comprend que son univers risque de voler en \u00e9clats.<\/p>\n<p>Isla, biblioth\u00e9caire, a \u00e9t\u00e9 assign\u00e9e au p\u00e9nitencier de Rockwoods, l&rsquo;un des plus dangereux du pays. Bien d\u00e9cid\u00e9e \u00e0 faire r\u00e9gner l&rsquo;ordre dans son nouveau fief, elle devient rapidement la cible des pires criminels.<\/p>\n<p>Apeur\u00e9e par ces hommes sans foi ni loi, elle pourra toutefois compter sur la protection d&rsquo;Ash, ce bad boy qui l&rsquo;a intrigu\u00e9e d\u00e8s le premier regard. Celui qui a d\u00e9cid\u00e9 de la prot\u00e9ger co\u00fbte que co\u00fbte et qui l&rsquo;attire de plus en plus&#8230;<\/p>\n<p><em>Mais \u00e0 quel prix ?<\/em><\/p>\n","protected":false},"excerpt":{"rendered":"<p>Il n\u2019a jamais \u00e9t\u00e9 aussi proche de sa lib\u00e9ration. Elle n\u2019a jamais \u00e9t\u00e9 autant attir\u00e9e par un homme. \u00c0 quelques jours de sa sortie, il risque le pire&#8230; comme le meilleur&#8230; elle. Ash arrive au bout de sa peine. La prison, il y a pass\u00e9 la moiti\u00e9 de sa vie. En pleine canicule, tout en [&hellip;]<\/p>\n","protected":false},"featured_media":6915,"comment_status":"open","ping_status":"closed","template":"","meta":{"_acf_changed":false,"content-type":""},"product_brand":[],"product_cat":[59],"product_tag":[],"class_list":{"0":"post-6882","1":"product","2":"type-product","3":"status-publish","4":"has-post-thumbnail","6":"product_cat-non-classe","8":"first","9":"onbackorder","10":"taxable","11":"shipping-taxable","12":"purchasable","13":"product-type-simple"},"acf":{"auteur":"","date_parution":null,"bestseller":false,"librairie":false},"aioseo_notices":[],"_links":{"self":[{"href":"https:\/\/butterfly-editions.com\/index.php\/wp-json\/wp\/v2\/product\/6882","targetHints":{"allow":["GET"]}}],"collection":[{"href":"https:\/\/butterfly-editions.com\/index.php\/wp-json\/wp\/v2\/product"}],"about":[{"href":"https:\/\/butterfly-editions.com\/index.php\/wp-json\/wp\/v2\/types\/product"}],"replies":[{"embeddable":true,"href":"https:\/\/butterfly-editions.com\/index.php\/wp-json\/wp\/v2\/comments?post=6882"}],"wp:featuredmedia":[{"embeddable":true,"href":"https:\/\/butterfly-editions.com\/index.php\/wp-json\/wp\/v2\/media\/6915"}],"wp:attachment":[{"href":"https:\/\/butterfly-editions.com\/index.php\/wp-json\/wp\/v2\/media?parent=6882"}],"wp:term":[{"taxonomy":"product_brand","embeddable":true,"href":"https:\/\/butterfly-editions.com\/index.php\/wp-json\/wp\/v2\/product_brand?post=6882"},{"taxonomy":"product_cat","embeddable":true,"href":"https:\/\/butterfly-editions.com\/index.php\/wp-json\/wp\/v2\/product_cat?post=6882"},{"taxonomy":"product_tag","embeddable":true,"href":"https:\/\/butterfly-editions.com\/index.php\/wp-json\/wp\/v2\/product_tag?post=6882"}],"curies":[{"name":"wp","href":"https:\/\/api.w.org\/{rel}","templated":true}]}}