{"id":6878,"date":"2024-09-01T13:46:37","date_gmt":"2024-09-01T12:46:37","guid":{"rendered":"https:\/\/butterfly-editions.com\/?post_type=product&#038;p=6878"},"modified":"2024-09-01T13:47:19","modified_gmt":"2024-09-01T12:47:19","slug":"inaccessible-serie-4playclub-t2-julia-teis","status":"publish","type":"product","link":"https:\/\/butterfly-editions.com\/index.php\/produit\/inaccessible-serie-4playclub-t2-julia-teis\/","title":{"rendered":"In(accessible) &#8211; S\u00e9rie 4PlayClub T2 &#8211; Julia Teis"},"content":{"rendered":"<p><strong>Un videur d\u00e9vou\u00e9.<\/p>\n<p>Une stripteaseuse secr\u00e8te.<\/p>\n<p>Un amour \u00e0 sens unique ?<\/strong><\/p>\n<p>Stella, stripteaseuse au 4play Club, est pr\u00eate \u00e0 tout pour sortir, elle et sa jumelle, de leur enfer personnel. Elle ne pense qu\u2019\u00e0 leur survie et occultent tout le reste. Pourtant, il devient de plus en plus difficile de contenir son attirance pour le beau videur, un homme incroyablement attirant&#8230;<\/p>\n<p>Apr\u00e8s des mois \u00e0 esp\u00e9rer un peu d&rsquo;attention de la part de la Stella, Ryan d\u00e9cide de faire une croix sur le doux r\u00eave d&rsquo;avoir une relation avec la jeune femme.<\/p>\n<p>Mais alors que l&rsquo;\u00e9tau se resserre autour d&rsquo;elle, il envoie valser ses bonnes r\u00e9solutions pour venir lui venir en aide, quitte \u00e0 mentir \u00e0 la police.<\/p>\n<p><em>Pourront-ils vivre leur amour aux yeux de tous ou la r\u00e9alit\u00e9 les rattrapera-t-elle ?<\/em><\/p>\n","protected":false},"excerpt":{"rendered":"<p>Un videur d\u00e9vou\u00e9. Une stripteaseuse secr\u00e8te. Un amour \u00e0 sens unique ? Stella, stripteaseuse au 4play Club, est pr\u00eate \u00e0 tout pour sortir, elle et sa jumelle, de leur enfer personnel. Elle ne pense qu\u2019\u00e0 leur survie et occultent tout le reste. Pourtant, il devient de plus en plus difficile de contenir son attirance pour [&hellip;]<\/p>\n","protected":false},"featured_media":6911,"comment_status":"open","ping_status":"closed","template":"","meta":{"_acf_changed":false,"content-type":""},"product_brand":[],"product_cat":[59],"product_tag":[],"class_list":{"0":"post-6878","1":"product","2":"type-product","3":"status-publish","4":"has-post-thumbnail","6":"product_cat-non-classe","8":"first","9":"instock","10":"taxable","11":"shipping-taxable","12":"purchasable","13":"product-type-simple"},"acf":{"auteur":"","date_parution":null,"bestseller":false,"librairie":false},"aioseo_notices":[],"_links":{"self":[{"href":"https:\/\/butterfly-editions.com\/index.php\/wp-json\/wp\/v2\/product\/6878","targetHints":{"allow":["GET"]}}],"collection":[{"href":"https:\/\/butterfly-editions.com\/index.php\/wp-json\/wp\/v2\/product"}],"about":[{"href":"https:\/\/butterfly-editions.com\/index.php\/wp-json\/wp\/v2\/types\/product"}],"replies":[{"embeddable":true,"href":"https:\/\/butterfly-editions.com\/index.php\/wp-json\/wp\/v2\/comments?post=6878"}],"wp:featuredmedia":[{"embeddable":true,"href":"https:\/\/butterfly-editions.com\/index.php\/wp-json\/wp\/v2\/media\/6911"}],"wp:attachment":[{"href":"https:\/\/butterfly-editions.com\/index.php\/wp-json\/wp\/v2\/media?parent=6878"}],"wp:term":[{"taxonomy":"product_brand","embeddable":true,"href":"https:\/\/butterfly-editions.com\/index.php\/wp-json\/wp\/v2\/product_brand?post=6878"},{"taxonomy":"product_cat","embeddable":true,"href":"https:\/\/butterfly-editions.com\/index.php\/wp-json\/wp\/v2\/product_cat?post=6878"},{"taxonomy":"product_tag","embeddable":true,"href":"https:\/\/butterfly-editions.com\/index.php\/wp-json\/wp\/v2\/product_tag?post=6878"}],"curies":[{"name":"wp","href":"https:\/\/api.w.org\/{rel}","templated":true}]}}