{"id":6826,"date":"2024-09-01T13:45:46","date_gmt":"2024-09-01T12:45:46","guid":{"rendered":"https:\/\/butterfly-editions.com\/?post_type=product&#038;p=6826"},"modified":"2026-01-29T11:10:56","modified_gmt":"2026-01-29T10:10:56","slug":"be-my-lover-hedgye-canyon","status":"publish","type":"product","link":"https:\/\/butterfly-editions.com\/index.php\/produit\/be-my-lover-hedgye-canyon\/","title":{"rendered":"Be my lover"},"content":{"rendered":"<p><strong>Elle le voit comme un ami.<\/strong><\/p>\n<p>Il la d\u00e9sire en secret.<\/p>\n<p>Castille et Ruben sont ins\u00e9parables depuis de longues ann\u00e9es. Complices, \u00e0 l&rsquo;\u00e9coute l&rsquo;un de l&rsquo;autre, ils se disent tout.<\/p>\n<p>Persuad\u00e9e que son meilleur ami est gay, elle pense ce dernier pr\u00eat \u00e0 tout pour l\u2019aider \u00e0 conqu\u00e9rir le c\u0153ur de Gabin, le capitaine de l\u2019\u00e9quipe de basket du lyc\u00e9e. Jusqu\u2019au jour o\u00f9 Ruben, secr\u00e8tement amoureux de Castille, d\u00e9cide d\u2019avancer et de se rapprocher de la belle Alice&#8230;<\/p>\n<p>Un malaise s\u2019installe alors entre les deux amis de toujours. Entre jalousie et coups bas, leur relation risque de conna\u00eetre de gros bouleversements.<\/p>\n<p><em>Et si le v\u00e9ritable amour n\u2019\u00e9tait pas celui que l\u2019on imaginait ?<\/em><\/p>\n","protected":false},"excerpt":{"rendered":"<p>Elle le voit comme un ami. Il la d\u00e9sire en secret. Castille et Ruben sont ins\u00e9parables depuis de longues ann\u00e9es. Complices, \u00e0 l&rsquo;\u00e9coute l&rsquo;un de l&rsquo;autre, ils se disent tout. Persuad\u00e9e que son meilleur ami est gay, elle pense ce dernier pr\u00eat \u00e0 tout pour l\u2019aider \u00e0 conqu\u00e9rir le c\u0153ur de Gabin, le capitaine de [&hellip;]<\/p>\n","protected":false},"featured_media":6883,"comment_status":"open","ping_status":"closed","template":"","meta":{"_acf_changed":false,"content-type":""},"product_brand":[],"product_cat":[462],"product_tag":[],"class_list":{"0":"post-6826","1":"product","2":"type-product","3":"status-publish","4":"has-post-thumbnail","6":"product_cat-young-adult","8":"first","9":"instock","10":"taxable","11":"shipping-taxable","12":"purchasable","13":"product-type-variable"},"acf":{"auteur":"Hedgye Canyon","date_parution":"20220916","bestseller":false,"librairie":false},"aioseo_notices":[],"_links":{"self":[{"href":"https:\/\/butterfly-editions.com\/index.php\/wp-json\/wp\/v2\/product\/6826","targetHints":{"allow":["GET"]}}],"collection":[{"href":"https:\/\/butterfly-editions.com\/index.php\/wp-json\/wp\/v2\/product"}],"about":[{"href":"https:\/\/butterfly-editions.com\/index.php\/wp-json\/wp\/v2\/types\/product"}],"replies":[{"embeddable":true,"href":"https:\/\/butterfly-editions.com\/index.php\/wp-json\/wp\/v2\/comments?post=6826"}],"wp:featuredmedia":[{"embeddable":true,"href":"https:\/\/butterfly-editions.com\/index.php\/wp-json\/wp\/v2\/media\/6883"}],"wp:attachment":[{"href":"https:\/\/butterfly-editions.com\/index.php\/wp-json\/wp\/v2\/media?parent=6826"}],"wp:term":[{"taxonomy":"product_brand","embeddable":true,"href":"https:\/\/butterfly-editions.com\/index.php\/wp-json\/wp\/v2\/product_brand?post=6826"},{"taxonomy":"product_cat","embeddable":true,"href":"https:\/\/butterfly-editions.com\/index.php\/wp-json\/wp\/v2\/product_cat?post=6826"},{"taxonomy":"product_tag","embeddable":true,"href":"https:\/\/butterfly-editions.com\/index.php\/wp-json\/wp\/v2\/product_tag?post=6826"}],"curies":[{"name":"wp","href":"https:\/\/api.w.org\/{rel}","templated":true}]}}