{"id":6816,"date":"2024-09-01T13:45:45","date_gmt":"2024-09-01T12:45:45","guid":{"rendered":"https:\/\/butterfly-editions.com\/?post_type=product&#038;p=6816"},"modified":"2024-09-01T13:46:18","modified_gmt":"2024-09-01T12:46:18","slug":"jchte-ker-moi-non-plus-caroline-sauvage","status":"publish","type":"product","link":"https:\/\/butterfly-editions.com\/index.php\/produit\/jchte-ker-moi-non-plus-caroline-sauvage\/","title":{"rendered":"J&rsquo;chte ker moi non plus &#8211; Caroline Sauvage"},"content":{"rendered":"<p><strong>Ils se promettent une nuit, rien de plus&#8230;<\/strong><\/p>\n<p>Declan, sexy, charmeur, et totalement irr\u00e9sistible, encha\u00eene les d\u00e9sillusions. Venant de subir celle de trop, il croise la route de Z\u00e9lie, jolie Lilloise, dans un bar.<\/p>\n<p>Cette derni\u00e8re subit malchance sur malchance : apr\u00e8s avoir perdu un job de plus, elle vient de d\u00e9couvrir son compagnon dans leur lit avec une autre ! Quoi de mieux que de se venger du destin et d\u2019oublier son chagrin dans les bras d\u2019un parfait inconnu ?<\/p>\n<p>Entre eux, l\u2019attirance est imm\u00e9diate, puissante, renversante. Leur deal est parfait : une nuit, rien de plus. Juste du sexe et beaucoup de plaisir !<\/p>\n<p>Et si le destin les poussait \u00e0 se croiser \u00e0 nouveau, quelques semaines plus tard, en plein c\u0153ur de Miami ?<\/p>\n<p><em>Une chose est certaine : les r\u00e8gles du jeu risquent de changer !<\/em><\/p>\n","protected":false},"excerpt":{"rendered":"<p>Ils se promettent une nuit, rien de plus&#8230; Declan, sexy, charmeur, et totalement irr\u00e9sistible, encha\u00eene les d\u00e9sillusions. Venant de subir celle de trop, il croise la route de Z\u00e9lie, jolie Lilloise, dans un bar. Cette derni\u00e8re subit malchance sur malchance : apr\u00e8s avoir perdu un job de plus, elle vient de d\u00e9couvrir son compagnon dans [&hellip;]<\/p>\n","protected":false},"featured_media":6859,"comment_status":"open","ping_status":"closed","template":"","meta":{"_acf_changed":false,"content-type":""},"product_brand":[],"product_cat":[59],"product_tag":[],"class_list":{"0":"post-6816","1":"product","2":"type-product","3":"status-publish","4":"has-post-thumbnail","6":"product_cat-non-classe","8":"first","9":"instock","10":"taxable","11":"shipping-taxable","12":"purchasable","13":"product-type-simple"},"acf":{"auteur":"","date_parution":null,"bestseller":false,"librairie":false},"aioseo_notices":[],"_links":{"self":[{"href":"https:\/\/butterfly-editions.com\/index.php\/wp-json\/wp\/v2\/product\/6816","targetHints":{"allow":["GET"]}}],"collection":[{"href":"https:\/\/butterfly-editions.com\/index.php\/wp-json\/wp\/v2\/product"}],"about":[{"href":"https:\/\/butterfly-editions.com\/index.php\/wp-json\/wp\/v2\/types\/product"}],"replies":[{"embeddable":true,"href":"https:\/\/butterfly-editions.com\/index.php\/wp-json\/wp\/v2\/comments?post=6816"}],"wp:featuredmedia":[{"embeddable":true,"href":"https:\/\/butterfly-editions.com\/index.php\/wp-json\/wp\/v2\/media\/6859"}],"wp:attachment":[{"href":"https:\/\/butterfly-editions.com\/index.php\/wp-json\/wp\/v2\/media?parent=6816"}],"wp:term":[{"taxonomy":"product_brand","embeddable":true,"href":"https:\/\/butterfly-editions.com\/index.php\/wp-json\/wp\/v2\/product_brand?post=6816"},{"taxonomy":"product_cat","embeddable":true,"href":"https:\/\/butterfly-editions.com\/index.php\/wp-json\/wp\/v2\/product_cat?post=6816"},{"taxonomy":"product_tag","embeddable":true,"href":"https:\/\/butterfly-editions.com\/index.php\/wp-json\/wp\/v2\/product_tag?post=6816"}],"curies":[{"name":"wp","href":"https:\/\/api.w.org\/{rel}","templated":true}]}}