{"id":6814,"date":"2024-09-01T13:45:45","date_gmt":"2024-09-01T12:45:45","guid":{"rendered":"https:\/\/butterfly-editions.com\/?post_type=product&#038;p=6814"},"modified":"2024-09-01T13:46:15","modified_gmt":"2024-09-01T12:46:15","slug":"a-travers-ta-voix-marine-hope","status":"publish","type":"product","link":"https:\/\/butterfly-editions.com\/index.php\/produit\/a-travers-ta-voix-marine-hope\/","title":{"rendered":"A travers ta voix &#8211; Marine Hope"},"content":{"rendered":"<p>Eden a tout pour lui. Beau, sexy, il est l\u2019animateur phare de l\u2019\u00e9mission pop la plus en vogue de Londres. Seul b\u00e9mol, et pas des moindres : il perd progressivement la vue.<\/p>\n<p>Heather cumule les jobs. Aide \u00e0 domicile, elle ne cesse de tomber sur des patients borderline. Quant \u00e0 sa vie amoureuse, elle n\u2019est de loin pas stable. Les hommes ? Elle ne veut pas se fixer pour le moment.<\/p>\n<p>Au pied du mur, Eden n\u2019a pas d\u2019autre choix que d\u2019accepter h24 la pr\u00e9sence de la jeune femme, que son fr\u00e8re a embauch\u00e9e afin qu\u2019il puisse continuer \u00e0 vivre chez lui. Malgr\u00e9 tout, il n\u2019a pas dit son dernier mot : Heather, il s\u2019en d\u00e9barrassera vite fait bien fait ! Hors de question qu\u2019elle reste vivre des mois dans sa maison !<\/p>\n<p>Dans son plan, il avait juste omis trois d\u00e9tails&#8230;<\/p>\n<p>1- Heather sait lui tenir t\u00eate.<\/p>\n<p>2- Elle est dr\u00f4lement sexy.<\/p>\n<p>3- Quelle id\u00e9e lui a-t-il pris, d\u00e8s le premier jour, de la faire passer pour sa petite amie afin d\u2019\u00e9loigner une ex un peu trop encombrante ?<\/p>\n<p><em>Attention, les d\u00e9s sont lanc\u00e9s et la fin de partie s\u2019annonce plut\u00f4t inattendue&#8230;<\/em><\/p>\n","protected":false},"excerpt":{"rendered":"<p>Eden a tout pour lui. Beau, sexy, il est l\u2019animateur phare de l\u2019\u00e9mission pop la plus en vogue de Londres. Seul b\u00e9mol, et pas des moindres : il perd progressivement la vue. Heather cumule les jobs. Aide \u00e0 domicile, elle ne cesse de tomber sur des patients borderline. Quant \u00e0 sa vie amoureuse, elle n\u2019est [&hellip;]<\/p>\n","protected":false},"featured_media":6857,"comment_status":"open","ping_status":"closed","template":"","meta":{"_acf_changed":false,"content-type":""},"product_brand":[],"product_cat":[59],"product_tag":[],"class_list":{"0":"post-6814","1":"product","2":"type-product","3":"status-publish","4":"has-post-thumbnail","6":"product_cat-non-classe","8":"first","9":"instock","10":"taxable","11":"shipping-taxable","12":"purchasable","13":"product-type-simple"},"acf":{"auteur":"","date_parution":null,"bestseller":false,"librairie":false},"aioseo_notices":[],"_links":{"self":[{"href":"https:\/\/butterfly-editions.com\/index.php\/wp-json\/wp\/v2\/product\/6814","targetHints":{"allow":["GET"]}}],"collection":[{"href":"https:\/\/butterfly-editions.com\/index.php\/wp-json\/wp\/v2\/product"}],"about":[{"href":"https:\/\/butterfly-editions.com\/index.php\/wp-json\/wp\/v2\/types\/product"}],"replies":[{"embeddable":true,"href":"https:\/\/butterfly-editions.com\/index.php\/wp-json\/wp\/v2\/comments?post=6814"}],"wp:featuredmedia":[{"embeddable":true,"href":"https:\/\/butterfly-editions.com\/index.php\/wp-json\/wp\/v2\/media\/6857"}],"wp:attachment":[{"href":"https:\/\/butterfly-editions.com\/index.php\/wp-json\/wp\/v2\/media?parent=6814"}],"wp:term":[{"taxonomy":"product_brand","embeddable":true,"href":"https:\/\/butterfly-editions.com\/index.php\/wp-json\/wp\/v2\/product_brand?post=6814"},{"taxonomy":"product_cat","embeddable":true,"href":"https:\/\/butterfly-editions.com\/index.php\/wp-json\/wp\/v2\/product_cat?post=6814"},{"taxonomy":"product_tag","embeddable":true,"href":"https:\/\/butterfly-editions.com\/index.php\/wp-json\/wp\/v2\/product_tag?post=6814"}],"curies":[{"name":"wp","href":"https:\/\/api.w.org\/{rel}","templated":true}]}}