{"id":6797,"date":"2024-09-01T13:45:22","date_gmt":"2024-09-01T12:45:22","guid":{"rendered":"https:\/\/butterfly-editions.com\/?post_type=product&#038;p=6797"},"modified":"2026-01-28T17:02:48","modified_gmt":"2026-01-28T16:02:48","slug":"the-lawyer-2-christy-allan","status":"publish","type":"product","link":"https:\/\/butterfly-editions.com\/index.php\/produit\/the-lawyer-2-christy-allan\/","title":{"rendered":"The Lawyer T2"},"content":{"rendered":"<p><strong>Un avocat ultra sexy.<\/strong><\/p>\n<p>Une jeune femme qui revient de loin.<\/p>\n<p>Deux mondes qui cohabitent pour le meilleur&#8230; ou le pire ?<\/p>\n<p>Gabriel a tout pour \u00eatre heureux : un job envi\u00e9 par beaucoup, une compagne d\u00e9sormais heureuse, des projets d\u2019avenir.<\/p>\n<p>Pourtant, une lourde \u00e9p\u00e9e de Damocl\u00e8s p\u00e8se sur ses \u00e9paules.<\/p>\n<p>En parler \u00e0 Juliette ? Impossible, elle ne comprendrait pas. Pire, elle lui en voudrait plus que de raison.<\/p>\n<p>Cependant, \u00e0 force de mentir, ses erreurs vont le rattraper. Lors d\u2019une soir\u00e9e dans laquelle Juliette s\u2019invite, elle le trouve entour\u00e9 de femmes, toutes plus belles et plus disponibles les unes que les autres. Il la voit, mais choisit d\u00e9lib\u00e9r\u00e9ment de l\u2019ignorer, la ramenant \u00e0 ses pires ins\u00e9curit\u00e9s. Que veut-il ? Que cache-t-il ? Pourquoi agir ainsi s\u2019il dit l\u2019aimer ?<br \/>\n<em><br \/>\nMis au pied du mur r\u00e9ussira-t-il \u00e0 sauver son couple ?<\/em><\/p>\n","protected":false},"excerpt":{"rendered":"<p>Un avocat ultra sexy. Une jeune femme qui revient de loin. Deux mondes qui cohabitent pour le meilleur&#8230; ou le pire ? Gabriel a tout pour \u00eatre heureux : un job envi\u00e9 par beaucoup, une compagne d\u00e9sormais heureuse, des projets d\u2019avenir. Pourtant, une lourde \u00e9p\u00e9e de Damocl\u00e8s p\u00e8se sur ses \u00e9paules. En parler \u00e0 Juliette [&hellip;]<\/p>\n","protected":false},"featured_media":6840,"comment_status":"open","ping_status":"closed","template":"","meta":{"_acf_changed":false,"content-type":""},"product_brand":[],"product_cat":[461],"product_tag":[],"class_list":{"0":"post-6797","1":"product","2":"type-product","3":"status-publish","4":"has-post-thumbnail","6":"product_cat-romance-contemporaine","8":"first","9":"instock","10":"taxable","11":"shipping-taxable","12":"purchasable","13":"product-type-variable"},"acf":{"auteur":"Christy Allan","date_parution":"20230412","bestseller":false,"librairie":false},"aioseo_notices":[],"_links":{"self":[{"href":"https:\/\/butterfly-editions.com\/index.php\/wp-json\/wp\/v2\/product\/6797","targetHints":{"allow":["GET"]}}],"collection":[{"href":"https:\/\/butterfly-editions.com\/index.php\/wp-json\/wp\/v2\/product"}],"about":[{"href":"https:\/\/butterfly-editions.com\/index.php\/wp-json\/wp\/v2\/types\/product"}],"replies":[{"embeddable":true,"href":"https:\/\/butterfly-editions.com\/index.php\/wp-json\/wp\/v2\/comments?post=6797"}],"wp:featuredmedia":[{"embeddable":true,"href":"https:\/\/butterfly-editions.com\/index.php\/wp-json\/wp\/v2\/media\/6840"}],"wp:attachment":[{"href":"https:\/\/butterfly-editions.com\/index.php\/wp-json\/wp\/v2\/media?parent=6797"}],"wp:term":[{"taxonomy":"product_brand","embeddable":true,"href":"https:\/\/butterfly-editions.com\/index.php\/wp-json\/wp\/v2\/product_brand?post=6797"},{"taxonomy":"product_cat","embeddable":true,"href":"https:\/\/butterfly-editions.com\/index.php\/wp-json\/wp\/v2\/product_cat?post=6797"},{"taxonomy":"product_tag","embeddable":true,"href":"https:\/\/butterfly-editions.com\/index.php\/wp-json\/wp\/v2\/product_tag?post=6797"}],"curies":[{"name":"wp","href":"https:\/\/api.w.org\/{rel}","templated":true}]}}