{"id":6794,"date":"2024-09-01T13:45:22","date_gmt":"2024-09-01T12:45:22","guid":{"rendered":"https:\/\/butterfly-editions.com\/?post_type=product&#038;p=6794"},"modified":"2024-09-01T13:46:01","modified_gmt":"2024-09-01T12:46:01","slug":"angel-ice-1-celine-chaudey","status":"publish","type":"product","link":"https:\/\/butterfly-editions.com\/index.php\/produit\/angel-ice-1-celine-chaudey\/","title":{"rendered":"Angel Ice #1 &#8211; C\u00e9line Chaudey"},"content":{"rendered":"<p><strong>Un BOSS peu conventionnel.<\/p>\n<p>Une potentielle stagiaire, bris\u00e9e par la vie.<\/p>\n<p>Un cocktail d\u00e9-to-nant&#8230; Explosion imminente&#8230;<\/strong><\/p>\n<p>Angela accepte une ultime f\u00eate d\u2019insouciance avant de se jeter \u00e0 corps perdu dans un job d\u2019\u00e9tudiante afin de financer sa derni\u00e8re ann\u00e9e universitaire.<\/p>\n<p>Nathaniel, brillant businessman, se noie dans le boulot pour oublier sa r\u00e9cente rupture. Son fr\u00e8re, lass\u00e9, le supplie de l\u2019accompagner \u00e0 une soir\u00e9e.<\/p>\n<p>Ces deux \u00e2mes perdues s\u2019y rencontrent, s\u2019attirent&#8230; Le d\u00e9sir est imm\u00e9diat, br\u00fblant, passionnel. Ils se promettent une nuit, rien de plus&#8230;<\/p>\n<p>Ils se quittent au petit matin, n\u2019imaginant pas un seul instant se revoir quelques heures plus tard&#8230; lors d\u2019un entretien d\u2019embauche pour un job auquel elle a postul\u00e9.<\/p>\n<p><em>Une simple aventure d\u2019un soir peut-elle le rester quand le destin entre dans la partie ?<\/em><\/p>\n","protected":false},"excerpt":{"rendered":"<p>Un BOSS peu conventionnel. Une potentielle stagiaire, bris\u00e9e par la vie. Un cocktail d\u00e9-to-nant&#8230; Explosion imminente&#8230; Angela accepte une ultime f\u00eate d\u2019insouciance avant de se jeter \u00e0 corps perdu dans un job d\u2019\u00e9tudiante afin de financer sa derni\u00e8re ann\u00e9e universitaire. Nathaniel, brillant businessman, se noie dans le boulot pour oublier sa r\u00e9cente rupture. Son fr\u00e8re, [&hellip;]<\/p>\n","protected":false},"featured_media":6837,"comment_status":"open","ping_status":"closed","template":"","meta":{"_acf_changed":false,"content-type":""},"product_brand":[],"product_cat":[59],"product_tag":[],"class_list":{"0":"post-6794","1":"product","2":"type-product","3":"status-publish","4":"has-post-thumbnail","6":"product_cat-non-classe","8":"first","9":"instock","10":"taxable","11":"shipping-taxable","12":"purchasable","13":"product-type-simple"},"acf":{"auteur":"","date_parution":null,"bestseller":false,"librairie":false},"aioseo_notices":[],"_links":{"self":[{"href":"https:\/\/butterfly-editions.com\/index.php\/wp-json\/wp\/v2\/product\/6794","targetHints":{"allow":["GET"]}}],"collection":[{"href":"https:\/\/butterfly-editions.com\/index.php\/wp-json\/wp\/v2\/product"}],"about":[{"href":"https:\/\/butterfly-editions.com\/index.php\/wp-json\/wp\/v2\/types\/product"}],"replies":[{"embeddable":true,"href":"https:\/\/butterfly-editions.com\/index.php\/wp-json\/wp\/v2\/comments?post=6794"}],"wp:featuredmedia":[{"embeddable":true,"href":"https:\/\/butterfly-editions.com\/index.php\/wp-json\/wp\/v2\/media\/6837"}],"wp:attachment":[{"href":"https:\/\/butterfly-editions.com\/index.php\/wp-json\/wp\/v2\/media?parent=6794"}],"wp:term":[{"taxonomy":"product_brand","embeddable":true,"href":"https:\/\/butterfly-editions.com\/index.php\/wp-json\/wp\/v2\/product_brand?post=6794"},{"taxonomy":"product_cat","embeddable":true,"href":"https:\/\/butterfly-editions.com\/index.php\/wp-json\/wp\/v2\/product_cat?post=6794"},{"taxonomy":"product_tag","embeddable":true,"href":"https:\/\/butterfly-editions.com\/index.php\/wp-json\/wp\/v2\/product_tag?post=6794"}],"curies":[{"name":"wp","href":"https:\/\/api.w.org\/{rel}","templated":true}]}}