{"id":6788,"date":"2023-09-01T13:45:21","date_gmt":"2023-09-01T12:45:21","guid":{"rendered":"https:\/\/butterfly-editions.com\/?post_type=product&#038;p=6788"},"modified":"2026-01-27T15:58:32","modified_gmt":"2026-01-27T14:58:32","slug":"on-your-skin-vanessa-degardin","status":"publish","type":"product","link":"https:\/\/butterfly-editions.com\/index.php\/produit\/on-your-skin-vanessa-degardin\/","title":{"rendered":"Les fr\u00e8res Priest T1 &#8211; On Your Skin"},"content":{"rendered":"<p><strong>Il la d\u00e9sire. Il la veut. Co\u00fbte que co\u00fbte.<\/strong><\/p>\n<p>Gabriel aime frapper. Boxer. Il \u00e9vacue toute sa col\u00e8re, sa culpabilit\u00e9, sa r\u00e9cente impuissance sexuelle dans des combats qui le propulsent rapidement en h\u00e9ros national.<\/p>\n<p>Andr\u00e9a a v\u00e9cu le pire. Dermatologue naturopathe \u00e9m\u00e9rite, elle est recrut\u00e9e par la grand-m\u00e8re de Gabriel afin d&rsquo;aider ce dernier face \u00e0 un vitiligo persistant qui s&rsquo;attaque \u00e0 son corps, v\u00e9ritable outil de travail.<\/p>\n<p>Entre eux, l&rsquo;attirance est inexplicable, imm\u00e9diate. Andr\u00e9a r\u00e9siste de toutes ses forces alors que Gabriel voit en elle le moyen de pallier sa d\u00e9ficience sexuelle du moment. M\u00eame si poser ses mains sur sa peau lui fait ressentir des sensations qu&rsquo;elle croyait d\u00e9finitivement perdues, elle refuse d&rsquo;entamer une liaison avec un patient. Cela l&rsquo;a d\u00e9j\u00e0 emmen\u00e9e tout droit en Enfer.<\/p>\n<p><em>Succombera-t-elle \u00e0 cette puissante attraction alors que les ombres de son pass\u00e9 r\u00f4dent, pr\u00eates \u00e0 la d\u00e9truire pour de bon ?<\/em><\/p>\n<p>* Anciennement \u00e9dit\u00e9 sous \u00ab\u00a0Sur ta peau\u00a0\u00bb (tomes 1 et 2)<\/p>\n","protected":false},"excerpt":{"rendered":"<p>Il la d\u00e9sire. Il la veut. Co\u00fbte que co\u00fbte. Gabriel aime frapper. Boxer. Il \u00e9vacue toute sa col\u00e8re, sa culpabilit\u00e9, sa r\u00e9cente impuissance sexuelle dans des combats qui le propulsent rapidement en h\u00e9ros national. Andr\u00e9a a v\u00e9cu le pire. Dermatologue naturopathe \u00e9m\u00e9rite, elle est recrut\u00e9e par la grand-m\u00e8re de Gabriel afin d&rsquo;aider ce dernier face [&hellip;]<\/p>\n","protected":false},"featured_media":6831,"comment_status":"open","ping_status":"closed","template":"","meta":{"_acf_changed":false,"content-type":""},"product_brand":[],"product_cat":[461],"product_tag":[540],"class_list":{"0":"post-6788","1":"product","2":"type-product","3":"status-publish","4":"has-post-thumbnail","6":"product_cat-romance-contemporaine","7":"product_tag-campus","9":"first","10":"outofstock","11":"taxable","12":"shipping-taxable","13":"purchasable","14":"product-type-variable"},"acf":{"auteur":"Vanessa Degardin","date_parution":"20221209","bestseller":true,"librairie":false},"aioseo_notices":[],"_links":{"self":[{"href":"https:\/\/butterfly-editions.com\/index.php\/wp-json\/wp\/v2\/product\/6788","targetHints":{"allow":["GET"]}}],"collection":[{"href":"https:\/\/butterfly-editions.com\/index.php\/wp-json\/wp\/v2\/product"}],"about":[{"href":"https:\/\/butterfly-editions.com\/index.php\/wp-json\/wp\/v2\/types\/product"}],"replies":[{"embeddable":true,"href":"https:\/\/butterfly-editions.com\/index.php\/wp-json\/wp\/v2\/comments?post=6788"}],"wp:featuredmedia":[{"embeddable":true,"href":"https:\/\/butterfly-editions.com\/index.php\/wp-json\/wp\/v2\/media\/6831"}],"wp:attachment":[{"href":"https:\/\/butterfly-editions.com\/index.php\/wp-json\/wp\/v2\/media?parent=6788"}],"wp:term":[{"taxonomy":"product_brand","embeddable":true,"href":"https:\/\/butterfly-editions.com\/index.php\/wp-json\/wp\/v2\/product_brand?post=6788"},{"taxonomy":"product_cat","embeddable":true,"href":"https:\/\/butterfly-editions.com\/index.php\/wp-json\/wp\/v2\/product_cat?post=6788"},{"taxonomy":"product_tag","embeddable":true,"href":"https:\/\/butterfly-editions.com\/index.php\/wp-json\/wp\/v2\/product_tag?post=6788"}],"curies":[{"name":"wp","href":"https:\/\/api.w.org\/{rel}","templated":true}]}}