{"id":6729,"date":"2024-09-01T13:44:11","date_gmt":"2024-09-01T12:44:11","guid":{"rendered":"https:\/\/butterfly-editions.com\/?post_type=product&#038;p=6729"},"modified":"2026-01-29T11:55:29","modified_gmt":"2026-01-29T10:55:29","slug":"mon-coloc-mon-crush-interdit-de-lila-collins","status":"publish","type":"product","link":"https:\/\/butterfly-editions.com\/index.php\/produit\/mon-coloc-mon-crush-interdit-de-lila-collins\/","title":{"rendered":"Mon coloc&#8230; mon crush interdit !"},"content":{"rendered":"<p><strong>Revoir son pire cauchemar ? M\u00eame pas en r\u00eave !<\/strong><\/p>\n<p>Devenir sa coloc ? Jamais !<\/p>\n<p>Lucy n&rsquo;a qu&rsquo;un but : sortir dipl\u00f4m\u00e9e de la meilleure universit\u00e9 de Los Angeles.<\/p>\n<p>Noah, lui, donnerait tout pour plaquer son job d&rsquo;avocat et tenter sa chance \u00e0 Hollywood.<\/p>\n<p>Quand, par un malheureux concours de circonstances, ces deux-l\u00e0 se retrouvent colocs, c&rsquo;est le choc. Lucy s&rsquo;\u00e9tait jur\u00e9 de ne plus jamais revoir celui qui l&rsquo;a presque pouss\u00e9e dans la tombe quelques ann\u00e9es auparavant. Noah s&rsquo;\u00e9tait promis de ne plus croiser le chemin de cette fille, celle qu&rsquo;il a d\u00e9truite par le pass\u00e9&#8230; la petite s\u0153ur de son meilleur ami.<\/p>\n<p>Lorsqu&rsquo;ils osent enfin se parler et briser la glace, des \u00e9tincelles inattendues se mettent \u00e0 cr\u00e9piter dans l&rsquo;air. Des \u00e9tincelles&#8230; interdites. Davantage encore le jour o\u00f9 Noah propose un deal des plus inattendus \u00e0 Lucy&#8230;<\/p>\n<p><em>Et si, pour avancer, il fallait apprendre \u00e0 (se) pardonner ?<\/em><\/p>\n","protected":false},"excerpt":{"rendered":"<p>Revoir son pire cauchemar ? M\u00eame pas en r\u00eave ! Devenir sa coloc ? Jamais ! Lucy n&rsquo;a qu&rsquo;un but : sortir dipl\u00f4m\u00e9e de la meilleure universit\u00e9 de Los Angeles. Noah, lui, donnerait tout pour plaquer son job d&rsquo;avocat et tenter sa chance \u00e0 Hollywood. Quand, par un malheureux concours de circonstances, ces deux-l\u00e0 se [&hellip;]<\/p>\n","protected":false},"featured_media":6781,"comment_status":"open","ping_status":"closed","template":"","meta":{"_acf_changed":false,"content-type":""},"product_brand":[],"product_cat":[461],"product_tag":[],"class_list":{"0":"post-6729","1":"product","2":"type-product","3":"status-publish","4":"has-post-thumbnail","6":"product_cat-romance-contemporaine","8":"first","9":"instock","10":"taxable","11":"shipping-taxable","12":"purchasable","13":"product-type-variable"},"acf":{"auteur":"Lila Collins","date_parution":"20220325","bestseller":true,"librairie":false},"aioseo_notices":[],"_links":{"self":[{"href":"https:\/\/butterfly-editions.com\/index.php\/wp-json\/wp\/v2\/product\/6729","targetHints":{"allow":["GET"]}}],"collection":[{"href":"https:\/\/butterfly-editions.com\/index.php\/wp-json\/wp\/v2\/product"}],"about":[{"href":"https:\/\/butterfly-editions.com\/index.php\/wp-json\/wp\/v2\/types\/product"}],"replies":[{"embeddable":true,"href":"https:\/\/butterfly-editions.com\/index.php\/wp-json\/wp\/v2\/comments?post=6729"}],"wp:featuredmedia":[{"embeddable":true,"href":"https:\/\/butterfly-editions.com\/index.php\/wp-json\/wp\/v2\/media\/6781"}],"wp:attachment":[{"href":"https:\/\/butterfly-editions.com\/index.php\/wp-json\/wp\/v2\/media?parent=6729"}],"wp:term":[{"taxonomy":"product_brand","embeddable":true,"href":"https:\/\/butterfly-editions.com\/index.php\/wp-json\/wp\/v2\/product_brand?post=6729"},{"taxonomy":"product_cat","embeddable":true,"href":"https:\/\/butterfly-editions.com\/index.php\/wp-json\/wp\/v2\/product_cat?post=6729"},{"taxonomy":"product_tag","embeddable":true,"href":"https:\/\/butterfly-editions.com\/index.php\/wp-json\/wp\/v2\/product_tag?post=6729"}],"curies":[{"name":"wp","href":"https:\/\/api.w.org\/{rel}","templated":true}]}}