{"id":6711,"date":"2024-09-01T13:43:48","date_gmt":"2024-09-01T12:43:48","guid":{"rendered":"https:\/\/butterfly-editions.com\/?post_type=product&#038;p=6711"},"modified":"2026-01-29T11:08:43","modified_gmt":"2026-01-29T10:08:43","slug":"young-lover-de-hedgye-canyon","status":"publish","type":"product","link":"https:\/\/butterfly-editions.com\/index.php\/produit\/young-lover-de-hedgye-canyon\/","title":{"rendered":"Young Lover"},"content":{"rendered":"<p><strong>Et si toute une histoire d\u2019amour reposait sur un quiproquo ?<\/strong><\/p>\n<p>Willow, 23 ans, n\u2019a qu\u2019une id\u00e9e en t\u00eate : valider son master et son stage en marketing, quitte \u00e0 supporter la plus tyrannique des tutrices. Elle y consacre ses jours, comme ses nuits.<\/p>\n<p>Les histoires d\u2019amour, tr\u00e8s peu pour elle, elle n\u2019a pas de temps \u00e0 consacrer \u00e0 un mec.<\/p>\n<p>Jusqu\u2019au jour o\u00f9 elle tombe sous le charme d\u2019un skateur aussi sexy que myst\u00e9rieux, qui s&rsquo;av\u00e8re \u00eatre l\u2019un des meilleurs copains de son petit fr\u00e8re de bient\u00f4t 18 ans&#8230;<\/p>\n<p>Quand les sentiments s\u2019en m\u00ealent, qu\u2019un mensonge en entra\u00eene un autre, Willow devra faire face \u00e0 une r\u00e9alit\u00e9 qu\u2019elle craint : tomber amoureuse d\u2019un gar\u00e7on de 5 ans de moins qu\u2019elle&#8230;<\/p>\n","protected":false},"excerpt":{"rendered":"<p>Et si toute une histoire d\u2019amour reposait sur un quiproquo ? Willow, 23 ans, n\u2019a qu\u2019une id\u00e9e en t\u00eate : valider son master et son stage en marketing, quitte \u00e0 supporter la plus tyrannique des tutrices. Elle y consacre ses jours, comme ses nuits. Les histoires d\u2019amour, tr\u00e8s peu pour elle, elle n\u2019a pas de [&hellip;]<\/p>\n","protected":false},"featured_media":6758,"comment_status":"open","ping_status":"closed","template":"","meta":{"_acf_changed":false,"content-type":""},"product_brand":[],"product_cat":[461],"product_tag":[],"class_list":{"0":"post-6711","1":"product","2":"type-product","3":"status-publish","4":"has-post-thumbnail","6":"product_cat-romance-contemporaine","8":"first","9":"instock","10":"taxable","11":"shipping-taxable","12":"purchasable","13":"product-type-variable"},"acf":{"auteur":"Hedgye Canyon","date_parution":"20220114","bestseller":false,"librairie":false},"aioseo_notices":[],"_links":{"self":[{"href":"https:\/\/butterfly-editions.com\/index.php\/wp-json\/wp\/v2\/product\/6711","targetHints":{"allow":["GET"]}}],"collection":[{"href":"https:\/\/butterfly-editions.com\/index.php\/wp-json\/wp\/v2\/product"}],"about":[{"href":"https:\/\/butterfly-editions.com\/index.php\/wp-json\/wp\/v2\/types\/product"}],"replies":[{"embeddable":true,"href":"https:\/\/butterfly-editions.com\/index.php\/wp-json\/wp\/v2\/comments?post=6711"}],"wp:featuredmedia":[{"embeddable":true,"href":"https:\/\/butterfly-editions.com\/index.php\/wp-json\/wp\/v2\/media\/6758"}],"wp:attachment":[{"href":"https:\/\/butterfly-editions.com\/index.php\/wp-json\/wp\/v2\/media?parent=6711"}],"wp:term":[{"taxonomy":"product_brand","embeddable":true,"href":"https:\/\/butterfly-editions.com\/index.php\/wp-json\/wp\/v2\/product_brand?post=6711"},{"taxonomy":"product_cat","embeddable":true,"href":"https:\/\/butterfly-editions.com\/index.php\/wp-json\/wp\/v2\/product_cat?post=6711"},{"taxonomy":"product_tag","embeddable":true,"href":"https:\/\/butterfly-editions.com\/index.php\/wp-json\/wp\/v2\/product_tag?post=6711"}],"curies":[{"name":"wp","href":"https:\/\/api.w.org\/{rel}","templated":true}]}}