{"id":6698,"date":"2024-09-01T13:43:25","date_gmt":"2024-09-01T12:43:25","guid":{"rendered":"https:\/\/butterfly-editions.com\/?post_type=product&#038;p=6698"},"modified":"2026-01-27T15:50:13","modified_gmt":"2026-01-27T14:50:13","slug":"fucking-rules-de-vanessa-degardin","status":"publish","type":"product","link":"https:\/\/butterfly-editions.com\/index.php\/produit\/fucking-rules-de-vanessa-degardin\/","title":{"rendered":"Les fr\u00e8res Priest T4 &#8211; Fucking Rules"},"content":{"rendered":"<p><strong>Il est aussi sombre qu&rsquo;elle est lumineuse.<\/strong><\/p>\n<p><strong>Les r\u00e8gles ? Il ne suit que celles qu&rsquo;il trouve justes.<\/strong><\/p>\n<p>Zacharie est sexy, tortur\u00e9, et ses nombreux d\u00e9mons lui ont appris \u00e0 se tenir \u00e9loign\u00e9 des femmes.<\/p>\n<p>Agent aux stups, solitaire de nature, sa nouvelle enqu\u00eate le m\u00e8ne tout droit chez C\u00e9leste, une fleuriste en tous points son oppos\u00e9e. T\u00e9moin principal de son enqu\u00eate, il prend en charge sa protection.<\/p>\n<p>Forc\u00e9s de passer leurs journ\u00e9es ensemble, la tension laisse progressivement place au plus br\u00fblant des d\u00e9sirs&#8230;<\/p>\n<p><em>C\u00e9leste parviendra-t-elle \u00e0 percer cette carapace qu&rsquo;il s&rsquo;\u00e9tait promis de ne jamais ouvrir \u00e0 personne ? Mais \u00e0 quel prix ?<\/em><\/p>\n","protected":false},"excerpt":{"rendered":"<p>Il est aussi sombre qu&rsquo;elle est lumineuse. Les r\u00e8gles ? Il ne suit que celles qu&rsquo;il trouve justes. Zacharie est sexy, tortur\u00e9, et ses nombreux d\u00e9mons lui ont appris \u00e0 se tenir \u00e9loign\u00e9 des femmes. Agent aux stups, solitaire de nature, sa nouvelle enqu\u00eate le m\u00e8ne tout droit chez C\u00e9leste, une fleuriste en tous points [&hellip;]<\/p>\n","protected":false},"featured_media":6753,"comment_status":"open","ping_status":"closed","template":"","meta":{"_acf_changed":false,"content-type":""},"product_brand":[],"product_cat":[461],"product_tag":[],"class_list":{"0":"post-6698","1":"product","2":"type-product","3":"status-publish","4":"has-post-thumbnail","6":"product_cat-romance-contemporaine","8":"first","9":"instock","10":"taxable","11":"shipping-taxable","12":"purchasable","13":"product-type-variable"},"acf":{"auteur":"Vanessa Degardin","date_parution":"20211029","bestseller":true,"librairie":false},"aioseo_notices":[],"_links":{"self":[{"href":"https:\/\/butterfly-editions.com\/index.php\/wp-json\/wp\/v2\/product\/6698","targetHints":{"allow":["GET"]}}],"collection":[{"href":"https:\/\/butterfly-editions.com\/index.php\/wp-json\/wp\/v2\/product"}],"about":[{"href":"https:\/\/butterfly-editions.com\/index.php\/wp-json\/wp\/v2\/types\/product"}],"replies":[{"embeddable":true,"href":"https:\/\/butterfly-editions.com\/index.php\/wp-json\/wp\/v2\/comments?post=6698"}],"wp:featuredmedia":[{"embeddable":true,"href":"https:\/\/butterfly-editions.com\/index.php\/wp-json\/wp\/v2\/media\/6753"}],"wp:attachment":[{"href":"https:\/\/butterfly-editions.com\/index.php\/wp-json\/wp\/v2\/media?parent=6698"}],"wp:term":[{"taxonomy":"product_brand","embeddable":true,"href":"https:\/\/butterfly-editions.com\/index.php\/wp-json\/wp\/v2\/product_brand?post=6698"},{"taxonomy":"product_cat","embeddable":true,"href":"https:\/\/butterfly-editions.com\/index.php\/wp-json\/wp\/v2\/product_cat?post=6698"},{"taxonomy":"product_tag","embeddable":true,"href":"https:\/\/butterfly-editions.com\/index.php\/wp-json\/wp\/v2\/product_tag?post=6698"}],"curies":[{"name":"wp","href":"https:\/\/api.w.org\/{rel}","templated":true}]}}