{"id":6636,"date":"2024-09-01T13:41:22","date_gmt":"2024-09-01T12:41:22","guid":{"rendered":"https:\/\/butterfly-editions.com\/?post_type=product&#038;p=6636"},"modified":"2024-09-01T13:42:27","modified_gmt":"2024-09-01T12:42:27","slug":"lovely-christmas-de-amandine-halba","status":"publish","type":"product","link":"https:\/\/butterfly-editions.com\/index.php\/produit\/lovely-christmas-de-amandine-halba\/","title":{"rendered":"Lovely Christmas  de Amandine Halba"},"content":{"rendered":"<p><strong>\u00ab\u00a0Cause d\u00e9m\u00e9nagement, Ma\u00eetre sexy et solitaire \u00e0 vendre. Urgent.\u00a0\u00bb<\/strong><\/p>\n<p>Elsa n&rsquo;avait pas imagin\u00e9 devoir faire, en catastrophe, un aller-retour Seattle-Paris avant les f\u00eates de fin d&rsquo;ann\u00e9e pour enterrer sa grand-m\u00e8re, Danielle, d\u00e9c\u00e9d\u00e9e subitement. Encore moins tomber sur un jeune ami de celle-ci, Maxence, aussi troublant que sexy&#8230;<br \/>\nAu premier regard, les \u00e9tincelles cr\u00e9pitent : col\u00e8re, incompr\u00e9hension&#8230; et d\u00e9sir.<br \/>\nPour Elsa, c&rsquo;est le d\u00e9but des complications surtout que le propri\u00e9taire leur laisse trente jours pour vider la maison de Danielle. Pas un de plus.<br \/>\nMaxence, bien d\u00e9cid\u00e9 \u00e0 trouver un foyer pour les compagnons \u00e0 quatre pattes de Dany, compte sur l&rsquo;aide d&rsquo;Elsa. Cette derni\u00e8re, perdue, n&rsquo;a qu&rsquo;une id\u00e9e en t\u00eate : rendre le cl\u00e9s, retourner \u00e0 Seattle&#8230; et oublier sexy Maxence !<\/p>\n<p><em>Et si la magie de No\u00ebl n&rsquo;avait pas dit son dernier mot ?<\/em><\/p>\n<div id=\"richProductInformation_feature_div\" class=\"celwidget\" data-feature-name=\"richProductInformation\" data-csa-c-id=\"b27tmy-282sjt-giqord-oqi624\" data-cel-widget=\"richProductInformation_feature_div\">\n<div id=\"rich_product_information\" class=\"a-section a-spacing-none celwidget\" data-csa-c-id=\"19wyq6-cgerxe-l6z22f-r8purq\" data-cel-widget=\"rich_product_information\"><a href=\"https:\/\/www.amazon.fr\/Lovely-Christmas-Amandine-Halba-ebook\/dp\/B08LL9K5QR\/ref=sr_1_1?__mk_fr_FR=%C3%85M%C3%85%C5%BD%C3%95%C3%91&amp;crid=3V6I9DZXU82B9&amp;keywords=lovely+christmas&amp;qid=1638977602&amp;sprefix=lovely+chr%2Caps%2C147&amp;sr=8-1\"><img loading=\"lazy\" decoding=\"async\" class=\"n3VNCb alignleft\" src=\"https:\/\/logos-world.net\/wp-content\/uploads\/2020\/03\/Amazon-Kindle-Symbol.png\" alt=\"Amazon Kindle Logo, history, meaning, symbol, PNG\" width=\"94\" height=\"53\" data-noaft=\"1\" \/><\/a><a href=\"https:\/\/play.google.com\/store\/books\/details\/Amandine_Halba_Lovely_Christmas?id=wFsEEAAAQBAJ\"><img loading=\"lazy\" decoding=\"async\" class=\"alignleft\" src=\"https:\/\/upload.wikimedia.org\/wikipedia\/commons\/3\/3b\/Google_livres.png\" alt=\"\" width=\"106\" height=\"40\" \/><\/a><a href=\"https:\/\/www.kobo.com\/fr\/fr\/ebook\/lovely-christmas\"><img loading=\"lazy\" decoding=\"async\" class=\"alignleft\" src=\"https:\/\/download.logo.wine\/logo\/Kobo_eReader\/Kobo_eReader-Logo.wine.png\" alt=\"\" width=\"90\" height=\"60\" \/><\/a><a href=\"https:\/\/books.apple.com\/fr\/book\/lovely-christmas\/id1536760949\"><img loading=\"lazy\" decoding=\"async\" class=\"alignleft\" src=\"https:\/\/support.apple.com\/content\/dam\/edam\/applecare\/images\/en_US\/social\/thumbnail\/ios11-ibooks-app_2x.png\" alt=\"\" width=\"52\" height=\"52\" \/><\/a><\/div>\n<\/div>\n<div data-csa-c-id=\"19wyq6-cgerxe-l6z22f-r8purq\" data-cel-widget=\"rich_product_information\"><\/div>\n<div data-csa-c-id=\"19wyq6-cgerxe-l6z22f-r8purq\" data-cel-widget=\"rich_product_information\"><\/div>\n","protected":false},"excerpt":{"rendered":"<p>\u00ab\u00a0Cause d\u00e9m\u00e9nagement, Ma\u00eetre sexy et solitaire \u00e0 vendre. Urgent.\u00a0\u00bb Elsa n&rsquo;avait pas imagin\u00e9 devoir faire, en catastrophe, un aller-retour Seattle-Paris avant les f\u00eates de fin d&rsquo;ann\u00e9e pour enterrer sa grand-m\u00e8re, Danielle, d\u00e9c\u00e9d\u00e9e subitement. Encore moins tomber sur un jeune ami de celle-ci, Maxence, aussi troublant que sexy&#8230; Au premier regard, les \u00e9tincelles cr\u00e9pitent : col\u00e8re, [&hellip;]<\/p>\n","protected":false},"featured_media":6674,"comment_status":"open","ping_status":"closed","template":"","meta":{"_acf_changed":false,"content-type":""},"product_brand":[],"product_cat":[59],"product_tag":[],"class_list":{"0":"post-6636","1":"product","2":"type-product","3":"status-publish","4":"has-post-thumbnail","6":"product_cat-non-classe","8":"first","9":"instock","10":"sold-individually","11":"taxable","12":"shipping-taxable","13":"purchasable","14":"product-type-simple"},"acf":{"auteur":"","date_parution":null,"bestseller":false,"librairie":false},"aioseo_notices":[],"_links":{"self":[{"href":"https:\/\/butterfly-editions.com\/index.php\/wp-json\/wp\/v2\/product\/6636","targetHints":{"allow":["GET"]}}],"collection":[{"href":"https:\/\/butterfly-editions.com\/index.php\/wp-json\/wp\/v2\/product"}],"about":[{"href":"https:\/\/butterfly-editions.com\/index.php\/wp-json\/wp\/v2\/types\/product"}],"replies":[{"embeddable":true,"href":"https:\/\/butterfly-editions.com\/index.php\/wp-json\/wp\/v2\/comments?post=6636"}],"wp:featuredmedia":[{"embeddable":true,"href":"https:\/\/butterfly-editions.com\/index.php\/wp-json\/wp\/v2\/media\/6674"}],"wp:attachment":[{"href":"https:\/\/butterfly-editions.com\/index.php\/wp-json\/wp\/v2\/media?parent=6636"}],"wp:term":[{"taxonomy":"product_brand","embeddable":true,"href":"https:\/\/butterfly-editions.com\/index.php\/wp-json\/wp\/v2\/product_brand?post=6636"},{"taxonomy":"product_cat","embeddable":true,"href":"https:\/\/butterfly-editions.com\/index.php\/wp-json\/wp\/v2\/product_cat?post=6636"},{"taxonomy":"product_tag","embeddable":true,"href":"https:\/\/butterfly-editions.com\/index.php\/wp-json\/wp\/v2\/product_tag?post=6636"}],"curies":[{"name":"wp","href":"https:\/\/api.w.org\/{rel}","templated":true}]}}