{"id":6625,"date":"2024-09-01T13:41:00","date_gmt":"2024-09-01T12:41:00","guid":{"rendered":"https:\/\/butterfly-editions.com\/?post_type=product&#038;p=6625"},"modified":"2026-01-29T10:40:22","modified_gmt":"2026-01-29T09:40:22","slug":"47-days-and-more-de-lorelei-c","status":"publish","type":"product","link":"https:\/\/butterfly-editions.com\/index.php\/produit\/47-days-and-more-de-lorelei-c\/","title":{"rendered":"47 days and more&#8230;  de Lorelei C."},"content":{"rendered":"<p><strong>Beau. S\u00e9ducteur. Il est tout ce qu\u2019elle d\u00e9teste&#8230; ou pas.<\/strong><\/p>\n<p>47, c\u2019est le nombre de jours qu\u2019il reste \u00e0 Virginie avant sa majorit\u00e9.<br \/>\n47, c\u2019est le nombre de jours qu\u2019elle va devoir passer cach\u00e9e dans la chambre de Maverick, dans le centre o\u00f9 lui et le fr\u00e8re de cette derni\u00e8re se trouvent enferm\u00e9s.<br \/>\nElle est la s\u0153ur de son meilleur ami. Leur cohabitation est limit\u00e9e.<br \/>\nElle a un sombre pass\u00e9 qu\u2019elle souhaite \u00e0 tout prix cacher.<br \/>\nUne relation entre eux n\u2019est pas une bonne id\u00e9e.<\/p>\n<p><em>Mais entre provocation et d\u00e9sir, difficile de ne pas craquer&#8230;<\/em><\/p>\n<div id=\"richProductInformation_feature_div\" class=\"celwidget\" data-feature-name=\"richProductInformation\" data-csa-c-id=\"b27tmy-282sjt-giqord-oqi624\" data-cel-widget=\"richProductInformation_feature_div\"><\/div>\n","protected":false},"excerpt":{"rendered":"<p>Beau. S\u00e9ducteur. Il est tout ce qu\u2019elle d\u00e9teste&#8230; ou pas. 47, c\u2019est le nombre de jours qu\u2019il reste \u00e0 Virginie avant sa majorit\u00e9. 47, c\u2019est le nombre de jours qu\u2019elle va devoir passer cach\u00e9e dans la chambre de Maverick, dans le centre o\u00f9 lui et le fr\u00e8re de cette derni\u00e8re se trouvent enferm\u00e9s. Elle est [&hellip;]<\/p>\n","protected":false},"featured_media":6670,"comment_status":"open","ping_status":"closed","template":"","meta":{"_acf_changed":false,"content-type":""},"product_brand":[],"product_cat":[461],"product_tag":[],"class_list":{"0":"post-6625","1":"product","2":"type-product","3":"status-publish","4":"has-post-thumbnail","6":"product_cat-romance-contemporaine","8":"first","9":"instock","10":"sold-individually","11":"taxable","12":"shipping-taxable","13":"purchasable","14":"product-type-variable"},"acf":{"auteur":"Lorelei C.","date_parution":"20200903","bestseller":false,"librairie":false},"aioseo_notices":[],"_links":{"self":[{"href":"https:\/\/butterfly-editions.com\/index.php\/wp-json\/wp\/v2\/product\/6625","targetHints":{"allow":["GET"]}}],"collection":[{"href":"https:\/\/butterfly-editions.com\/index.php\/wp-json\/wp\/v2\/product"}],"about":[{"href":"https:\/\/butterfly-editions.com\/index.php\/wp-json\/wp\/v2\/types\/product"}],"replies":[{"embeddable":true,"href":"https:\/\/butterfly-editions.com\/index.php\/wp-json\/wp\/v2\/comments?post=6625"}],"wp:featuredmedia":[{"embeddable":true,"href":"https:\/\/butterfly-editions.com\/index.php\/wp-json\/wp\/v2\/media\/6670"}],"wp:attachment":[{"href":"https:\/\/butterfly-editions.com\/index.php\/wp-json\/wp\/v2\/media?parent=6625"}],"wp:term":[{"taxonomy":"product_brand","embeddable":true,"href":"https:\/\/butterfly-editions.com\/index.php\/wp-json\/wp\/v2\/product_brand?post=6625"},{"taxonomy":"product_cat","embeddable":true,"href":"https:\/\/butterfly-editions.com\/index.php\/wp-json\/wp\/v2\/product_cat?post=6625"},{"taxonomy":"product_tag","embeddable":true,"href":"https:\/\/butterfly-editions.com\/index.php\/wp-json\/wp\/v2\/product_tag?post=6625"}],"curies":[{"name":"wp","href":"https:\/\/api.w.org\/{rel}","templated":true}]}}