{"id":6604,"date":"2024-09-01T13:40:37","date_gmt":"2024-09-01T12:40:37","guid":{"rendered":"https:\/\/butterfly-editions.com\/?post_type=product&#038;p=6604"},"modified":"2024-09-01T13:41:43","modified_gmt":"2024-09-01T12:41:43","slug":"ride-or-die-with-me-de-anita-rigins","status":"publish","type":"product","link":"https:\/\/butterfly-editions.com\/index.php\/produit\/ride-or-die-with-me-de-anita-rigins\/","title":{"rendered":"Ride or die with me  de Anita Rigins"},"content":{"rendered":"<p><strong>Le danger et le d\u00e9sir les consument&#8230; Peut-on s&rsquo;abandonner \u00e0 l&rsquo;amour lorsque la vie ne tient qu&rsquo;\u00e0 un fil ?<\/strong><\/p>\n<p>Abby fuit son pays afin d&rsquo;\u00e9chapper \u00e0 son demi-fr\u00e8re, Sean, puissant membre de la mafia. Elle veut oublier la douloureuse lutte qu&rsquo;a \u00e9t\u00e9 sa propre survie, ainsi que les actes abominables qu&rsquo;elle a \u00e9t\u00e9 forc\u00e9e de commettre et qui l&rsquo;ont chang\u00e9e \u00e0 jamais.<\/p>\n<p>Elle trouve refuge \u00e0 Paris, o\u00f9 elle d\u00e9croche un poste dans un night club. Mais elle d\u00e9chante rapidement en r\u00e9alisant que son patron est le Diable personnifi\u00e9. Assan Lakehal repr\u00e9sente l\u2019acc\u00e8s direct \u00e0 un labyrinthe de p\u00e9ch\u00e9s sur lequel il r\u00e8gne en ma\u00eetre absolu.<\/p>\n<p>Trop dangereux pour elle&#8230; C\u2019est ce qu\u2019elle se r\u00e9p\u00e8te en luttant contre le d\u00e9sir qu&rsquo;elle \u00e9prouve \u00e0 son \u00e9gard.<\/p>\n<p>Commence alors un jeu l\u00e9tal dans lequel il n&rsquo;y aura aucun gagnant. Une lutte de pouvoir qui les m\u00e8nera dans leurs plus sombres retranchements, Abby ne cessant de se demander ce que trafique Assan dans l&rsquo;aile du club qui lui reste interdite d&rsquo;acc\u00e8s&#8230;<\/p>\n<p><em>Quand Sean cherche \u00e0 l&rsquo;atteindre \u00e0 nouveau, doit-elle fuir ou esp\u00e9rer trouver en Assan un alli\u00e9 inattendu ?<\/em><\/p>\n<p>* * * *<\/p>\n<p><em>\u00ab\u00a0Assan s&rsquo;appr\u00eate \u00e0 suivre son fr\u00e8re, mais je le retiens en posant ma paume sur son biceps contract\u00e9. J\u2019attends que Jared ait quitt\u00e9 la pi\u00e8ce, puis me tourne vers lui :<\/em><br \/>\n<em>&#8211; Que comptes-tu faire ? je demande, bouff\u00e9e par un m\u00e9lange d\u2019adr\u00e9naline et de curiosit\u00e9.<\/em><br \/>\n<em>Il retire doucement son bras de mon emprise, un sourire relev\u00e9 sur le coin de sa bouche.<\/em><br \/>\n<em>&#8211; Quelque chose que tu d\u00e9testeras, mais qui va te faire craquer.<\/em><br \/>\n<em>Il n\u2019attend aucune r\u00e9ponse de ma part puisqu\u2019il s\u2019\u00e9loigne, la d\u00e9marche assur\u00e9e. Connard ! Pourtant, malgr\u00e9 son affront, je ne peux m&#8217;emp\u00eacher de rire. Il ne fera rien qui me mettra en rogne. Je le sais. Et la raison en est simple. Assan me pla\u00eet, certes, mais je ne vais pas le laisser chambouler mes \u00e9motions avec sa belle gueule. Mon pass\u00e9 et la vie qu&rsquo;il m\u00e8ne ne sont pas compatibles. Les sentiments, non. Le sexe, oui, mais \u00e0 mes conditions.<\/em><br \/>\n<em>Avec le temps, j\u2019ai appris \u00e0 ne pas m\u2019attacher aux hommes capables de me faire tourner la t\u00eate.\u00a0\u00bb<\/em><\/p>\n<div id=\"richProductInformation_feature_div\" class=\"celwidget\" data-feature-name=\"richProductInformation\" data-csa-c-id=\"b27tmy-282sjt-giqord-oqi624\" data-cel-widget=\"richProductInformation_feature_div\">\n<div id=\"rich_product_information\" class=\"a-section a-spacing-none celwidget\" data-csa-c-id=\"19wyq6-cgerxe-l6z22f-r8purq\" data-cel-widget=\"rich_product_information\"><a href=\"https:\/\/www.amazon.fr\/Ride-die-me-Anita-Rigins-ebook\/dp\/B07MTS7SX6\/ref=sr_1_1?__mk_fr_FR=%C3%85M%C3%85%C5%BD%C3%95%C3%91&amp;crid=SH7415RZYB1V&amp;keywords=ride+or+die+with+me&amp;qid=1638978120&amp;sprefix=ride+or+die%2Caps%2C388&amp;sr=8-1\"><img loading=\"lazy\" decoding=\"async\" class=\"n3VNCb alignleft\" src=\"https:\/\/logos-world.net\/wp-content\/uploads\/2020\/03\/Amazon-Kindle-Symbol.png\" alt=\"Amazon Kindle Logo, history, meaning, symbol, PNG\" width=\"94\" height=\"53\" data-noaft=\"1\" \/><\/a><a href=\"https:\/\/play.google.com\/store\/books\/details\/Anita_Rigins_Ride_or_die_with_me?id=uc6DDwAAQBAJ&amp;gl=FR\"><img loading=\"lazy\" decoding=\"async\" class=\"alignleft\" src=\"https:\/\/upload.wikimedia.org\/wikipedia\/commons\/3\/3b\/Google_livres.png\" width=\"106\" height=\"40\" \/><\/a><a href=\"https:\/\/www.kobo.com\/fr\/fr\/ebook\/ride-or-die-with-me\"><img loading=\"lazy\" decoding=\"async\" class=\"alignleft\" src=\"https:\/\/download.logo.wine\/logo\/Kobo_eReader\/Kobo_eReader-Logo.wine.png\" width=\"90\" height=\"60\" \/><\/a><a href=\"https:\/\/books.apple.com\/fr\/book\/id1449632129\"><img loading=\"lazy\" decoding=\"async\" class=\"alignleft\" src=\"https:\/\/support.apple.com\/content\/dam\/edam\/applecare\/images\/en_US\/social\/thumbnail\/ios11-ibooks-app_2x.png\" width=\"52\" height=\"52\" \/><\/a><\/div>\n<\/div>\n<div data-csa-c-id=\"19wyq6-cgerxe-l6z22f-r8purq\" data-cel-widget=\"rich_product_information\"><\/div>\n","protected":false},"excerpt":{"rendered":"<p>Le danger et le d\u00e9sir les consument&#8230; Peut-on s&rsquo;abandonner \u00e0 l&rsquo;amour lorsque la vie ne tient qu&rsquo;\u00e0 un fil ? Abby fuit son pays afin d&rsquo;\u00e9chapper \u00e0 son demi-fr\u00e8re, Sean, puissant membre de la mafia. Elle veut oublier la douloureuse lutte qu&rsquo;a \u00e9t\u00e9 sa propre survie, ainsi que les actes abominables qu&rsquo;elle a \u00e9t\u00e9 forc\u00e9e [&hellip;]<\/p>\n","protected":false},"featured_media":6652,"comment_status":"open","ping_status":"closed","template":"","meta":{"_acf_changed":false,"content-type":""},"product_brand":[],"product_cat":[59],"product_tag":[],"class_list":{"0":"post-6604","1":"product","2":"type-product","3":"status-publish","4":"has-post-thumbnail","6":"product_cat-non-classe","8":"first","9":"instock","10":"sold-individually","11":"taxable","12":"shipping-taxable","13":"purchasable","14":"product-type-simple"},"acf":{"auteur":"","date_parution":null,"bestseller":false,"librairie":false},"aioseo_notices":[],"_links":{"self":[{"href":"https:\/\/butterfly-editions.com\/index.php\/wp-json\/wp\/v2\/product\/6604","targetHints":{"allow":["GET"]}}],"collection":[{"href":"https:\/\/butterfly-editions.com\/index.php\/wp-json\/wp\/v2\/product"}],"about":[{"href":"https:\/\/butterfly-editions.com\/index.php\/wp-json\/wp\/v2\/types\/product"}],"replies":[{"embeddable":true,"href":"https:\/\/butterfly-editions.com\/index.php\/wp-json\/wp\/v2\/comments?post=6604"}],"wp:featuredmedia":[{"embeddable":true,"href":"https:\/\/butterfly-editions.com\/index.php\/wp-json\/wp\/v2\/media\/6652"}],"wp:attachment":[{"href":"https:\/\/butterfly-editions.com\/index.php\/wp-json\/wp\/v2\/media?parent=6604"}],"wp:term":[{"taxonomy":"product_brand","embeddable":true,"href":"https:\/\/butterfly-editions.com\/index.php\/wp-json\/wp\/v2\/product_brand?post=6604"},{"taxonomy":"product_cat","embeddable":true,"href":"https:\/\/butterfly-editions.com\/index.php\/wp-json\/wp\/v2\/product_cat?post=6604"},{"taxonomy":"product_tag","embeddable":true,"href":"https:\/\/butterfly-editions.com\/index.php\/wp-json\/wp\/v2\/product_tag?post=6604"}],"curies":[{"name":"wp","href":"https:\/\/api.w.org\/{rel}","templated":true}]}}