{"id":6593,"date":"2024-09-01T13:40:14","date_gmt":"2024-09-01T12:40:14","guid":{"rendered":"https:\/\/butterfly-editions.com\/?post_type=product&#038;p=6593"},"modified":"2026-01-28T15:43:22","modified_gmt":"2026-01-28T14:43:22","slug":"supreme-transgression-3-de-florine-hedal","status":"publish","type":"product","link":"https:\/\/butterfly-editions.com\/index.php\/produit\/supreme-transgression-3-de-florine-hedal\/","title":{"rendered":"Supr\u00eames Interdits T3 &#8211; Supr\u00eame Transgression"},"content":{"rendered":"<p>Un vent de v\u00e9rit\u00e9 souffle sur la Ferme. Si Calista semble rester forte, Basile, lui, s\u2019effondre sous le poids de ce secret tout juste r\u00e9v\u00e9l\u00e9 par leur famille.<\/p>\n<p>Vingt-deux ans. Plus de vingt ann\u00e9es de confiance bafou\u00e9e, de non-dits, de mensonges. Le jeune homme le sentait. Le jeune homme le craignait&#8230;<\/p>\n<p>En faudra-t-il d\u2019avantage pour s\u00e9parer Basile et Calista ? Plus unis que jamais face \u00e0 l\u2019adversit\u00e9, ils sont leur soutien, leur pilier. Lutter contre le d\u00e9sir amoral qui les anime ? Pour quoi faire&#8230;<br \/>\nMalheureusement, d\u2019autres masques ne vont pas tarder \u00e0 tomber. Le pass\u00e9 ne cesse de ressurgir et les pi\u00e8ces du puzzle s\u2019embo\u00eetent enfin. Mais \u00e0 quel prix ?<\/p>\n<p><em>Du Paradis \u00e0 l\u2019Enfer, comment s&rsquo;\u00e9chapper de ce Purgatoire ?<\/em><\/p>\n","protected":false},"excerpt":{"rendered":"<p>Un vent de v\u00e9rit\u00e9 souffle sur la Ferme. Si Calista semble rester forte, Basile, lui, s\u2019effondre sous le poids de ce secret tout juste r\u00e9v\u00e9l\u00e9 par leur famille. Vingt-deux ans. Plus de vingt ann\u00e9es de confiance bafou\u00e9e, de non-dits, de mensonges. Le jeune homme le sentait. Le jeune homme le craignait&#8230; En faudra-t-il d\u2019avantage pour [&hellip;]<\/p>\n","protected":false},"featured_media":6656,"comment_status":"open","ping_status":"closed","template":"","meta":{"_acf_changed":false,"content-type":""},"product_brand":[],"product_cat":[461],"product_tag":[],"class_list":{"0":"post-6593","1":"product","2":"type-product","3":"status-publish","4":"has-post-thumbnail","6":"product_cat-romance-contemporaine","8":"first","9":"outofstock","10":"sold-individually","11":"taxable","12":"shipping-taxable","13":"purchasable","14":"product-type-variable"},"acf":{"auteur":"Florine Hedal","date_parution":"20190724","bestseller":false,"librairie":false},"aioseo_notices":[],"_links":{"self":[{"href":"https:\/\/butterfly-editions.com\/index.php\/wp-json\/wp\/v2\/product\/6593","targetHints":{"allow":["GET"]}}],"collection":[{"href":"https:\/\/butterfly-editions.com\/index.php\/wp-json\/wp\/v2\/product"}],"about":[{"href":"https:\/\/butterfly-editions.com\/index.php\/wp-json\/wp\/v2\/types\/product"}],"replies":[{"embeddable":true,"href":"https:\/\/butterfly-editions.com\/index.php\/wp-json\/wp\/v2\/comments?post=6593"}],"wp:featuredmedia":[{"embeddable":true,"href":"https:\/\/butterfly-editions.com\/index.php\/wp-json\/wp\/v2\/media\/6656"}],"wp:attachment":[{"href":"https:\/\/butterfly-editions.com\/index.php\/wp-json\/wp\/v2\/media?parent=6593"}],"wp:term":[{"taxonomy":"product_brand","embeddable":true,"href":"https:\/\/butterfly-editions.com\/index.php\/wp-json\/wp\/v2\/product_brand?post=6593"},{"taxonomy":"product_cat","embeddable":true,"href":"https:\/\/butterfly-editions.com\/index.php\/wp-json\/wp\/v2\/product_cat?post=6593"},{"taxonomy":"product_tag","embeddable":true,"href":"https:\/\/butterfly-editions.com\/index.php\/wp-json\/wp\/v2\/product_tag?post=6593"}],"curies":[{"name":"wp","href":"https:\/\/api.w.org\/{rel}","templated":true}]}}