{"id":6591,"date":"2024-09-01T13:40:14","date_gmt":"2024-09-01T12:40:14","guid":{"rendered":"https:\/\/butterfly-editions.com\/?post_type=product&#038;p=6591"},"modified":"2026-01-28T15:39:39","modified_gmt":"2026-01-28T14:39:39","slug":"supreme-desir-1-de-florine-hedal","status":"publish","type":"product","link":"https:\/\/butterfly-editions.com\/index.php\/produit\/supreme-desir-1-de-florine-hedal\/","title":{"rendered":"Supr\u00eames Interdits T1 &#8211; Supr\u00eame D\u00e9sir"},"content":{"rendered":"<p>Bye bye le Canada, rebonjour la France ! Apr\u00e8s une ann\u00e9e d&rsquo;\u00e9tude pass\u00e9e \u00e0 l&rsquo;\u00e9tranger, Calista est enfin de retour \u00e0 la Ferme o\u00f9 l\u2019ambiance rock&rsquo;n&rsquo;roll n\u2019a pas chang\u00e9 depuis son enfance. Mais si la jeune femme est heureuse de retrouver sa famille, Basile ne semble pas partager l&rsquo;enthousiasme g\u00e9n\u00e9ral&#8230;<br \/>\nBasile, l&rsquo;ami d&rsquo;enfance qu&rsquo;elle consid\u00e8re presque comme son fr\u00e8re. Basile, plus impulsif, cynique et torride que jamais.<br \/>\nL&rsquo;homme serait-il troubl\u00e9 par la nouvelle Calista, sortie de sa chrysalide pour devenir le plus attirant des papillons ?<br \/>\nL&rsquo;attraction est ind\u00e9niable. Le p\u00e9ch\u00e9 est proche. Attention \u00e0 ne pas se br\u00fbler les ailes&#8230;<\/p>\n<div id=\"richProductInformation_feature_div\" class=\"celwidget\" data-feature-name=\"richProductInformation\" data-csa-c-id=\"b27tmy-282sjt-giqord-oqi624\" data-cel-widget=\"richProductInformation_feature_div\">\n<div id=\"rich_product_information\" class=\"a-section a-spacing-none celwidget\" data-csa-c-id=\"19wyq6-cgerxe-l6z22f-r8purq\" data-cel-widget=\"rich_product_information\"><a href=\"https:\/\/www.amazon.fr\/Supr%C3%AAme-D%C3%A9sir-1-Florine-Hedal-ebook\/dp\/B07NLLQS12\/ref=sr_1_1?__mk_fr_FR=%C3%85M%C3%85%C5%BD%C3%95%C3%91&amp;keywords=supr%C3%AAme+d%C3%A9sir&amp;qid=1638977802&amp;sr=8-1\"><img loading=\"lazy\" decoding=\"async\" class=\"n3VNCb alignleft\" src=\"https:\/\/logos-world.net\/wp-content\/uploads\/2020\/03\/Amazon-Kindle-Symbol.png\" alt=\"Amazon Kindle Logo, history, meaning, symbol, PNG\" width=\"94\" height=\"53\" data-noaft=\"1\" \/><\/a><a href=\"https:\/\/play.google.com\/store\/books\/details\/Florine_Hedal_Supr%C3%AAme_D%C3%A9sir_1?id=EN6NDwAAQBAJ&amp;gl=FR\"><img loading=\"lazy\" decoding=\"async\" class=\"alignleft\" src=\"https:\/\/upload.wikimedia.org\/wikipedia\/commons\/3\/3b\/Google_livres.png\" width=\"106\" height=\"40\" \/><\/a><a href=\"https:\/\/www.kobo.com\/fr\/fr\/ebook\/supreme-desir-1\"><img loading=\"lazy\" decoding=\"async\" class=\"alignleft\" src=\"https:\/\/download.logo.wine\/logo\/Kobo_eReader\/Kobo_eReader-Logo.wine.png\" width=\"90\" height=\"60\" \/><\/a><a href=\"https:\/\/books.apple.com\/fr\/book\/id1457097532\"><img loading=\"lazy\" decoding=\"async\" class=\"alignleft\" src=\"https:\/\/support.apple.com\/content\/dam\/edam\/applecare\/images\/en_US\/social\/thumbnail\/ios11-ibooks-app_2x.png\" width=\"52\" height=\"52\" \/><\/a><\/div>\n<\/div>\n<div data-csa-c-id=\"19wyq6-cgerxe-l6z22f-r8purq\" data-cel-widget=\"rich_product_information\"><\/div>\n","protected":false},"excerpt":{"rendered":"<p>Bye bye le Canada, rebonjour la France ! Apr\u00e8s une ann\u00e9e d&rsquo;\u00e9tude pass\u00e9e \u00e0 l&rsquo;\u00e9tranger, Calista est enfin de retour \u00e0 la Ferme o\u00f9 l\u2019ambiance rock&rsquo;n&rsquo;roll n\u2019a pas chang\u00e9 depuis son enfance. Mais si la jeune femme est heureuse de retrouver sa famille, Basile ne semble pas partager l&rsquo;enthousiasme g\u00e9n\u00e9ral&#8230; Basile, l&rsquo;ami d&rsquo;enfance qu&rsquo;elle consid\u00e8re [&hellip;]<\/p>\n","protected":false},"featured_media":6651,"comment_status":"open","ping_status":"closed","template":"","meta":{"_acf_changed":false,"content-type":""},"product_brand":[],"product_cat":[461],"product_tag":[],"class_list":{"0":"post-6591","1":"product","2":"type-product","3":"status-publish","4":"has-post-thumbnail","6":"product_cat-romance-contemporaine","8":"first","9":"outofstock","10":"sold-individually","11":"taxable","12":"shipping-taxable","13":"purchasable","14":"product-type-variable"},"acf":{"auteur":"Florine Hedal","date_parution":"20190328","bestseller":false,"librairie":false},"aioseo_notices":[],"_links":{"self":[{"href":"https:\/\/butterfly-editions.com\/index.php\/wp-json\/wp\/v2\/product\/6591","targetHints":{"allow":["GET"]}}],"collection":[{"href":"https:\/\/butterfly-editions.com\/index.php\/wp-json\/wp\/v2\/product"}],"about":[{"href":"https:\/\/butterfly-editions.com\/index.php\/wp-json\/wp\/v2\/types\/product"}],"replies":[{"embeddable":true,"href":"https:\/\/butterfly-editions.com\/index.php\/wp-json\/wp\/v2\/comments?post=6591"}],"wp:featuredmedia":[{"embeddable":true,"href":"https:\/\/butterfly-editions.com\/index.php\/wp-json\/wp\/v2\/media\/6651"}],"wp:attachment":[{"href":"https:\/\/butterfly-editions.com\/index.php\/wp-json\/wp\/v2\/media?parent=6591"}],"wp:term":[{"taxonomy":"product_brand","embeddable":true,"href":"https:\/\/butterfly-editions.com\/index.php\/wp-json\/wp\/v2\/product_brand?post=6591"},{"taxonomy":"product_cat","embeddable":true,"href":"https:\/\/butterfly-editions.com\/index.php\/wp-json\/wp\/v2\/product_cat?post=6591"},{"taxonomy":"product_tag","embeddable":true,"href":"https:\/\/butterfly-editions.com\/index.php\/wp-json\/wp\/v2\/product_tag?post=6591"}],"curies":[{"name":"wp","href":"https:\/\/api.w.org\/{rel}","templated":true}]}}