{"id":6590,"date":"2024-09-01T13:40:13","date_gmt":"2024-09-01T12:40:13","guid":{"rendered":"https:\/\/butterfly-editions.com\/?post_type=product&#038;p=6590"},"modified":"2026-01-28T15:45:36","modified_gmt":"2026-01-28T14:45:36","slug":"supreme-passion-4-de-florine-hedal","status":"publish","type":"product","link":"https:\/\/butterfly-editions.com\/index.php\/produit\/supreme-passion-4-de-florine-hedal\/","title":{"rendered":"Supr\u00eames Interdits T4 &#8211; Supr\u00eame Passion"},"content":{"rendered":"<p>Le temps passe et marque les \u00e2mes. Certains se perdent, d\u2019autres se trouvent. Calista, en abandonnant d\u00e9finitivement la Ferme, semble r\u00e9aliser les r\u00eaves qui n\u2019\u00e9taient plus r\u00e9ellement les siens dans son sublime appartement de la capitale.<br \/>\nSa famille, oubli\u00e9e. Ses amis, oubli\u00e9s. Basile, son ami, son amant, son amour, son sang, oubli\u00e9.<br \/>\nLa page est d\u00e9finitivement tourn\u00e9e. \u00c0 moins que le destin d\u00e9cide de s\u2019en m\u00ealer une toute derni\u00e8re fois.<br \/>\nIl suffit parfois d\u2019un malheureux concours de circonstances pour ramener \u00e0 la vie les fant\u00f4mes du pass\u00e9 et les c\u0153urs meurtris&#8230;<\/p>\n<div id=\"richProductInformation_feature_div\" class=\"celwidget\" data-feature-name=\"richProductInformation\" data-csa-c-id=\"b27tmy-282sjt-giqord-oqi624\" data-cel-widget=\"richProductInformation_feature_div\">\n<div id=\"rich_product_information\" class=\"a-section a-spacing-none celwidget\" data-csa-c-id=\"19wyq6-cgerxe-l6z22f-r8purq\" data-cel-widget=\"rich_product_information\"><a href=\"https:\/\/www.amazon.fr\/Supr%C3%AAme-Passion-4-Florine-Hedal-ebook\/dp\/B07XXGKHDM\/ref=reads_cwrtbar_2\/261-6326644-5557065?pd_rd_w=5MyL6&amp;pf_rd_p=13f29fce-ec64-43c3-8a40-f363f4a521f9&amp;pf_rd_r=20RD13REW523JK4QZ6VZ&amp;pd_rd_r=8babfade-b57f-401d-98b9-93107994f3fb&amp;pd_rd_wg=z27JI&amp;pd_rd_i=B07XXGKHDM&amp;psc=1\"><img loading=\"lazy\" decoding=\"async\" class=\"n3VNCb alignleft\" src=\"https:\/\/logos-world.net\/wp-content\/uploads\/2020\/03\/Amazon-Kindle-Symbol.png\" alt=\"Amazon Kindle Logo, history, meaning, symbol, PNG\" width=\"94\" height=\"53\" data-noaft=\"1\" \/><\/a><a href=\"https:\/\/play.google.com\/store\/books\/details\/Florine_Hedal_Supr%C3%AAme_Passion_4?id=0sKvDwAAQBAJ&amp;gl=FR\"><img loading=\"lazy\" decoding=\"async\" class=\"alignleft\" src=\"https:\/\/upload.wikimedia.org\/wikipedia\/commons\/3\/3b\/Google_livres.png\" width=\"106\" height=\"40\" \/><\/a><a href=\"https:\/\/www.kobo.com\/fr\/fr\/ebook\/supreme-passion-4\"><img loading=\"lazy\" decoding=\"async\" class=\"alignleft\" src=\"https:\/\/download.logo.wine\/logo\/Kobo_eReader\/Kobo_eReader-Logo.wine.png\" width=\"90\" height=\"60\" \/><\/a><a href=\"https:\/\/books.apple.com\/fr\/book\/id1480163415\"><img loading=\"lazy\" decoding=\"async\" class=\"alignleft\" src=\"https:\/\/support.apple.com\/content\/dam\/edam\/applecare\/images\/en_US\/social\/thumbnail\/ios11-ibooks-app_2x.png\" width=\"52\" height=\"52\" \/><\/a><\/div>\n<\/div>\n<div data-csa-c-id=\"19wyq6-cgerxe-l6z22f-r8purq\" data-cel-widget=\"rich_product_information\"><\/div>\n","protected":false},"excerpt":{"rendered":"<p>Le temps passe et marque les \u00e2mes. Certains se perdent, d\u2019autres se trouvent. Calista, en abandonnant d\u00e9finitivement la Ferme, semble r\u00e9aliser les r\u00eaves qui n\u2019\u00e9taient plus r\u00e9ellement les siens dans son sublime appartement de la capitale.<br \/>\nSa famille, oubli\u00e9e. Ses amis, oubli\u00e9s. Basile, son ami, son amant, son amour, son sang, oubli\u00e9.<br \/>\nLa page est d\u00e9finitivement tourn\u00e9e. \u00c0 moins que le destin d\u00e9cide de s\u2019en m\u00ealer une toute derni\u00e8re fois.<br \/>\nIl suffit parfois d\u2019un malheureux concours de circonstances pour ramener \u00e0 la vie les fant\u00f4mes du pass\u00e9 et les c\u0153urs meurtris&#8230;<\/p>\n","protected":false},"featured_media":6647,"comment_status":"open","ping_status":"closed","template":"","meta":{"_acf_changed":false,"content-type":""},"product_brand":[],"product_cat":[461],"product_tag":[],"class_list":{"0":"post-6590","1":"product","2":"type-product","3":"status-publish","4":"has-post-thumbnail","6":"product_cat-romance-contemporaine","8":"first","9":"instock","10":"sold-individually","11":"taxable","12":"shipping-taxable","13":"purchasable","14":"product-type-variable"},"acf":{"auteur":"Florine Hedal","date_parution":"20190917","bestseller":false,"librairie":false},"aioseo_notices":[],"_links":{"self":[{"href":"https:\/\/butterfly-editions.com\/index.php\/wp-json\/wp\/v2\/product\/6590","targetHints":{"allow":["GET"]}}],"collection":[{"href":"https:\/\/butterfly-editions.com\/index.php\/wp-json\/wp\/v2\/product"}],"about":[{"href":"https:\/\/butterfly-editions.com\/index.php\/wp-json\/wp\/v2\/types\/product"}],"replies":[{"embeddable":true,"href":"https:\/\/butterfly-editions.com\/index.php\/wp-json\/wp\/v2\/comments?post=6590"}],"wp:featuredmedia":[{"embeddable":true,"href":"https:\/\/butterfly-editions.com\/index.php\/wp-json\/wp\/v2\/media\/6647"}],"wp:attachment":[{"href":"https:\/\/butterfly-editions.com\/index.php\/wp-json\/wp\/v2\/media?parent=6590"}],"wp:term":[{"taxonomy":"product_brand","embeddable":true,"href":"https:\/\/butterfly-editions.com\/index.php\/wp-json\/wp\/v2\/product_brand?post=6590"},{"taxonomy":"product_cat","embeddable":true,"href":"https:\/\/butterfly-editions.com\/index.php\/wp-json\/wp\/v2\/product_cat?post=6590"},{"taxonomy":"product_tag","embeddable":true,"href":"https:\/\/butterfly-editions.com\/index.php\/wp-json\/wp\/v2\/product_tag?post=6590"}],"curies":[{"name":"wp","href":"https:\/\/api.w.org\/{rel}","templated":true}]}}