{"id":6585,"date":"2024-09-01T13:40:13","date_gmt":"2024-09-01T12:40:13","guid":{"rendered":"https:\/\/butterfly-editions.com\/?post_type=product&#038;p=6585"},"modified":"2026-01-29T10:08:06","modified_gmt":"2026-01-29T09:08:06","slug":"confusions-intimes-de-sarina-cassint","status":"publish","type":"product","link":"https:\/\/butterfly-editions.com\/index.php\/produit\/confusions-intimes-de-sarina-cassint\/","title":{"rendered":"Confusions intimes"},"content":{"rendered":"<p><strong>Attirant, sexy&#8230; diaboliquement exasp\u00e9rant !<\/strong><\/p>\n<p>Wayne a une r\u00e8gle : pas d&rsquo;attache, pas de sentiments. Jamais.<br \/>\nCaitlin, elle, ne cherche pas le grand amour. S&rsquo;amuser, oui, mais en respectant tout de m\u00eame certains principes auxquels elle tient.<br \/>\nQuand ces deux-l\u00e0 se rencontrent aux sports d&rsquo;hiver, l&rsquo;attirance est imm\u00e9diate. Une semaine en mode sexfriends, \u00e0 la montagne, quoi de mieux pour passer de bonnes vacances ?<\/p>\n<p><em>Sauf qu&rsquo;ils ne s&rsquo;imaginaient pas, un seul instant, que la vie les rapproche une nouvelle fois d&rsquo;une fa\u00e7on totalement&#8230; inattendue.<\/em><\/p>\n<div data-csa-c-id=\"19wyq6-cgerxe-l6z22f-r8purq\" data-cel-widget=\"rich_product_information\"><\/div>\n","protected":false},"excerpt":{"rendered":"<p>Attirant, sexy&#8230; diaboliquement exasp\u00e9rant ! Wayne a une r\u00e8gle : pas d&rsquo;attache, pas de sentiments. Jamais. Caitlin, elle, ne cherche pas le grand amour. S&rsquo;amuser, oui, mais en respectant tout de m\u00eame certains principes auxquels elle tient. Quand ces deux-l\u00e0 se rencontrent aux sports d&rsquo;hiver, l&rsquo;attirance est imm\u00e9diate. Une semaine en mode sexfriends, \u00e0 la [&hellip;]<\/p>\n","protected":false},"featured_media":6633,"comment_status":"open","ping_status":"closed","template":"","meta":{"_acf_changed":false,"content-type":""},"product_brand":[],"product_cat":[461],"product_tag":[],"class_list":{"0":"post-6585","1":"product","2":"type-product","3":"status-publish","4":"has-post-thumbnail","6":"product_cat-romance-contemporaine","8":"first","9":"outofstock","10":"sold-individually","11":"taxable","12":"shipping-taxable","13":"purchasable","14":"product-type-variable"},"acf":{"auteur":"Sarina Cassint","date_parution":"20191122","bestseller":false,"librairie":false},"aioseo_notices":[],"_links":{"self":[{"href":"https:\/\/butterfly-editions.com\/index.php\/wp-json\/wp\/v2\/product\/6585","targetHints":{"allow":["GET"]}}],"collection":[{"href":"https:\/\/butterfly-editions.com\/index.php\/wp-json\/wp\/v2\/product"}],"about":[{"href":"https:\/\/butterfly-editions.com\/index.php\/wp-json\/wp\/v2\/types\/product"}],"replies":[{"embeddable":true,"href":"https:\/\/butterfly-editions.com\/index.php\/wp-json\/wp\/v2\/comments?post=6585"}],"wp:featuredmedia":[{"embeddable":true,"href":"https:\/\/butterfly-editions.com\/index.php\/wp-json\/wp\/v2\/media\/6633"}],"wp:attachment":[{"href":"https:\/\/butterfly-editions.com\/index.php\/wp-json\/wp\/v2\/media?parent=6585"}],"wp:term":[{"taxonomy":"product_brand","embeddable":true,"href":"https:\/\/butterfly-editions.com\/index.php\/wp-json\/wp\/v2\/product_brand?post=6585"},{"taxonomy":"product_cat","embeddable":true,"href":"https:\/\/butterfly-editions.com\/index.php\/wp-json\/wp\/v2\/product_cat?post=6585"},{"taxonomy":"product_tag","embeddable":true,"href":"https:\/\/butterfly-editions.com\/index.php\/wp-json\/wp\/v2\/product_tag?post=6585"}],"curies":[{"name":"wp","href":"https:\/\/api.w.org\/{rel}","templated":true}]}}