{"id":6532,"date":"2024-09-01T13:39:04","date_gmt":"2024-09-01T12:39:04","guid":{"rendered":"https:\/\/butterfly-editions.com\/?post_type=product&#038;p=6532"},"modified":"2026-01-28T15:59:49","modified_gmt":"2026-01-28T14:59:49","slug":"inaccessible-boss-nouvelle-edition-de-christy-allan","status":"publish","type":"product","link":"https:\/\/butterfly-editions.com\/index.php\/produit\/inaccessible-boss-nouvelle-edition-de-christy-allan\/","title":{"rendered":"Inaccessible Boss"},"content":{"rendered":"<p><strong>Secret, sombre&#8230; mais \u00e0 tomber. Un boss hautement interdit&#8230;<\/strong><\/p>\n<p>Rapha\u00ebl, trentenaire sexy, g\u00e8re le nouveau complexe h\u00f4telier familial.<br \/>\nJade, bosseuse, veut prouver qu&rsquo;elle est capable de rebondir apr\u00e8s une p\u00e9riode difficile. En acceptant un poste dans le clinquant h\u00f4tel de sa ville, elle ne s&rsquo;attend pas \u00e0 ce que son plus grand probl\u00e8me devienne&#8230; son BOSS !<br \/>\nSecret, inaccessible, arrogant, Rapha\u00ebl la d\u00e9sire tout autant qu&rsquo;il semble vouloir lui mettre des b\u00e2tons dans les roues.<\/p>\n<p><em>Quand le chaud et le froid se rencontrent, \u00e9tincelles garanties en vue&#8230;<\/em><\/p>\n<p>***<\/p>\n<p>Ce livre a pr\u00e9c\u00e9demment \u00e9t\u00e9 commercialis\u00e9 sous le titre Opposed.<\/p>\n<div id=\"richProductInformation_feature_div\" class=\"celwidget\" data-feature-name=\"richProductInformation\" data-csa-c-id=\"b27tmy-282sjt-giqord-oqi624\" data-cel-widget=\"richProductInformation_feature_div\"><\/div>\n","protected":false},"excerpt":{"rendered":"<p>Secret, sombre&#8230; mais \u00e0 tomber. Un boss hautement interdit&#8230; Rapha\u00ebl, trentenaire sexy, g\u00e8re le nouveau complexe h\u00f4telier familial. Jade, bosseuse, veut prouver qu&rsquo;elle est capable de rebondir apr\u00e8s une p\u00e9riode difficile. En acceptant un poste dans le clinquant h\u00f4tel de sa ville, elle ne s&rsquo;attend pas \u00e0 ce que son plus grand probl\u00e8me devienne&#8230; son [&hellip;]<\/p>\n","protected":false},"featured_media":6612,"comment_status":"open","ping_status":"closed","template":"","meta":{"_acf_changed":false,"content-type":""},"product_brand":[],"product_cat":[461],"product_tag":[],"class_list":{"0":"post-6532","1":"product","2":"type-product","3":"status-publish","4":"has-post-thumbnail","6":"product_cat-romance-contemporaine","8":"first","9":"outofstock","10":"sold-individually","11":"taxable","12":"shipping-taxable","13":"purchasable","14":"product-type-variable"},"acf":{"auteur":"Christy Allan","date_parution":"20200213","bestseller":false,"librairie":false},"aioseo_notices":[],"_links":{"self":[{"href":"https:\/\/butterfly-editions.com\/index.php\/wp-json\/wp\/v2\/product\/6532","targetHints":{"allow":["GET"]}}],"collection":[{"href":"https:\/\/butterfly-editions.com\/index.php\/wp-json\/wp\/v2\/product"}],"about":[{"href":"https:\/\/butterfly-editions.com\/index.php\/wp-json\/wp\/v2\/types\/product"}],"replies":[{"embeddable":true,"href":"https:\/\/butterfly-editions.com\/index.php\/wp-json\/wp\/v2\/comments?post=6532"}],"wp:featuredmedia":[{"embeddable":true,"href":"https:\/\/butterfly-editions.com\/index.php\/wp-json\/wp\/v2\/media\/6612"}],"wp:attachment":[{"href":"https:\/\/butterfly-editions.com\/index.php\/wp-json\/wp\/v2\/media?parent=6532"}],"wp:term":[{"taxonomy":"product_brand","embeddable":true,"href":"https:\/\/butterfly-editions.com\/index.php\/wp-json\/wp\/v2\/product_brand?post=6532"},{"taxonomy":"product_cat","embeddable":true,"href":"https:\/\/butterfly-editions.com\/index.php\/wp-json\/wp\/v2\/product_cat?post=6532"},{"taxonomy":"product_tag","embeddable":true,"href":"https:\/\/butterfly-editions.com\/index.php\/wp-json\/wp\/v2\/product_tag?post=6532"}],"curies":[{"name":"wp","href":"https:\/\/api.w.org\/{rel}","templated":true}]}}