{"id":6529,"date":"2024-09-01T13:39:03","date_gmt":"2024-09-01T12:39:03","guid":{"rendered":"https:\/\/butterfly-editions.com\/?post_type=product&#038;p=6529"},"modified":"2026-01-28T14:03:13","modified_gmt":"2026-01-28T13:03:13","slug":"broken-boss-de-sofia-gch","status":"publish","type":"product","link":"https:\/\/butterfly-editions.com\/index.php\/produit\/broken-boss-de-sofia-gch\/","title":{"rendered":"Broken Boss"},"content":{"rendered":"<p><strong>Nouvelle boss, nouvelle coloc&rsquo;&#8230; nouveaux ennuis \u00e0 l&rsquo;horizon ?<\/strong><\/p>\n<p>Max est secret, attirant&#8230; et sacr\u00e9ment culott\u00e9 ! Roi du forcing, il arrive \u00e0 d\u00e9crocher un travail dans l&rsquo;agence immobili\u00e8re de Charly&#8230; et une chambre provisoire dans l&rsquo;appartement de sa nouvelle boss.<br \/>\nL\u2019arriv\u00e9e inopin\u00e9e de ce dernier va faire ressurgir les vieux d\u00e9mons de Charly. Que cache-t-il ? Pourquoi souhaite-t-il repartir de z\u00e9ro ?<\/p>\n<p><em>Entre eux commence un jeu de s\u00e9duction aussi inattendu qu&rsquo;excitant&#8230; Attention, la partie s&rsquo;annonce bien plus dangereuse que pr\u00e9vue&#8230;<\/em><\/p>\n<p>***<br \/>\nPr\u00e9c\u00e9demment \u00e9dit\u00e9 sous le titre \u00ab\u00a0Pas bris\u00e9s juste ab\u00eem\u00e9s\u00a0\u00bb.<\/p>\n","protected":false},"excerpt":{"rendered":"<p>Nouvelle boss, nouvelle coloc&rsquo;&#8230; nouveaux ennuis \u00e0 l&rsquo;horizon ? Max est secret, attirant&#8230; et sacr\u00e9ment culott\u00e9 ! Roi du forcing, il arrive \u00e0 d\u00e9crocher un travail dans l&rsquo;agence immobili\u00e8re de Charly&#8230; et une chambre provisoire dans l&rsquo;appartement de sa nouvelle boss. L\u2019arriv\u00e9e inopin\u00e9e de ce dernier va faire ressurgir les vieux d\u00e9mons de Charly. Que [&hellip;]<\/p>\n","protected":false},"featured_media":6578,"comment_status":"open","ping_status":"closed","template":"","meta":{"_acf_changed":false,"content-type":""},"product_brand":[],"product_cat":[461],"product_tag":[],"class_list":{"0":"post-6529","1":"product","2":"type-product","3":"status-publish","4":"has-post-thumbnail","6":"product_cat-romance-contemporaine","8":"first","9":"outofstock","10":"sold-individually","11":"taxable","12":"shipping-taxable","13":"purchasable","14":"product-type-variable"},"acf":{"auteur":"Sofia Gch","date_parution":"20200909","bestseller":false,"librairie":false},"aioseo_notices":[],"_links":{"self":[{"href":"https:\/\/butterfly-editions.com\/index.php\/wp-json\/wp\/v2\/product\/6529","targetHints":{"allow":["GET"]}}],"collection":[{"href":"https:\/\/butterfly-editions.com\/index.php\/wp-json\/wp\/v2\/product"}],"about":[{"href":"https:\/\/butterfly-editions.com\/index.php\/wp-json\/wp\/v2\/types\/product"}],"replies":[{"embeddable":true,"href":"https:\/\/butterfly-editions.com\/index.php\/wp-json\/wp\/v2\/comments?post=6529"}],"wp:featuredmedia":[{"embeddable":true,"href":"https:\/\/butterfly-editions.com\/index.php\/wp-json\/wp\/v2\/media\/6578"}],"wp:attachment":[{"href":"https:\/\/butterfly-editions.com\/index.php\/wp-json\/wp\/v2\/media?parent=6529"}],"wp:term":[{"taxonomy":"product_brand","embeddable":true,"href":"https:\/\/butterfly-editions.com\/index.php\/wp-json\/wp\/v2\/product_brand?post=6529"},{"taxonomy":"product_cat","embeddable":true,"href":"https:\/\/butterfly-editions.com\/index.php\/wp-json\/wp\/v2\/product_cat?post=6529"},{"taxonomy":"product_tag","embeddable":true,"href":"https:\/\/butterfly-editions.com\/index.php\/wp-json\/wp\/v2\/product_tag?post=6529"}],"curies":[{"name":"wp","href":"https:\/\/api.w.org\/{rel}","templated":true}]}}