{"id":6517,"date":"2024-09-01T13:38:42","date_gmt":"2024-09-01T12:38:42","guid":{"rendered":"https:\/\/butterfly-editions.com\/?post_type=product&#038;p=6517"},"modified":"2026-01-27T16:49:04","modified_gmt":"2026-01-27T15:49:04","slug":"love-for-life-tome-3-de-ava-krol","status":"publish","type":"product","link":"https:\/\/butterfly-editions.com\/index.php\/produit\/love-for-life-tome-3-de-ava-krol\/","title":{"rendered":"Love T3 &#8211; Love for life"},"content":{"rendered":"<p>Alors que Mila file le parfait amour avec Lucas, Andreas revient pour quarante-huit heures, plus d\u00e9cid\u00e9 que jamais \u00e0 la reconqu\u00e9rir.<br \/>\nSi cette derni\u00e8re pense que son c\u0153ur appartient d\u00e9sormais \u00e0 Lucas, la venue de son ancien amant va faire voler en \u00e9clats toutes ses certitudes. Amoureuse enflamm\u00e9e, romantique, incorrigible fleur bleue, Mila saura-t-elle surmonter les ranc\u0153urs, les d\u00e9sillusions, pour avoir droit au bonheur ?<br \/>\nAvec lequel des fr\u00e8res Bellefond finira-t-elle sa vie ? D&rsquo;Andreas ou de Lucas, qui aura sa pr\u00e9f\u00e9rence ?<\/p>\n","protected":false},"excerpt":{"rendered":"<p>Alors que Mila file le parfait amour avec Lucas, Andreas revient pour quarante-huit heures, plus d\u00e9cid\u00e9 que jamais \u00e0 la reconqu\u00e9rir. Si cette derni\u00e8re pense que son c\u0153ur appartient d\u00e9sormais \u00e0 Lucas, la venue de son ancien amant va faire voler en \u00e9clats toutes ses certitudes. Amoureuse enflamm\u00e9e, romantique, incorrigible fleur bleue, Mila saura-t-elle surmonter [&hellip;]<\/p>\n","protected":false},"featured_media":6575,"comment_status":"open","ping_status":"closed","template":"","meta":{"_acf_changed":false,"content-type":""},"product_brand":[],"product_cat":[461],"product_tag":[],"class_list":{"0":"post-6517","1":"product","2":"type-product","3":"status-publish","4":"has-post-thumbnail","6":"product_cat-romance-contemporaine","8":"first","9":"outofstock","10":"sold-individually","11":"taxable","12":"shipping-taxable","13":"purchasable","14":"product-type-variable"},"acf":{"auteur":"Ava Krol","date_parution":"20160509","bestseller":false,"librairie":false},"aioseo_notices":[],"_links":{"self":[{"href":"https:\/\/butterfly-editions.com\/index.php\/wp-json\/wp\/v2\/product\/6517","targetHints":{"allow":["GET"]}}],"collection":[{"href":"https:\/\/butterfly-editions.com\/index.php\/wp-json\/wp\/v2\/product"}],"about":[{"href":"https:\/\/butterfly-editions.com\/index.php\/wp-json\/wp\/v2\/types\/product"}],"replies":[{"embeddable":true,"href":"https:\/\/butterfly-editions.com\/index.php\/wp-json\/wp\/v2\/comments?post=6517"}],"wp:featuredmedia":[{"embeddable":true,"href":"https:\/\/butterfly-editions.com\/index.php\/wp-json\/wp\/v2\/media\/6575"}],"wp:attachment":[{"href":"https:\/\/butterfly-editions.com\/index.php\/wp-json\/wp\/v2\/media?parent=6517"}],"wp:term":[{"taxonomy":"product_brand","embeddable":true,"href":"https:\/\/butterfly-editions.com\/index.php\/wp-json\/wp\/v2\/product_brand?post=6517"},{"taxonomy":"product_cat","embeddable":true,"href":"https:\/\/butterfly-editions.com\/index.php\/wp-json\/wp\/v2\/product_cat?post=6517"},{"taxonomy":"product_tag","embeddable":true,"href":"https:\/\/butterfly-editions.com\/index.php\/wp-json\/wp\/v2\/product_tag?post=6517"}],"curies":[{"name":"wp","href":"https:\/\/api.w.org\/{rel}","templated":true}]}}