{"id":6512,"date":"2024-09-01T13:38:41","date_gmt":"2024-09-01T12:38:41","guid":{"rendered":"https:\/\/butterfly-editions.com\/?post_type=product&#038;p=6512"},"modified":"2026-01-28T11:32:47","modified_gmt":"2026-01-28T10:32:47","slug":"just-hold-on-de-isla-a","status":"publish","type":"product","link":"https:\/\/butterfly-editions.com\/index.php\/produit\/just-hold-on-de-isla-a\/","title":{"rendered":"Just hold on"},"content":{"rendered":"<p>Karys croque la vie \u00e0 pleine dents. Son assurance naturelle ainsi que son exub\u00e9rance ont toujours \u00e9t\u00e9 ses meilleures alli\u00e9es pour briser chaque barri\u00e8re s&rsquo;\u00e9rigeant sur sa route. Aussi, lorsqu\u2019elle fait la connaissance de Caleb, la jeune femme est loin de s&rsquo;imaginer que cette rencontre va la plonger dans les abysses creusant l&rsquo;\u00e2me de cet homme obscur et fascinant.<\/p>\n<p>Pour Caleb, la vie n&rsquo;est qu&rsquo;un pi\u00e8ge qui, depuis son enfance, referme ses m\u00e2choires d&rsquo;acier sur lui, le tuant \u00e0 petit feu. Alors, lorsque cette brune aux yeux verts, si confiante, s&rsquo;offre \u00e0 lui, le c\u0153ur \u00e0 d\u00e9couvert, c&rsquo;est sans h\u00e9siter que, par \u00e9go\u00efsme, le jeune homme l&rsquo;entra\u00eene dans son enfer.<\/p>\n<p>Karys d\u00e9couvre, \u00e0 ses d\u00e9pens, que Caleb est un homme aux facettes multiples, p\u00e9tri de contradictions et de secrets bien trop lourds \u00e0 porter. Elle d\u00e9cide de le fuir, lui et ses d\u00e9mons, refusant de sacrifier son bonheur \u00e0 qui que ce soit. Toutefois, le destin le leur a d\u00e9j\u00e0 prouv\u00e9 \u00e0 multiples reprises : la cruaut\u00e9 des sentiments, il s&rsquo;en moque.<\/p>\n<p>Deux ans plus tard, les existences de Karys et Caleb se retrouveront de nouveau emm\u00eal\u00e9es, mais \u00e0 quel prix ? Et si, Caleb, \u00e9tait effectivement ce monstre qu&rsquo;il pr\u00e9tend incarner ?<\/p>\n<p><em>Ce livre a pr\u00e9c\u00e9demment \u00e9t\u00e9 commercialis\u00e9 sous le titre La perle rose.<\/em><\/p>\n<p>***<\/p>\n<p><em>\u00ab\u00a0\u2014 Tu as raison. Je suis persuad\u00e9e que mon prince est l\u00e0, quelque part. Et je sais que c&rsquo;est lui et aucun autre qui m&rsquo;est destin\u00e9. Toutefois, je ne suis pas d\u00e9bile au point de croire qu&rsquo;il m&rsquo;attend sagement et, honn\u00eatement, j&rsquo;esp\u00e8re bien qu&rsquo;il s&rsquo;\u00e9clate autant que moi&#8230; parce que, bordel, tu imagines ce que \u00e7a va donner quand on va enfin se rencontrer ? Hiroshima, ma Creepy, mais sans le c\u00f4t\u00e9 glauque et morbide du truc&#8230; juste une puissante explosion d\u00e9vastatrice pour nos sens.<\/em><br \/>\n<em>Je ferme les paupi\u00e8res et mes l\u00e8vres s&rsquo;\u00e9tirent en imaginant ce que me r\u00e9serve sans aucun doute l&rsquo;avenir.<\/em><br \/>\n<em>\u2014 \u00c0 supposer que l&rsquo;Amour existe&#8230;<\/em><br \/>\n<em>\u2014 Tais-toi ! Ne viens pas g\u00e2cher la vision que j&rsquo;ai de mon bonheur. Tu as choisi de dire non aux sentiments, pas moi. J&rsquo;ai foi en l&rsquo;amour et je sais du fond de mes tripes que lorsque je le verrai, je le reconna\u00eetrai imm\u00e9diatement.<\/em><\/p>\n<p><em>Et, en effet, j&rsquo;ai su&#8230;\u00a0\u00bb<\/em><\/p>\n","protected":false},"excerpt":{"rendered":"<p>Karys croque la vie \u00e0 pleine dents. Son assurance naturelle ainsi que son exub\u00e9rance ont toujours \u00e9t\u00e9 ses meilleures alli\u00e9es pour briser chaque barri\u00e8re s&rsquo;\u00e9rigeant sur sa route. Aussi, lorsqu\u2019elle fait la connaissance de Caleb, la jeune femme est loin de s&rsquo;imaginer que cette rencontre va la plonger dans les abysses creusant l&rsquo;\u00e2me de cet [&hellip;]<\/p>\n","protected":false},"featured_media":6615,"comment_status":"open","ping_status":"closed","template":"","meta":{"_acf_changed":false,"content-type":""},"product_brand":[],"product_cat":[461],"product_tag":[],"class_list":{"0":"post-6512","1":"product","2":"type-product","3":"status-publish","4":"has-post-thumbnail","6":"product_cat-romance-contemporaine","8":"first","9":"outofstock","10":"sold-individually","11":"taxable","12":"shipping-taxable","13":"purchasable","14":"product-type-variable"},"acf":{"auteur":"Isla A.","date_parution":"20181214","bestseller":false,"librairie":false},"aioseo_notices":[],"_links":{"self":[{"href":"https:\/\/butterfly-editions.com\/index.php\/wp-json\/wp\/v2\/product\/6512","targetHints":{"allow":["GET"]}}],"collection":[{"href":"https:\/\/butterfly-editions.com\/index.php\/wp-json\/wp\/v2\/product"}],"about":[{"href":"https:\/\/butterfly-editions.com\/index.php\/wp-json\/wp\/v2\/types\/product"}],"replies":[{"embeddable":true,"href":"https:\/\/butterfly-editions.com\/index.php\/wp-json\/wp\/v2\/comments?post=6512"}],"wp:featuredmedia":[{"embeddable":true,"href":"https:\/\/butterfly-editions.com\/index.php\/wp-json\/wp\/v2\/media\/6615"}],"wp:attachment":[{"href":"https:\/\/butterfly-editions.com\/index.php\/wp-json\/wp\/v2\/media?parent=6512"}],"wp:term":[{"taxonomy":"product_brand","embeddable":true,"href":"https:\/\/butterfly-editions.com\/index.php\/wp-json\/wp\/v2\/product_brand?post=6512"},{"taxonomy":"product_cat","embeddable":true,"href":"https:\/\/butterfly-editions.com\/index.php\/wp-json\/wp\/v2\/product_cat?post=6512"},{"taxonomy":"product_tag","embeddable":true,"href":"https:\/\/butterfly-editions.com\/index.php\/wp-json\/wp\/v2\/product_tag?post=6512"}],"curies":[{"name":"wp","href":"https:\/\/api.w.org\/{rel}","templated":true}]}}