{"id":6508,"date":"2024-09-01T13:38:41","date_gmt":"2024-09-01T12:38:41","guid":{"rendered":"https:\/\/butterfly-editions.com\/?post_type=product&#038;p=6508"},"modified":"2026-01-28T11:22:45","modified_gmt":"2026-01-28T10:22:45","slug":"confidences-tome-1-de-emilie-billon","status":"publish","type":"product","link":"https:\/\/butterfly-editions.com\/index.php\/produit\/confidences-tome-1-de-emilie-billon\/","title":{"rendered":"Confidences T1"},"content":{"rendered":"<p>Chacune d&rsquo;entre nous veut r\u00e9aliser son propre bonheur \u00e0 travers son couple, sa famille, mais \u00e9galement son accomplissement en tant que femmes.<br \/>\nA notre instar \u00e0 toutes, ce sont les buts recherch\u00e9s par Holly Cadwell.D\u00e9couvrez son histoire au travers de ses rencontres, de sa th\u00e9rapie, de ses d\u00e9sirs, de ses fantasmes, mais aussi de ses limites.<br \/>\nAvant tout, plongez vous dans le combat d&rsquo;une femme amoureuse&#8230;reste \u00e0 savoir de quel homme ?<\/p>\n<div id=\"richProductInformation_feature_div\" class=\"celwidget\" data-feature-name=\"richProductInformation\" data-csa-c-id=\"b27tmy-282sjt-giqord-oqi624\" data-cel-widget=\"richProductInformation_feature_div\"><\/div>\n<div data-csa-c-id=\"19wyq6-cgerxe-l6z22f-r8purq\" data-cel-widget=\"rich_product_information\"><\/div>\n<div data-csa-c-id=\"19wyq6-cgerxe-l6z22f-r8purq\" data-cel-widget=\"rich_product_information\"><\/div>\n","protected":false},"excerpt":{"rendered":"<p>Chacune d&rsquo;entre nous veut r\u00e9aliser son propre bonheur \u00e0 travers son couple, sa famille, mais \u00e9galement son accomplissement en tant que femmes. A notre instar \u00e0 toutes, ce sont les buts recherch\u00e9s par Holly Cadwell.D\u00e9couvrez son histoire au travers de ses rencontres, de sa th\u00e9rapie, de ses d\u00e9sirs, de ses fantasmes, mais aussi de ses [&hellip;]<\/p>\n","protected":false},"featured_media":6561,"comment_status":"open","ping_status":"closed","template":"","meta":{"_acf_changed":false,"content-type":""},"product_brand":[],"product_cat":[461],"product_tag":[],"class_list":{"0":"post-6508","1":"product","2":"type-product","3":"status-publish","4":"has-post-thumbnail","6":"product_cat-romance-contemporaine","8":"first","9":"instock","10":"sold-individually","11":"taxable","12":"shipping-taxable","13":"purchasable","14":"product-type-variable"},"acf":{"auteur":"Emilie Billon","date_parution":"20171130","bestseller":false,"librairie":false},"aioseo_notices":[],"_links":{"self":[{"href":"https:\/\/butterfly-editions.com\/index.php\/wp-json\/wp\/v2\/product\/6508","targetHints":{"allow":["GET"]}}],"collection":[{"href":"https:\/\/butterfly-editions.com\/index.php\/wp-json\/wp\/v2\/product"}],"about":[{"href":"https:\/\/butterfly-editions.com\/index.php\/wp-json\/wp\/v2\/types\/product"}],"replies":[{"embeddable":true,"href":"https:\/\/butterfly-editions.com\/index.php\/wp-json\/wp\/v2\/comments?post=6508"}],"wp:featuredmedia":[{"embeddable":true,"href":"https:\/\/butterfly-editions.com\/index.php\/wp-json\/wp\/v2\/media\/6561"}],"wp:attachment":[{"href":"https:\/\/butterfly-editions.com\/index.php\/wp-json\/wp\/v2\/media?parent=6508"}],"wp:term":[{"taxonomy":"product_brand","embeddable":true,"href":"https:\/\/butterfly-editions.com\/index.php\/wp-json\/wp\/v2\/product_brand?post=6508"},{"taxonomy":"product_cat","embeddable":true,"href":"https:\/\/butterfly-editions.com\/index.php\/wp-json\/wp\/v2\/product_cat?post=6508"},{"taxonomy":"product_tag","embeddable":true,"href":"https:\/\/butterfly-editions.com\/index.php\/wp-json\/wp\/v2\/product_tag?post=6508"}],"curies":[{"name":"wp","href":"https:\/\/api.w.org\/{rel}","templated":true}]}}