{"id":6506,"date":"2024-09-01T13:38:41","date_gmt":"2024-09-01T12:38:41","guid":{"rendered":"https:\/\/butterfly-editions.com\/?post_type=product&#038;p=6506"},"modified":"2026-01-27T13:46:56","modified_gmt":"2026-01-27T12:46:56","slug":"les-lames-de-la-mort-tome-2-de-la-jupe-ecossaise-de-lise-delukas","status":"publish","type":"product","link":"https:\/\/butterfly-editions.com\/index.php\/produit\/les-lames-de-la-mort-tome-2-de-la-jupe-ecossaise-de-lise-delukas\/","title":{"rendered":"La jupe \u00e9cossaire T2 &#8211; Les lames de la mort"},"content":{"rendered":"<p>Ceux qui pr\u00e9tendent voir l\u2019avenir ne m\u00e9ritent qu\u2019une seule sentence : LA MORT.<br \/>\nLe mode op\u00e9ratoire du tueur, analys\u00e9 dans une s\u00e9rie de courriers macabres, oblige le Lieutenant Gabriel Petit du Commissariat de Dunkerque \u00e0 faire appel au meilleur. Le Commandant Vanhaecke.<br \/>\nPour convaincre ce dernier qui, de son c\u00f4t\u00e9, se livre \u00e0 une v\u00e9ritable chasse \u00e0 l\u2019homme, traquant celui que les m\u00e9dias nomment l\u2019Artiste, il n\u2019h\u00e9sitera pas \u00e0 utiliser un argument de choc : Julia Kervadec, victime collat\u00e9rale de l\u2019affaire \u00ab La jupe \u00e9cossaise \u00bb qui a d\u00e9fray\u00e9 toutes les chroniques dans le nord de la France, et pour laquelle le flic dur et froid \u00e9prouve des sentiments troublants.<br \/>\nIl semblerait que cette femme pourrait \u00eatre une pi\u00e8ce ma\u00eetresse, malgr\u00e9 elle, d\u2019un funeste puzzle.<br \/>\nAlors que Vanhaecke tente de r\u00e9soudre les \u00e9nigmes distill\u00e9es au compte-gouttes par un assassin se croyant investi d\u2019une mission, l\u2019odeur de la peur lui colle \u00e0 la peau telle une ombre anonyme, mais \u00e9trangement famili\u00e8re.<\/p>\n<p>Laissez-vous tenter par ce thriller qui vous emm\u00e8nera aux fronti\u00e8res du r\u00e9el, qui, sur fond de drames psychologiques, ne vous laissera aucun r\u00e9pit.<\/p>\n","protected":false},"excerpt":{"rendered":"<p>Ceux qui pr\u00e9tendent voir l\u2019avenir ne m\u00e9ritent qu\u2019une seule sentence : LA MORT. Le mode op\u00e9ratoire du tueur, analys\u00e9 dans une s\u00e9rie de courriers macabres, oblige le Lieutenant Gabriel Petit du Commissariat de Dunkerque \u00e0 faire appel au meilleur. Le Commandant Vanhaecke. Pour convaincre ce dernier qui, de son c\u00f4t\u00e9, se livre \u00e0 une v\u00e9ritable [&hellip;]<\/p>\n","protected":false},"featured_media":6579,"comment_status":"open","ping_status":"closed","template":"","meta":{"_acf_changed":false,"content-type":""},"product_brand":[],"product_cat":[526],"product_tag":[],"class_list":{"0":"post-6506","1":"product","2":"type-product","3":"status-publish","4":"has-post-thumbnail","6":"product_cat-thriller","8":"first","9":"instock","10":"sold-individually","11":"taxable","12":"shipping-taxable","13":"purchasable","14":"product-type-variable"},"acf":{"auteur":"Lise Delukas","date_parution":"20180713","bestseller":false,"librairie":false},"aioseo_notices":[],"_links":{"self":[{"href":"https:\/\/butterfly-editions.com\/index.php\/wp-json\/wp\/v2\/product\/6506","targetHints":{"allow":["GET"]}}],"collection":[{"href":"https:\/\/butterfly-editions.com\/index.php\/wp-json\/wp\/v2\/product"}],"about":[{"href":"https:\/\/butterfly-editions.com\/index.php\/wp-json\/wp\/v2\/types\/product"}],"replies":[{"embeddable":true,"href":"https:\/\/butterfly-editions.com\/index.php\/wp-json\/wp\/v2\/comments?post=6506"}],"wp:featuredmedia":[{"embeddable":true,"href":"https:\/\/butterfly-editions.com\/index.php\/wp-json\/wp\/v2\/media\/6579"}],"wp:attachment":[{"href":"https:\/\/butterfly-editions.com\/index.php\/wp-json\/wp\/v2\/media?parent=6506"}],"wp:term":[{"taxonomy":"product_brand","embeddable":true,"href":"https:\/\/butterfly-editions.com\/index.php\/wp-json\/wp\/v2\/product_brand?post=6506"},{"taxonomy":"product_cat","embeddable":true,"href":"https:\/\/butterfly-editions.com\/index.php\/wp-json\/wp\/v2\/product_cat?post=6506"},{"taxonomy":"product_tag","embeddable":true,"href":"https:\/\/butterfly-editions.com\/index.php\/wp-json\/wp\/v2\/product_tag?post=6506"}],"curies":[{"name":"wp","href":"https:\/\/api.w.org\/{rel}","templated":true}]}}