{"id":6505,"date":"2024-09-01T13:38:41","date_gmt":"2024-09-01T12:38:41","guid":{"rendered":"https:\/\/butterfly-editions.com\/?post_type=product&#038;p=6505"},"modified":"2026-01-27T13:43:00","modified_gmt":"2026-01-27T12:43:00","slug":"la-jupe-ecossaise-de-lise-delukas","status":"publish","type":"product","link":"https:\/\/butterfly-editions.com\/index.php\/produit\/la-jupe-ecossaise-de-lise-delukas\/","title":{"rendered":"La jupe \u00e9cossaise T1"},"content":{"rendered":"<p>En plein c\u0153ur de la campagne flamande, des corps mutil\u00e9s jonchent les remparts paisibles d\u2019une petite ville fortifi\u00e9e.<\/p>\n<p>Le meurtrier signe ses crimes en accrochant au poignet de ses victimes une petite poup\u00e9e v\u00eatue d\u2019une jupe \u00e9cossaise.<\/p>\n<p>Alors que le Commandant de police, Mathieu Vanhaecke, ne se remet pas de la mort de sa compagne assassin\u00e9e sauvagement par celui qui se fait surnommer l\u2019Artiste, il est appel\u00e9 en renfort sur cette sombre enqu\u00eate.<\/p>\n<p>Sa collaboration avec le Capitaine de gendarmerie Kervadec s\u2019annonce houleuse et sa rencontre avec l\u2019\u00e9pouse de ce dernier, la troublante Julia, n\u2019arrange rien.<\/p>\n<p>Commence alors une descente aux enfers qui ne laissera aucun des protagonistes indemnes.<\/p>\n<p>Laissez-vous captiver par cet angoissant thriller et plongez au c\u0153ur de cette histoire bouleversante.<\/p>\n<div id=\"richProductInformation_feature_div\" class=\"celwidget\" data-feature-name=\"richProductInformation\" data-csa-c-id=\"b27tmy-282sjt-giqord-oqi624\" data-cel-widget=\"richProductInformation_feature_div\"><\/div>\n","protected":false},"excerpt":{"rendered":"<p>En plein c\u0153ur de la campagne flamande, des corps mutil\u00e9s jonchent les remparts paisibles d\u2019une petite ville fortifi\u00e9e. Le meurtrier signe ses crimes en accrochant au poignet de ses victimes une petite poup\u00e9e v\u00eatue d\u2019une jupe \u00e9cossaise. Alors que le Commandant de police, Mathieu Vanhaecke, ne se remet pas de la mort de sa compagne [&hellip;]<\/p>\n","protected":false},"featured_media":6681,"comment_status":"open","ping_status":"closed","template":"","meta":{"_acf_changed":false,"content-type":""},"product_brand":[],"product_cat":[526],"product_tag":[],"class_list":{"0":"post-6505","1":"product","2":"type-product","3":"status-publish","4":"has-post-thumbnail","6":"product_cat-thriller","8":"first","9":"instock","10":"sold-individually","11":"taxable","12":"shipping-taxable","13":"purchasable","14":"product-type-variable"},"acf":{"auteur":"Lise Delukas","date_parution":"20170915","bestseller":false,"librairie":false},"aioseo_notices":[],"_links":{"self":[{"href":"https:\/\/butterfly-editions.com\/index.php\/wp-json\/wp\/v2\/product\/6505","targetHints":{"allow":["GET"]}}],"collection":[{"href":"https:\/\/butterfly-editions.com\/index.php\/wp-json\/wp\/v2\/product"}],"about":[{"href":"https:\/\/butterfly-editions.com\/index.php\/wp-json\/wp\/v2\/types\/product"}],"replies":[{"embeddable":true,"href":"https:\/\/butterfly-editions.com\/index.php\/wp-json\/wp\/v2\/comments?post=6505"}],"wp:featuredmedia":[{"embeddable":true,"href":"https:\/\/butterfly-editions.com\/index.php\/wp-json\/wp\/v2\/media\/6681"}],"wp:attachment":[{"href":"https:\/\/butterfly-editions.com\/index.php\/wp-json\/wp\/v2\/media?parent=6505"}],"wp:term":[{"taxonomy":"product_brand","embeddable":true,"href":"https:\/\/butterfly-editions.com\/index.php\/wp-json\/wp\/v2\/product_brand?post=6505"},{"taxonomy":"product_cat","embeddable":true,"href":"https:\/\/butterfly-editions.com\/index.php\/wp-json\/wp\/v2\/product_cat?post=6505"},{"taxonomy":"product_tag","embeddable":true,"href":"https:\/\/butterfly-editions.com\/index.php\/wp-json\/wp\/v2\/product_tag?post=6505"}],"curies":[{"name":"wp","href":"https:\/\/api.w.org\/{rel}","templated":true}]}}