{"id":6503,"date":"2024-09-01T13:38:40","date_gmt":"2024-09-01T12:38:40","guid":{"rendered":"https:\/\/butterfly-editions.com\/?post_type=product&#038;p=6503"},"modified":"2026-01-27T12:11:47","modified_gmt":"2026-01-27T11:11:47","slug":"te-retrouver-tome-2-de-louise-lucas","status":"publish","type":"product","link":"https:\/\/butterfly-editions.com\/index.php\/produit\/te-retrouver-tome-2-de-louise-lucas\/","title":{"rendered":"Te retrouver T2"},"content":{"rendered":"<p><strong>L&rsquo;amour v\u00e9ritable peut-il combattre tous les d\u00e9mons ?<\/strong><\/p>\n<p>Rien ne pr\u00e9disposait Alex et Lena \u00e0 se rencontrer. Encore moins \u00e0 vivre une histoire d&rsquo;amour aussi intense.<br \/>\nDepuis que le jeune homme a perc\u00e9 le secret de Lena, il doit prendre des d\u00e9cisions importantes. Des d\u00e9cisions qui auront un impact r\u00e9el sur la suite de leur relation.<br \/>\nS&rsquo;il veut la sauver, il n&rsquo;a pas le choix : il doit trahir sa confiance.<\/p>\n<p><em>Leur amour survivra-t-il \u00e0 la terrible v\u00e9rit\u00e9 ?<\/em><\/p>\n<p>***<\/p>\n<p><em>\u00ab\u00a0Je suis tomb\u00e9 amoureux. Je suis tomb\u00e9. Trop vite. Trop fort. Et aujourd&rsquo;hui, je douille. \u00c9tal\u00e9 au sol, sans r\u00e9ussir \u00e0 me relever. \u00c0 boire pour oublier. \u00c0 oublier pour continuer d&rsquo;avancer.\u00a0\u00bb<\/em><\/p>\n<div id=\"richProductInformation_feature_div\" class=\"celwidget\" data-feature-name=\"richProductInformation\" data-csa-c-id=\"b27tmy-282sjt-giqord-oqi624\" data-cel-widget=\"richProductInformation_feature_div\"><\/div>\n<div data-csa-c-id=\"19wyq6-cgerxe-l6z22f-r8purq\" data-cel-widget=\"rich_product_information\"><\/div>\n","protected":false},"excerpt":{"rendered":"<p>L&rsquo;amour v\u00e9ritable peut-il combattre tous les d\u00e9mons ? Rien ne pr\u00e9disposait Alex et Lena \u00e0 se rencontrer. Encore moins \u00e0 vivre une histoire d&rsquo;amour aussi intense. Depuis que le jeune homme a perc\u00e9 le secret de Lena, il doit prendre des d\u00e9cisions importantes. Des d\u00e9cisions qui auront un impact r\u00e9el sur la suite de leur [&hellip;]<\/p>\n","protected":false},"featured_media":6595,"comment_status":"open","ping_status":"closed","template":"","meta":{"_acf_changed":false,"content-type":""},"product_brand":[],"product_cat":[461],"product_tag":[474],"class_list":{"0":"post-6503","1":"product","2":"type-product","3":"status-publish","4":"has-post-thumbnail","6":"product_cat-romance-contemporaine","7":"product_tag-secrets","9":"first","10":"instock","11":"sold-individually","12":"taxable","13":"shipping-taxable","14":"purchasable","15":"product-type-simple"},"acf":{"auteur":"Louise Lucas","date_parution":"20190528","bestseller":false,"librairie":false},"aioseo_notices":[],"_links":{"self":[{"href":"https:\/\/butterfly-editions.com\/index.php\/wp-json\/wp\/v2\/product\/6503","targetHints":{"allow":["GET"]}}],"collection":[{"href":"https:\/\/butterfly-editions.com\/index.php\/wp-json\/wp\/v2\/product"}],"about":[{"href":"https:\/\/butterfly-editions.com\/index.php\/wp-json\/wp\/v2\/types\/product"}],"replies":[{"embeddable":true,"href":"https:\/\/butterfly-editions.com\/index.php\/wp-json\/wp\/v2\/comments?post=6503"}],"wp:featuredmedia":[{"embeddable":true,"href":"https:\/\/butterfly-editions.com\/index.php\/wp-json\/wp\/v2\/media\/6595"}],"wp:attachment":[{"href":"https:\/\/butterfly-editions.com\/index.php\/wp-json\/wp\/v2\/media?parent=6503"}],"wp:term":[{"taxonomy":"product_brand","embeddable":true,"href":"https:\/\/butterfly-editions.com\/index.php\/wp-json\/wp\/v2\/product_brand?post=6503"},{"taxonomy":"product_cat","embeddable":true,"href":"https:\/\/butterfly-editions.com\/index.php\/wp-json\/wp\/v2\/product_cat?post=6503"},{"taxonomy":"product_tag","embeddable":true,"href":"https:\/\/butterfly-editions.com\/index.php\/wp-json\/wp\/v2\/product_tag?post=6503"}],"curies":[{"name":"wp","href":"https:\/\/api.w.org\/{rel}","templated":true}]}}