{"id":6501,"date":"2024-09-01T13:38:40","date_gmt":"2024-09-01T12:38:40","guid":{"rendered":"https:\/\/butterfly-editions.com\/?post_type=product&#038;p=6501"},"modified":"2026-01-27T12:09:22","modified_gmt":"2026-01-27T11:09:22","slug":"te-retrouver-tome-1-de-louise-lucas","status":"publish","type":"product","link":"https:\/\/butterfly-editions.com\/index.php\/produit\/te-retrouver-tome-1-de-louise-lucas\/","title":{"rendered":"Te Retrouver T1"},"content":{"rendered":"<p><strong>Il suffit parfois d&rsquo;une seconde pour bouleverser nos vies \u00e0 tout jamais.<\/strong><\/p>\n<p>Lena, prudente et r\u00e9serv\u00e9e, \u00e9tudie les sciences. Alex, aussi insouciant que t\u00e9m\u00e9raire, pr\u00e9f\u00e8re la litt\u00e9rature. Ils n&rsquo;auraient jamais d\u00fb se croiser, mais le destin en d\u00e9cide autrement.<br \/>\nDeux rencontres.<br \/>\nDeux moments qui chambouleront pour toujours le cours de leurs existences.<\/p>\n<p><em>Entre peurs, regrets, attirance et secrets, leur amour r\u00e9ussira-t-il \u00e0 triompher ?<\/em><\/p>\n<p>***<\/p>\n<p><em>\u00a0\u00bb La porte s&rsquo;ouvre et la r\u00e9plique que je m&rsquo;appr\u00eatais \u00e0 sortir reste coinc\u00e9e dans ma gorge. Je me fige, et involontairement, je recule d&rsquo;un pas, choqu\u00e9.<\/em><\/p>\n<p><em>Elle est l\u00e0, devant moi, cette fille que je cherche partout depuis des mois.<\/em><\/p>\n<p><em>En une seconde, tout me revient : le laboratoire, notre premi\u00e8re rencontre, ses larmes, mon silence et mes regrets &#8230; Ces putains de regrets qui ne m&rsquo;ont plus l\u00e2ch\u00e9 depuis !<\/em><\/p>\n<p><em>Et dire que depuis le d\u00e9but elle \u00e9tait l\u00e0, si pr\u00e8s&#8230; \u00ab\u00a0<\/em><\/p>\n<div id=\"richProductInformation_feature_div\" class=\"celwidget\" data-feature-name=\"richProductInformation\" data-csa-c-id=\"b27tmy-282sjt-giqord-oqi624\" data-cel-widget=\"richProductInformation_feature_div\"><\/div>\n<div data-csa-c-id=\"19wyq6-cgerxe-l6z22f-r8purq\" data-cel-widget=\"rich_product_information\"><\/div>\n","protected":false},"excerpt":{"rendered":"<p>Il suffit parfois d&rsquo;une seconde pour bouleverser nos vies \u00e0 tout jamais. Lena, prudente et r\u00e9serv\u00e9e, \u00e9tudie les sciences. Alex, aussi insouciant que t\u00e9m\u00e9raire, pr\u00e9f\u00e8re la litt\u00e9rature. Ils n&rsquo;auraient jamais d\u00fb se croiser, mais le destin en d\u00e9cide autrement. Deux rencontres. Deux moments qui chambouleront pour toujours le cours de leurs existences. Entre peurs, regrets, [&hellip;]<\/p>\n","protected":false},"featured_media":6550,"comment_status":"open","ping_status":"closed","template":"","meta":{"_acf_changed":false,"content-type":""},"product_brand":[],"product_cat":[461],"product_tag":[497,518],"class_list":{"0":"post-6501","1":"product","2":"type-product","3":"status-publish","4":"has-post-thumbnail","6":"product_cat-romance-contemporaine","7":"product_tag-suspense","8":"product_tag-trahison","10":"first","11":"instock","12":"sold-individually","13":"taxable","14":"shipping-taxable","15":"purchasable","16":"product-type-variable"},"acf":{"auteur":"Louise Lucas","date_parution":"20190524","bestseller":false,"librairie":false},"aioseo_notices":[],"_links":{"self":[{"href":"https:\/\/butterfly-editions.com\/index.php\/wp-json\/wp\/v2\/product\/6501","targetHints":{"allow":["GET"]}}],"collection":[{"href":"https:\/\/butterfly-editions.com\/index.php\/wp-json\/wp\/v2\/product"}],"about":[{"href":"https:\/\/butterfly-editions.com\/index.php\/wp-json\/wp\/v2\/types\/product"}],"replies":[{"embeddable":true,"href":"https:\/\/butterfly-editions.com\/index.php\/wp-json\/wp\/v2\/comments?post=6501"}],"wp:featuredmedia":[{"embeddable":true,"href":"https:\/\/butterfly-editions.com\/index.php\/wp-json\/wp\/v2\/media\/6550"}],"wp:attachment":[{"href":"https:\/\/butterfly-editions.com\/index.php\/wp-json\/wp\/v2\/media?parent=6501"}],"wp:term":[{"taxonomy":"product_brand","embeddable":true,"href":"https:\/\/butterfly-editions.com\/index.php\/wp-json\/wp\/v2\/product_brand?post=6501"},{"taxonomy":"product_cat","embeddable":true,"href":"https:\/\/butterfly-editions.com\/index.php\/wp-json\/wp\/v2\/product_cat?post=6501"},{"taxonomy":"product_tag","embeddable":true,"href":"https:\/\/butterfly-editions.com\/index.php\/wp-json\/wp\/v2\/product_tag?post=6501"}],"curies":[{"name":"wp","href":"https:\/\/api.w.org\/{rel}","templated":true}]}}