{"id":6497,"date":"2024-09-01T13:38:40","date_gmt":"2024-09-01T12:38:40","guid":{"rendered":"https:\/\/butterfly-editions.com\/?post_type=product&#038;p=6497"},"modified":"2026-01-27T11:46:29","modified_gmt":"2026-01-27T10:46:29","slug":"dreams-of-love-de-madilie-v","status":"publish","type":"product","link":"https:\/\/butterfly-editions.com\/index.php\/produit\/dreams-of-love-de-madilie-v\/","title":{"rendered":"Dreams of Love"},"content":{"rendered":"<p><strong>Face \u00e0 la perte de l&rsquo;amour de sa vie, Joan r\u00e9ussira-t-elle \u00e0 se reconstruire ?<\/strong><\/p>\n<p>Ma\u00ebl \u00e9tait son tout. Ma\u00ebl \u00e9tait sa vie.<\/p>\n<p>Depuis sa mort, la col\u00e8re a laiss\u00e9 place \u00e0 la plus sournoise des culpabilit\u00e9s. Quant \u00e0 la souffrance, elle habite Joan H24.<\/p>\n<p>Mais derri\u00e8re tout malheur brille une petite lumi\u00e8re. La sienne s&rsquo;appelle Ambrozy. Malgr\u00e9 les \u00e9tranges conditions de leur rencontre, il l&rsquo;aide \u00e0 surmonter son chagrin.<\/p>\n<p><em>Mais derri\u00e8re son apparence honn\u00eate, il cache un secret et pas des moindres&#8230;<\/em><\/p>\n<div id=\"richProductInformation_feature_div\" class=\"celwidget\" data-feature-name=\"richProductInformation\" data-csa-c-id=\"b27tmy-282sjt-giqord-oqi624\" data-cel-widget=\"richProductInformation_feature_div\"><\/div>\n<div data-csa-c-id=\"19wyq6-cgerxe-l6z22f-r8purq\" data-cel-widget=\"rich_product_information\"><\/div>\n","protected":false},"excerpt":{"rendered":"<p>Face \u00e0 la perte de l&rsquo;amour de sa vie, Joan r\u00e9ussira-t-elle \u00e0 se reconstruire ? Ma\u00ebl \u00e9tait son tout. Ma\u00ebl \u00e9tait sa vie. Depuis sa mort, la col\u00e8re a laiss\u00e9 place \u00e0 la plus sournoise des culpabilit\u00e9s. Quant \u00e0 la souffrance, elle habite Joan H24. Mais derri\u00e8re tout malheur brille une petite lumi\u00e8re. La sienne [&hellip;]<\/p>\n","protected":false},"featured_media":6718,"comment_status":"open","ping_status":"closed","template":"","meta":{"_acf_changed":false,"content-type":""},"product_brand":[],"product_cat":[461],"product_tag":[517,475],"class_list":{"0":"post-6497","1":"product","2":"type-product","3":"status-publish","4":"has-post-thumbnail","6":"product_cat-romance-contemporaine","7":"product_tag-deuil","8":"product_tag-reconstruction","10":"first","11":"instock","12":"taxable","13":"shipping-taxable","14":"purchasable","15":"product-type-variable"},"acf":{"auteur":"MadiLie V.","date_parution":"20210611","bestseller":false,"librairie":false},"aioseo_notices":[],"_links":{"self":[{"href":"https:\/\/butterfly-editions.com\/index.php\/wp-json\/wp\/v2\/product\/6497","targetHints":{"allow":["GET"]}}],"collection":[{"href":"https:\/\/butterfly-editions.com\/index.php\/wp-json\/wp\/v2\/product"}],"about":[{"href":"https:\/\/butterfly-editions.com\/index.php\/wp-json\/wp\/v2\/types\/product"}],"replies":[{"embeddable":true,"href":"https:\/\/butterfly-editions.com\/index.php\/wp-json\/wp\/v2\/comments?post=6497"}],"wp:featuredmedia":[{"embeddable":true,"href":"https:\/\/butterfly-editions.com\/index.php\/wp-json\/wp\/v2\/media\/6718"}],"wp:attachment":[{"href":"https:\/\/butterfly-editions.com\/index.php\/wp-json\/wp\/v2\/media?parent=6497"}],"wp:term":[{"taxonomy":"product_brand","embeddable":true,"href":"https:\/\/butterfly-editions.com\/index.php\/wp-json\/wp\/v2\/product_brand?post=6497"},{"taxonomy":"product_cat","embeddable":true,"href":"https:\/\/butterfly-editions.com\/index.php\/wp-json\/wp\/v2\/product_cat?post=6497"},{"taxonomy":"product_tag","embeddable":true,"href":"https:\/\/butterfly-editions.com\/index.php\/wp-json\/wp\/v2\/product_tag?post=6497"}],"curies":[{"name":"wp","href":"https:\/\/api.w.org\/{rel}","templated":true}]}}