{"id":6496,"date":"2024-09-01T13:38:40","date_gmt":"2024-09-01T12:38:40","guid":{"rendered":"https:\/\/butterfly-editions.com\/?post_type=product&#038;p=6496"},"modified":"2026-01-27T11:33:07","modified_gmt":"2026-01-27T10:33:07","slug":"die-for-you-tome-2-de-madilie-v","status":"publish","type":"product","link":"https:\/\/butterfly-editions.com\/index.php\/produit\/die-for-you-tome-2-de-madilie-v\/","title":{"rendered":"For you T2 &#8211; Die for You"},"content":{"rendered":"<p>Erine et James ont d\u00e9sormais emprunt\u00e9 des chemins diff\u00e9rents.<br \/>\nDe d\u00e9ceptions en \u00e9preuves, le destin les force \u00e0 tenter de se reconstruire.<br \/>\nTandis qu&rsquo;Erine essaie d&rsquo;avancer sans lui, James ne pense qu&rsquo;\u00e0 une chose : la reconqu\u00e9rir.<br \/>\nMais comment survivre \u00e0 ce nouveau mensonge, cette nouvelle trahison, surtout lorsque les obstacles se dressent sans cesse entre eux ?<br \/>\nPardonner ou fuir ?<br \/>\nAimer ou ha\u00efr ?<br \/>\nVivre ou mourir ?<br \/>\nChaque choix aura ses cons\u00e9quences&#8230;<\/p>\n<div id=\"richProductInformation_feature_div\" class=\"celwidget\" data-feature-name=\"richProductInformation\" data-csa-c-id=\"b27tmy-282sjt-giqord-oqi624\" data-cel-widget=\"richProductInformation_feature_div\"><\/div>\n<div data-csa-c-id=\"19wyq6-cgerxe-l6z22f-r8purq\" data-cel-widget=\"rich_product_information\"><\/div>\n","protected":false},"excerpt":{"rendered":"<p>Erine et James ont d\u00e9sormais emprunt\u00e9 des chemins diff\u00e9rents. De d\u00e9ceptions en \u00e9preuves, le destin les force \u00e0 tenter de se reconstruire. Tandis qu&rsquo;Erine essaie d&rsquo;avancer sans lui, James ne pense qu&rsquo;\u00e0 une chose : la reconqu\u00e9rir. Mais comment survivre \u00e0 ce nouveau mensonge, cette nouvelle trahison, surtout lorsque les obstacles se dressent sans cesse [&hellip;]<\/p>\n","protected":false},"featured_media":6562,"comment_status":"open","ping_status":"closed","template":"","meta":{"_acf_changed":false,"content-type":""},"product_brand":[],"product_cat":[461],"product_tag":[505,493,513,491,508],"class_list":{"0":"post-6496","1":"product","2":"type-product","3":"status-publish","4":"has-post-thumbnail","6":"product_cat-romance-contemporaine","7":"product_tag-acteur","8":"product_tag-bad-boy","9":"product_tag-hate-to-love","10":"product_tag-spicy","11":"product_tag-star","13":"first","14":"instock","15":"sold-individually","16":"taxable","17":"shipping-taxable","18":"purchasable","19":"product-type-variable"},"acf":{"auteur":"MadiLie V.","date_parution":"20171121","bestseller":false,"librairie":false},"aioseo_notices":[],"_links":{"self":[{"href":"https:\/\/butterfly-editions.com\/index.php\/wp-json\/wp\/v2\/product\/6496","targetHints":{"allow":["GET"]}}],"collection":[{"href":"https:\/\/butterfly-editions.com\/index.php\/wp-json\/wp\/v2\/product"}],"about":[{"href":"https:\/\/butterfly-editions.com\/index.php\/wp-json\/wp\/v2\/types\/product"}],"replies":[{"embeddable":true,"href":"https:\/\/butterfly-editions.com\/index.php\/wp-json\/wp\/v2\/comments?post=6496"}],"wp:featuredmedia":[{"embeddable":true,"href":"https:\/\/butterfly-editions.com\/index.php\/wp-json\/wp\/v2\/media\/6562"}],"wp:attachment":[{"href":"https:\/\/butterfly-editions.com\/index.php\/wp-json\/wp\/v2\/media?parent=6496"}],"wp:term":[{"taxonomy":"product_brand","embeddable":true,"href":"https:\/\/butterfly-editions.com\/index.php\/wp-json\/wp\/v2\/product_brand?post=6496"},{"taxonomy":"product_cat","embeddable":true,"href":"https:\/\/butterfly-editions.com\/index.php\/wp-json\/wp\/v2\/product_cat?post=6496"},{"taxonomy":"product_tag","embeddable":true,"href":"https:\/\/butterfly-editions.com\/index.php\/wp-json\/wp\/v2\/product_tag?post=6496"}],"curies":[{"name":"wp","href":"https:\/\/api.w.org\/{rel}","templated":true}]}}