{"id":6481,"date":"2024-09-01T13:38:38","date_gmt":"2024-09-01T12:38:38","guid":{"rendered":"https:\/\/butterfly-editions.com\/?post_type=product&#038;p=6481"},"modified":"2026-01-27T10:33:33","modified_gmt":"2026-01-27T09:33:33","slug":"jamais-2-sans-trois-ii-de-milyi-kind","status":"publish","type":"product","link":"https:\/\/butterfly-editions.com\/index.php\/produit\/jamais-2-sans-trois-ii-de-milyi-kind\/","title":{"rendered":"Jamais 2 sans trois T2"},"content":{"rendered":"<p>Apr\u00e8s une \u00e9ni\u00e8me dispute, Capucine s&rsquo;enfuit loin de ses amants terribles pour aller se r\u00e9fugier chez son grand-p\u00e8re, Henri. Mais le rem\u00e8de n&rsquo;est-il pas plus n\u00e9faste que le mal ?<br \/>\nS\u00e9par\u00e9s, tous les trois perdent pied. Se retrouver est devenu vital. Y arriveront-ils malgr\u00e9 leurs f\u00ealures respectives ?<br \/>\nComment continuer \u00e0 vivre cette histoire peu banale quand votre entourage se ligue contre vous ? Leur jamais deux, toujours trois peut-il r\u00e9ellement \u00e9xister ?<\/p>\n<div id=\"richProductInformation_feature_div\" class=\"celwidget\" data-feature-name=\"richProductInformation\" data-csa-c-id=\"b27tmy-282sjt-giqord-oqi624\" data-cel-widget=\"richProductInformation_feature_div\"><\/div>\n<div data-csa-c-id=\"19wyq6-cgerxe-l6z22f-r8purq\" data-cel-widget=\"rich_product_information\"><\/div>\n","protected":false},"excerpt":{"rendered":"<p>Apr\u00e8s une \u00e9ni\u00e8me dispute, Capucine s&rsquo;enfuit loin de ses amants terribles pour aller se r\u00e9fugier chez son grand-p\u00e8re, Henri. Mais le rem\u00e8de n&rsquo;est-il pas plus n\u00e9faste que le mal ? S\u00e9par\u00e9s, tous les trois perdent pied. Se retrouver est devenu vital. Y arriveront-ils malgr\u00e9 leurs f\u00ealures respectives ? Comment continuer \u00e0 vivre cette histoire peu [&hellip;]<\/p>\n","protected":false},"featured_media":6547,"comment_status":"open","ping_status":"closed","template":"","meta":{"_acf_changed":false,"content-type":""},"product_brand":[],"product_cat":[461],"product_tag":[494,490,491,509],"class_list":{"0":"post-6481","1":"product","2":"type-product","3":"status-publish","4":"has-post-thumbnail","6":"product_cat-romance-contemporaine","7":"product_tag-desir","8":"product_tag-passion","9":"product_tag-spicy","10":"product_tag-trouple","12":"first","13":"outofstock","14":"sold-individually","15":"taxable","16":"shipping-taxable","17":"purchasable","18":"product-type-variable"},"acf":{"auteur":"Milyi Kind","date_parution":"20170612","bestseller":false,"librairie":false},"aioseo_notices":[],"_links":{"self":[{"href":"https:\/\/butterfly-editions.com\/index.php\/wp-json\/wp\/v2\/product\/6481","targetHints":{"allow":["GET"]}}],"collection":[{"href":"https:\/\/butterfly-editions.com\/index.php\/wp-json\/wp\/v2\/product"}],"about":[{"href":"https:\/\/butterfly-editions.com\/index.php\/wp-json\/wp\/v2\/types\/product"}],"replies":[{"embeddable":true,"href":"https:\/\/butterfly-editions.com\/index.php\/wp-json\/wp\/v2\/comments?post=6481"}],"wp:featuredmedia":[{"embeddable":true,"href":"https:\/\/butterfly-editions.com\/index.php\/wp-json\/wp\/v2\/media\/6547"}],"wp:attachment":[{"href":"https:\/\/butterfly-editions.com\/index.php\/wp-json\/wp\/v2\/media?parent=6481"}],"wp:term":[{"taxonomy":"product_brand","embeddable":true,"href":"https:\/\/butterfly-editions.com\/index.php\/wp-json\/wp\/v2\/product_brand?post=6481"},{"taxonomy":"product_cat","embeddable":true,"href":"https:\/\/butterfly-editions.com\/index.php\/wp-json\/wp\/v2\/product_cat?post=6481"},{"taxonomy":"product_tag","embeddable":true,"href":"https:\/\/butterfly-editions.com\/index.php\/wp-json\/wp\/v2\/product_tag?post=6481"}],"curies":[{"name":"wp","href":"https:\/\/api.w.org\/{rel}","templated":true}]}}