{"id":6475,"date":"2024-09-01T13:38:37","date_gmt":"2024-09-01T12:38:37","guid":{"rendered":"https:\/\/butterfly-editions.com\/?post_type=product&#038;p=6475"},"modified":"2026-01-27T16:26:50","modified_gmt":"2026-01-27T15:26:50","slug":"sex-deal-de-anne-ferra","status":"publish","type":"product","link":"https:\/\/butterfly-editions.com\/index.php\/produit\/sex-deal-de-anne-ferra\/","title":{"rendered":"Sex Deal"},"content":{"rendered":"<p><strong>Une nuit ? Deal&#8230;<\/strong><\/p>\n<p><strong>R\u00e9sister ? Impossible&#8230;<\/strong><\/p>\n<p><strong>Sexfriends ? Deal&#8230;<\/strong><\/p>\n<p>Batteur des Light Shadows, Bryan aime sa vie. Musique, filles, une seule r\u00e8gle : profiter.<\/p>\n<p>L&rsquo;amour ? M\u00eame pas en r\u00eaves ! Pour lui, hors de question de tomber dans ce pi\u00e8ge&#8230;<\/p>\n<p>Anita, tatoueuse aux cheveux color\u00e9s, refuse toute relation s\u00e9rieuse. Elle a d\u00e9j\u00e0 assez donn\u00e9 !<\/p>\n<p>Pour elle, l&rsquo;amour est violent et toxique.<\/p>\n<p>Les hommes ? En profiter, sans s&rsquo;attacher.<\/p>\n<p>Quand elle d\u00e9barque \u00e0 Los Angeles, elle retrouve Bryan, son ex-amant d&rsquo;une nuit. Un seul regard et l&rsquo;ambiance redevient imm\u00e9diatement \u00e9lectrique.<\/p>\n<p>Ils ont beau se d\u00e9tester, entre eux le sexe se r\u00e9sume en six lettres : D.I.N.G.U.E. Alors, pourquoi ne pas en profiter ?<\/p>\n<p><em>La fronti\u00e8re entre haine et amour est parfois tr\u00e8s mince&#8230;<\/em><\/p>\n<hr \/>\n<p>\u00ab\u00a0Une romance aussi dr\u00f4le que saisissante ! Les sujets abord\u00e9s sont \u00e0 la fois intenses et captivants avec toujours cette petite pointe d\u2019humour pour adoucir l\u2019ensemble. J\u2019ai ador\u00e9 !!!\u00a0\u00bb elo_aux_pays_des_livres<\/p>\n","protected":false},"excerpt":{"rendered":"<p>Une nuit ? Deal&#8230; R\u00e9sister ? Impossible&#8230; Sexfriends ? Deal&#8230; Batteur des Light Shadows, Bryan aime sa vie. Musique, filles, une seule r\u00e8gle : profiter. L&rsquo;amour ? M\u00eame pas en r\u00eaves ! Pour lui, hors de question de tomber dans ce pi\u00e8ge&#8230; Anita, tatoueuse aux cheveux color\u00e9s, refuse toute relation s\u00e9rieuse. Elle a d\u00e9j\u00e0 assez [&hellip;]<\/p>\n","protected":false},"featured_media":6733,"comment_status":"open","ping_status":"closed","template":"","meta":{"_acf_changed":false,"content-type":""},"product_brand":[],"product_cat":[461],"product_tag":[531,491],"class_list":{"0":"post-6475","1":"product","2":"type-product","3":"status-publish","4":"has-post-thumbnail","6":"product_cat-romance-contemporaine","7":"product_tag-romance","8":"product_tag-spicy","10":"first","11":"instock","12":"taxable","13":"shipping-taxable","14":"purchasable","15":"product-type-variable"},"acf":{"auteur":"Anne Ferra","date_parution":"20210909","bestseller":false,"librairie":false},"aioseo_notices":[],"_links":{"self":[{"href":"https:\/\/butterfly-editions.com\/index.php\/wp-json\/wp\/v2\/product\/6475","targetHints":{"allow":["GET"]}}],"collection":[{"href":"https:\/\/butterfly-editions.com\/index.php\/wp-json\/wp\/v2\/product"}],"about":[{"href":"https:\/\/butterfly-editions.com\/index.php\/wp-json\/wp\/v2\/types\/product"}],"replies":[{"embeddable":true,"href":"https:\/\/butterfly-editions.com\/index.php\/wp-json\/wp\/v2\/comments?post=6475"}],"wp:featuredmedia":[{"embeddable":true,"href":"https:\/\/butterfly-editions.com\/index.php\/wp-json\/wp\/v2\/media\/6733"}],"wp:attachment":[{"href":"https:\/\/butterfly-editions.com\/index.php\/wp-json\/wp\/v2\/media?parent=6475"}],"wp:term":[{"taxonomy":"product_brand","embeddable":true,"href":"https:\/\/butterfly-editions.com\/index.php\/wp-json\/wp\/v2\/product_brand?post=6475"},{"taxonomy":"product_cat","embeddable":true,"href":"https:\/\/butterfly-editions.com\/index.php\/wp-json\/wp\/v2\/product_cat?post=6475"},{"taxonomy":"product_tag","embeddable":true,"href":"https:\/\/butterfly-editions.com\/index.php\/wp-json\/wp\/v2\/product_tag?post=6475"}],"curies":[{"name":"wp","href":"https:\/\/api.w.org\/{rel}","templated":true}]}}