{"id":10930,"date":"2026-04-14T09:16:43","date_gmt":"2026-04-14T08:16:43","guid":{"rendered":"https:\/\/butterfly-editions.com\/?post_type=product&#038;p=10930"},"modified":"2026-04-14T09:21:40","modified_gmt":"2026-04-14T08:21:40","slug":"solamore","status":"publish","type":"product","link":"https:\/\/butterfly-editions.com\/index.php\/produit\/solamore\/","title":{"rendered":"Solamore"},"content":{"rendered":"<p><strong>Quand l\u2019amiti\u00e9 devient un terrain glissant\u2026 et que l\u2019amour frappe l\u00e0 o\u00f9 on ne l\u2019attend plus.<\/strong><\/p>\n<p>Isadora a fait de l\u2019amour son terrain de jeu. Sur les r\u00e9seaux, sous le pseudonyme de <em>Solamore<\/em>, elle aide les autres \u00e0 provoquer des rencontres, \u00e0 d\u00e9crypter les signes, \u00e0 croire encore aux belles histoires. Dans la vraie vie, elle se contente de relations l\u00e9g\u00e8res\u2026 et d\u2019une amiti\u00e9 solide avec Gabriel, de douze ans son ain\u00e9.<\/p>\n<p>Gabriel, lui, vit pour son restaurant, son refuge. Il aime Isadora depuis longtemps, en silence, convaincu que certaines fronti\u00e8res ne doivent jamais \u00eatre franchies.<\/p>\n<p>Mais sous le soleil italien, entre mariage, vacances forc\u00e9es et d\u00e9sirs longtemps refoul\u00e9s, leur amiti\u00e9 vacille. Isadora et Gabriel devront affronter la question qu\u2019ils ont toujours \u00e9vit\u00e9e :<\/p>\n<p><em>Et si le plus grand risque \u00e9tait de ne jamais oser ?<\/em><\/p>\n","protected":false},"excerpt":{"rendered":"<p>Quand l\u2019amiti\u00e9 devient un terrain glissant\u2026 et que l\u2019amour frappe l\u00e0 o\u00f9 on ne l\u2019attend plus. Isadora a fait de l\u2019amour son terrain de jeu. Sur les r\u00e9seaux, sous le pseudonyme de Solamore, elle aide les autres \u00e0 provoquer des rencontres, \u00e0 d\u00e9crypter les signes, \u00e0 croire encore aux belles histoires. Dans la vraie vie, [&hellip;]<\/p>\n","protected":false},"featured_media":10932,"comment_status":"open","ping_status":"closed","template":"","meta":{"_acf_changed":false,"content-type":""},"product_brand":[],"product_cat":[461],"product_tag":[537,480,566],"class_list":{"0":"post-10930","1":"product","2":"type-product","3":"status-publish","4":"has-post-thumbnail","6":"product_cat-romance-contemporaine","7":"product_tag-age-gap","8":"product_tag-forced-proximity","9":"product_tag-instagram","11":"first","12":"instock","13":"taxable","14":"shipping-taxable","15":"purchasable","16":"product-type-variable"},"acf":{"auteur":"Chlo\u00e9 Le Clech","date_parution":"20260401","bestseller":false,"librairie":false},"aioseo_notices":[],"_links":{"self":[{"href":"https:\/\/butterfly-editions.com\/index.php\/wp-json\/wp\/v2\/product\/10930","targetHints":{"allow":["GET"]}}],"collection":[{"href":"https:\/\/butterfly-editions.com\/index.php\/wp-json\/wp\/v2\/product"}],"about":[{"href":"https:\/\/butterfly-editions.com\/index.php\/wp-json\/wp\/v2\/types\/product"}],"replies":[{"embeddable":true,"href":"https:\/\/butterfly-editions.com\/index.php\/wp-json\/wp\/v2\/comments?post=10930"}],"wp:featuredmedia":[{"embeddable":true,"href":"https:\/\/butterfly-editions.com\/index.php\/wp-json\/wp\/v2\/media\/10932"}],"wp:attachment":[{"href":"https:\/\/butterfly-editions.com\/index.php\/wp-json\/wp\/v2\/media?parent=10930"}],"wp:term":[{"taxonomy":"product_brand","embeddable":true,"href":"https:\/\/butterfly-editions.com\/index.php\/wp-json\/wp\/v2\/product_brand?post=10930"},{"taxonomy":"product_cat","embeddable":true,"href":"https:\/\/butterfly-editions.com\/index.php\/wp-json\/wp\/v2\/product_cat?post=10930"},{"taxonomy":"product_tag","embeddable":true,"href":"https:\/\/butterfly-editions.com\/index.php\/wp-json\/wp\/v2\/product_tag?post=10930"}],"curies":[{"name":"wp","href":"https:\/\/api.w.org\/{rel}","templated":true}]}}