{"id":10208,"date":"2026-01-30T11:01:51","date_gmt":"2026-01-30T10:01:51","guid":{"rendered":"https:\/\/butterfly-editions.com\/?post_type=product&#038;p=10208"},"modified":"2026-03-10T10:52:40","modified_gmt":"2026-03-10T09:52:40","slug":"dive-with-me","status":"publish","type":"product","link":"https:\/\/butterfly-editions.com\/index.php\/produit\/dive-with-me\/","title":{"rendered":"Dive With Me"},"content":{"rendered":"<p><strong>Un boss, papa c\u00e9libataire, ferm\u00e9 \u00e0 l\u2019id\u00e9e de l\u2019amour. <\/strong><\/p>\n<p><strong>Une stagiaire d\u00e9termin\u00e9e \u00e0 faire ses preuves.<\/strong><\/p>\n<p><strong>Une rencontre\u2026 explosive\u00a0!<\/strong><\/p>\n<p>Nouvelle \u00e0 San Diego, April r\u00e9alise enfin son r\u00eave : d\u00e9crocher un stage dans une grande agence de pub. Entre projets cr\u00e9atifs, d\u00e9couvertes et plong\u00e9es en mer, tout semble parfait\u2026 jusqu\u2019\u00e0 ce qu\u2019elle tombe sur Neal, l\u2019un de ses patrons.<\/p>\n<p>Charismatique, exigeant, et surtout totalement ferm\u00e9 \u00e0 l\u2019amour, Neal est le genre d\u2019homme qu\u2019il vaut mieux admirer de loin.<\/p>\n<p>Mais quand April d\u00e9couvre qu\u2019il m\u00e8ne une double vie en tant que combattant de MMA, sa curiosit\u00e9 s\u2019enflamme\u2026 tout comme leur alchimie.<\/p>\n<p><em>Et dans les affaires comme en amour, April va vite apprendre qu\u2019il est parfois impossible de garder la t\u00eate froide.<\/em><\/p>\n","protected":false},"excerpt":{"rendered":"<p>Un boss, papa c\u00e9libataire, ferm\u00e9 \u00e0 l\u2019id\u00e9e de l\u2019amour. Une stagiaire d\u00e9termin\u00e9e \u00e0 faire ses preuves. Une rencontre\u2026 explosive\u00a0! Nouvelle \u00e0 San Diego, April r\u00e9alise enfin son r\u00eave : d\u00e9crocher un stage dans une grande agence de pub. Entre projets cr\u00e9atifs, d\u00e9couvertes et plong\u00e9es en mer, tout semble parfait\u2026 jusqu\u2019\u00e0 ce qu\u2019elle tombe sur Neal, [&hellip;]<\/p>\n","protected":false},"featured_media":10212,"comment_status":"open","ping_status":"closed","template":"","meta":{"_acf_changed":false,"content-type":""},"product_brand":[],"product_cat":[461],"product_tag":[469,552,551,477],"class_list":{"0":"post-10208","1":"product","2":"type-product","3":"status-publish","4":"has-post-thumbnail","6":"product_cat-romance-contemporaine","7":"product_tag-boss","8":"product_tag-mma","9":"product_tag-single-dad","10":"product_tag-workplace-romance","12":"first","13":"instock","14":"taxable","15":"shipping-taxable","16":"purchasable","17":"product-type-variable"},"acf":{"auteur":"Mila Marelli","date_parution":"20260218","bestseller":false,"librairie":false},"aioseo_notices":[],"_links":{"self":[{"href":"https:\/\/butterfly-editions.com\/index.php\/wp-json\/wp\/v2\/product\/10208","targetHints":{"allow":["GET"]}}],"collection":[{"href":"https:\/\/butterfly-editions.com\/index.php\/wp-json\/wp\/v2\/product"}],"about":[{"href":"https:\/\/butterfly-editions.com\/index.php\/wp-json\/wp\/v2\/types\/product"}],"replies":[{"embeddable":true,"href":"https:\/\/butterfly-editions.com\/index.php\/wp-json\/wp\/v2\/comments?post=10208"}],"wp:featuredmedia":[{"embeddable":true,"href":"https:\/\/butterfly-editions.com\/index.php\/wp-json\/wp\/v2\/media\/10212"}],"wp:attachment":[{"href":"https:\/\/butterfly-editions.com\/index.php\/wp-json\/wp\/v2\/media?parent=10208"}],"wp:term":[{"taxonomy":"product_brand","embeddable":true,"href":"https:\/\/butterfly-editions.com\/index.php\/wp-json\/wp\/v2\/product_brand?post=10208"},{"taxonomy":"product_cat","embeddable":true,"href":"https:\/\/butterfly-editions.com\/index.php\/wp-json\/wp\/v2\/product_cat?post=10208"},{"taxonomy":"product_tag","embeddable":true,"href":"https:\/\/butterfly-editions.com\/index.php\/wp-json\/wp\/v2\/product_tag?post=10208"}],"curies":[{"name":"wp","href":"https:\/\/api.w.org\/{rel}","templated":true}]}}