{"id":10195,"date":"2026-01-30T10:38:27","date_gmt":"2026-01-30T09:38:27","guid":{"rendered":"https:\/\/butterfly-editions.com\/?post_type=product&#038;p=10195"},"modified":"2026-01-30T10:46:10","modified_gmt":"2026-01-30T09:46:10","slug":"the-big-bang-love-story","status":"publish","type":"product","link":"https:\/\/butterfly-editions.com\/index.php\/produit\/the-big-bang-love-story\/","title":{"rendered":"The Big Bang Love Story"},"content":{"rendered":"<p><span class=\"a-text-bold\">L\u2019univers ob\u00e9it \u00e0 des lois.<\/span><\/p>\n<p><span class=\"a-text-bold\">L\u2019amour, \u00e0 aucune.<\/span><\/p>\n<p>Plusieurs si\u00e8cles apr\u00e8s la disparition de la Lune, l\u2019humanit\u00e9 survit sur dix stations orbitales o\u00f9 tout est calcul\u00e9, pr\u00e9vu, codifi\u00e9.<\/p>\n<p>Elliot r\u00eave d\u2019exploration, d\u2019air et de lumi\u00e8re. Solace, lui, se cache derri\u00e8re les murs du savoir, prot\u00e9g\u00e9 par une intelligence artificielle et ses certitudes.<\/p>\n<p>Leur rencontre n\u2019aurait jamais d\u00fb avoir lieu. Pourtant, lorsqu\u2019un gar\u00e7on solaire croise le regard du fils solitaire du chancelier, c\u2019est tout un syst\u00e8me qui vacille.<\/p>\n<p>Entre \u00e9quations, explorations et \u00e9motions, ils apprendront qu\u2019une seule constante demeure : la gravit\u00e9 qui les attire l\u2019un vers l\u2019autre.<\/p>\n<p><span class=\"a-text-italic\">Et si la plus grande r\u00e9volution de l\u2019univers n\u2019\u00e9tait pas cosmique\u2026 mais humaine ?<\/span><\/p>\n","protected":false},"excerpt":{"rendered":"<p>L\u2019univers ob\u00e9it \u00e0 des lois. L\u2019amour, \u00e0 aucune. Plusieurs si\u00e8cles apr\u00e8s la disparition de la Lune, l\u2019humanit\u00e9 survit sur dix stations orbitales o\u00f9 tout est calcul\u00e9, pr\u00e9vu, codifi\u00e9. Elliot r\u00eave d\u2019exploration, d\u2019air et de lumi\u00e8re. Solace, lui, se cache derri\u00e8re les murs du savoir, prot\u00e9g\u00e9 par une intelligence artificielle et ses certitudes. Leur rencontre n\u2019aurait [&hellip;]<\/p>\n","protected":false},"featured_media":10200,"comment_status":"open","ping_status":"closed","template":"","meta":{"_acf_changed":false,"content-type":""},"product_brand":[],"product_cat":[463],"product_tag":[548,549,547,484,550],"class_list":{"0":"post-10195","1":"product","2":"type-product","3":"status-publish","4":"has-post-thumbnail","6":"product_cat-romantasy","7":"product_tag-dystopie","8":"product_tag-espace","9":"product_tag-love-at-first-sight","10":"product_tag-mxm","11":"product_tag-science-fiction","13":"first","14":"instock","15":"taxable","16":"shipping-taxable","17":"purchasable","18":"product-type-variable"},"acf":{"auteur":"Joanna Colomb","date_parution":"20260128","bestseller":false,"librairie":false},"aioseo_notices":[],"_links":{"self":[{"href":"https:\/\/butterfly-editions.com\/index.php\/wp-json\/wp\/v2\/product\/10195","targetHints":{"allow":["GET"]}}],"collection":[{"href":"https:\/\/butterfly-editions.com\/index.php\/wp-json\/wp\/v2\/product"}],"about":[{"href":"https:\/\/butterfly-editions.com\/index.php\/wp-json\/wp\/v2\/types\/product"}],"replies":[{"embeddable":true,"href":"https:\/\/butterfly-editions.com\/index.php\/wp-json\/wp\/v2\/comments?post=10195"}],"wp:featuredmedia":[{"embeddable":true,"href":"https:\/\/butterfly-editions.com\/index.php\/wp-json\/wp\/v2\/media\/10200"}],"wp:attachment":[{"href":"https:\/\/butterfly-editions.com\/index.php\/wp-json\/wp\/v2\/media?parent=10195"}],"wp:term":[{"taxonomy":"product_brand","embeddable":true,"href":"https:\/\/butterfly-editions.com\/index.php\/wp-json\/wp\/v2\/product_brand?post=10195"},{"taxonomy":"product_cat","embeddable":true,"href":"https:\/\/butterfly-editions.com\/index.php\/wp-json\/wp\/v2\/product_cat?post=10195"},{"taxonomy":"product_tag","embeddable":true,"href":"https:\/\/butterfly-editions.com\/index.php\/wp-json\/wp\/v2\/product_tag?post=10195"}],"curies":[{"name":"wp","href":"https:\/\/api.w.org\/{rel}","templated":true}]}}