{"id":10076,"date":"2025-01-29T10:26:59","date_gmt":"2025-01-29T09:26:59","guid":{"rendered":"https:\/\/butterfly-editions.com\/?post_type=product&#038;p=10076"},"modified":"2026-01-29T10:33:55","modified_gmt":"2026-01-29T09:33:55","slug":"psychotic-christmas","status":"publish","type":"product","link":"https:\/\/butterfly-editions.com\/index.php\/produit\/psychotic-christmas\/","title":{"rendered":"Quand les \u00e9toiles se rencontrent pour No\u00ebl"},"content":{"rendered":"<p>Retrouvez tous les personnages des romances publi\u00e9es et \u00e0 venir d\u2019Isla A. et Milyi Kind le temps de petites nouvelles sur des no\u00ebls pass\u00e9s et futurs.<\/p>\n<p>Un calendrier de l\u2019avent in\u00e9dit, 25 histoires, vous n\u2019aurez jamais autant aim\u00e9 No\u00ebl !<\/p>\n","protected":false},"excerpt":{"rendered":"<p>Retrouvez tous les personnages des romances publi\u00e9es et \u00e0 venir d\u2019Isla A. et Milyi Kind le temps de petites nouvelles sur des no\u00ebls pass\u00e9s et futurs. Un calendrier de l\u2019avent in\u00e9dit, 25 histoires, vous n\u2019aurez jamais autant aim\u00e9 No\u00ebl !<\/p>\n","protected":false},"featured_media":10080,"comment_status":"open","ping_status":"closed","template":"","meta":{"_acf_changed":false,"content-type":""},"product_brand":[],"product_cat":[464],"product_tag":[],"class_list":{"0":"post-10076","1":"product","2":"type-product","3":"status-publish","4":"has-post-thumbnail","6":"product_cat-romance-de-noel","8":"first","9":"outofstock","10":"downloadable","11":"virtual","12":"sold-individually","13":"taxable","14":"purchasable","15":"product-type-simple"},"acf":{"auteur":"Isla A. & Milyi Kind","date_parution":"20191204","bestseller":false,"librairie":false},"aioseo_notices":[],"_links":{"self":[{"href":"https:\/\/butterfly-editions.com\/index.php\/wp-json\/wp\/v2\/product\/10076","targetHints":{"allow":["GET"]}}],"collection":[{"href":"https:\/\/butterfly-editions.com\/index.php\/wp-json\/wp\/v2\/product"}],"about":[{"href":"https:\/\/butterfly-editions.com\/index.php\/wp-json\/wp\/v2\/types\/product"}],"replies":[{"embeddable":true,"href":"https:\/\/butterfly-editions.com\/index.php\/wp-json\/wp\/v2\/comments?post=10076"}],"wp:featuredmedia":[{"embeddable":true,"href":"https:\/\/butterfly-editions.com\/index.php\/wp-json\/wp\/v2\/media\/10080"}],"wp:attachment":[{"href":"https:\/\/butterfly-editions.com\/index.php\/wp-json\/wp\/v2\/media?parent=10076"}],"wp:term":[{"taxonomy":"product_brand","embeddable":true,"href":"https:\/\/butterfly-editions.com\/index.php\/wp-json\/wp\/v2\/product_brand?post=10076"},{"taxonomy":"product_cat","embeddable":true,"href":"https:\/\/butterfly-editions.com\/index.php\/wp-json\/wp\/v2\/product_cat?post=10076"},{"taxonomy":"product_tag","embeddable":true,"href":"https:\/\/butterfly-editions.com\/index.php\/wp-json\/wp\/v2\/product_tag?post=10076"}],"curies":[{"name":"wp","href":"https:\/\/api.w.org\/{rel}","templated":true}]}}