{"id":10050,"date":"2024-01-29T10:03:35","date_gmt":"2024-01-29T09:03:35","guid":{"rendered":"https:\/\/butterfly-editions.com\/?post_type=product&#038;p=10050"},"modified":"2026-01-29T10:11:37","modified_gmt":"2026-01-29T09:11:37","slug":"la-femme-triste-est-une-licorne-pas-comme-les-autres","status":"publish","type":"product","link":"https:\/\/butterfly-editions.com\/index.php\/produit\/la-femme-triste-est-une-licorne-pas-comme-les-autres\/","title":{"rendered":"La femme triste est une licorne pas comme les autres !"},"content":{"rendered":"<div id=\"bookDescription_feature_div\" class=\"celwidget\" data-feature-name=\"bookDescription\" data-csa-c-type=\"widget\" data-csa-c-content-id=\"bookDescription\" data-csa-c-slot-id=\"bookDescription_feature_div\" data-csa-c-asin=\"\" data-csa-c-is-in-initial-active-row=\"false\" data-csa-c-id=\"tn9ouk-bu0n33-vv24sr-vay59u\" data-cel-widget=\"bookDescription_feature_div\">\n<div class=\"a-expander-collapsed-height a-row a-expander-container a-spacing-base a-expander-partial-collapse-container\" data-a-expander-name=\"book_description_expander\" data-a-expander-collapsed-height=\"280\">\n<div class=\"a-expander-content a-expander-partial-collapse-content\" data-expanded=\"false\">Deux licornes trentenaires qui ne diraient pas non \u00e0 un envoi massif de bonheur ! La vie amoureuse de Julie ressemble \u00e0 un black-out total. Les c\u00e2lins avec Beno\u00eet, son compagnon, exit. Les sorties en amoureux : un mot tomb\u00e9 aux oubliettes. Elle a beau essayer de le secouer comme un cocotier, rien n&rsquo;y fait. Il pr\u00e9f\u00e8re se morfondre sur la perte de son emploi dans des siestes \u00e0 n&rsquo;en plus finir&#8230; Un jour, tout bascule. Une rencontre inattendue. Un pr\u00e9nom : Antoine. Double b\u00e9mol : elle n&rsquo;est pas libre&#8230; et cet homme follement attirant n&rsquo;est autre&#8230; que l&rsquo;instituteur de son fils ! Alerte danger ! Une chose est s\u00fbre : la tentation n&rsquo;a jamais \u00e9t\u00e9 aussi forte qu&rsquo;interdite ! L&rsquo;existence de Jeanne, elle, tourne au cauchemar. Le jour de la naissance de son troisi\u00e8me enfant, Ben, son mari, se tue au volant de leur voiture. Son deuil n&rsquo;est m\u00eame pas entam\u00e9 que sa belle-m\u00e8re, qu&rsquo;elle surnomme l&rsquo;Abc\u00e8s, d\u00e9cide de s&rsquo;installer chez elle&#8230; et de tout prendre en main. Cerise sur le g\u00e2teau : Jeanne doit rester alit\u00e9e, d\u00e9pendante de cette femme qu&rsquo;elle n&rsquo;a jamais appr\u00e9ci\u00e9e et qui lui r\u00e9serve des surprises aussi rocambolesques qu&rsquo;inattendues ! *** Ce livre a pr\u00e9c\u00e9demment \u00e9t\u00e9 commercialis\u00e9 sous le titre Demain, je cueille le bonheur.<\/div>\n<\/div>\n<\/div>\n<div id=\"hushpuppyUpsell_feature_div\" class=\"celwidget\" data-feature-name=\"hushpuppyUpsell\" data-csa-c-type=\"widget\" data-csa-c-content-id=\"hushpuppyUpsell\" data-csa-c-slot-id=\"hushpuppyUpsell_feature_div\" data-csa-c-asin=\"\" data-csa-c-is-in-initial-active-row=\"false\" data-csa-c-id=\"7fbnt5-cmv79v-8gkrm6-co25dm\" data-cel-widget=\"hushpuppyUpsell_feature_div\"><\/div>\n<div id=\"richProductInformation_feature_div\" class=\"celwidget\" data-feature-name=\"richProductInformation\" data-csa-c-type=\"widget\" data-csa-c-content-id=\"richProductInformation\" data-csa-c-slot-id=\"richProductInformation_feature_div\" data-csa-c-asin=\"\" data-csa-c-is-in-initial-active-row=\"false\" data-csa-c-id=\"5rtxh6-cdafxy-p61sav-eb36wz\" data-cel-widget=\"richProductInformation_feature_div\">\n<div id=\"rich_product_information\" class=\"a-section a-spacing-none celwidget\" data-csa-c-id=\"2k67et-1q9126-yyn4ln-1k7etw\" data-cel-widget=\"rich_product_information\"><\/div>\n<\/div>\n","protected":false},"excerpt":{"rendered":"<p>Deux licornes trentenaires qui ne diraient pas non \u00e0 un envoi massif de bonheur ! La vie amoureuse de Julie ressemble \u00e0 un black-out total. Les c\u00e2lins avec Beno\u00eet, son compagnon, exit. Les sorties en amoureux : un mot tomb\u00e9 aux oubliettes. Elle a beau essayer de le secouer comme un cocotier, rien n&rsquo;y fait. [&hellip;]<\/p>\n","protected":false},"featured_media":10052,"comment_status":"open","ping_status":"closed","template":"","meta":{"_acf_changed":false,"content-type":""},"product_brand":[],"product_cat":[461],"product_tag":[],"class_list":{"0":"post-10050","1":"product","2":"type-product","3":"status-publish","4":"has-post-thumbnail","6":"product_cat-romance-contemporaine","8":"first","9":"instock","10":"downloadable","11":"virtual","12":"sold-individually","13":"taxable","14":"purchasable","15":"product-type-simple"},"acf":{"auteur":"Alexandra Le Borgne","date_parution":"20200508","bestseller":false,"librairie":false},"aioseo_notices":[],"_links":{"self":[{"href":"https:\/\/butterfly-editions.com\/index.php\/wp-json\/wp\/v2\/product\/10050","targetHints":{"allow":["GET"]}}],"collection":[{"href":"https:\/\/butterfly-editions.com\/index.php\/wp-json\/wp\/v2\/product"}],"about":[{"href":"https:\/\/butterfly-editions.com\/index.php\/wp-json\/wp\/v2\/types\/product"}],"replies":[{"embeddable":true,"href":"https:\/\/butterfly-editions.com\/index.php\/wp-json\/wp\/v2\/comments?post=10050"}],"wp:featuredmedia":[{"embeddable":true,"href":"https:\/\/butterfly-editions.com\/index.php\/wp-json\/wp\/v2\/media\/10052"}],"wp:attachment":[{"href":"https:\/\/butterfly-editions.com\/index.php\/wp-json\/wp\/v2\/media?parent=10050"}],"wp:term":[{"taxonomy":"product_brand","embeddable":true,"href":"https:\/\/butterfly-editions.com\/index.php\/wp-json\/wp\/v2\/product_brand?post=10050"},{"taxonomy":"product_cat","embeddable":true,"href":"https:\/\/butterfly-editions.com\/index.php\/wp-json\/wp\/v2\/product_cat?post=10050"},{"taxonomy":"product_tag","embeddable":true,"href":"https:\/\/butterfly-editions.com\/index.php\/wp-json\/wp\/v2\/product_tag?post=10050"}],"curies":[{"name":"wp","href":"https:\/\/api.w.org\/{rel}","templated":true}]}}