{"id":3055,"date":"2022-03-26T12:40:44","date_gmt":"2022-03-26T11:40:44","guid":{"rendered":"https:\/\/butterfly-editions.com\/?page_id=3055"},"modified":"2026-02-03T17:16:54","modified_gmt":"2026-02-03T16:16:54","slug":"candidats","status":"publish","type":"page","link":"https:\/\/butterfly-editions.com\/index.php\/candidats\/","title":{"rendered":"Candidature"},"content":{"rendered":"\n<p>L&rsquo;\u00e9quipe de Butterfly \u00c9ditions a \u00e0 c\u0153ur de contribuer \u00e0 la formation et au gain d&rsquo;exp\u00e9rience des futurs professionnels du livre. Que vous soyez sp\u00e9cialis\u00e9(e) en communication, en \u00e9dito, en traduction ou m\u00eame en fabrication, n&rsquo;h\u00e9sitez pas \u00e0 nous contacter via le formulaire ci-dessous.<\/p>\n\n\n\n<p>Malheureusement, si vous n&rsquo;avez pas eu de retours de notre part sous un mois, c&rsquo;est que notre \u00e9quipe est au complet. <\/p>\n\n\n\n\n<div class=\"wpcf7 no-js\" id=\"wpcf7-f3054-o1\" lang=\"fr-FR\" dir=\"ltr\" data-wpcf7-id=\"3054\">\n<div class=\"screen-reader-response\"><p role=\"status\" aria-live=\"polite\" aria-atomic=\"true\"><\/p> <ul><\/ul><\/div>\n<form action=\"\/index.php\/wp-json\/wp\/v2\/pages\/3055#wpcf7-f3054-o1\" method=\"post\" class=\"wpcf7-form init\" aria-label=\"Formulaire de contact\" enctype=\"multipart\/form-data\" novalidate=\"novalidate\" data-status=\"init\">\n<fieldset class=\"hidden-fields-container\"><input type=\"hidden\" name=\"_wpcf7\" value=\"3054\" \/><input type=\"hidden\" name=\"_wpcf7_version\" value=\"6.1.5\" \/><input type=\"hidden\" name=\"_wpcf7_locale\" value=\"fr_FR\" \/><input type=\"hidden\" name=\"_wpcf7_unit_tag\" value=\"wpcf7-f3054-o1\" \/><input type=\"hidden\" name=\"_wpcf7_container_post\" value=\"0\" \/><input type=\"hidden\" name=\"_wpcf7_posted_data_hash\" value=\"\" \/><input type=\"hidden\" name=\"_wpcf7_recaptcha_response\" value=\"\" \/>\n<\/fieldset>\n<p>Votre nom et votre pr\u00e9nom (obligatoire)\n<\/p>\n<p><span class=\"wpcf7-form-control-wrap\" data-name=\"Textyourname\"><textarea cols=\"40\" rows=\"10\" maxlength=\"2000\" class=\"wpcf7-form-control wpcf7-textarea wpcf7-validates-as-required\" aria-required=\"true\" aria-invalid=\"false\" name=\"Textyourname\"><\/textarea><\/span>\n<\/p>\n<p>Pr\u00e9sentez vous en quelques lignes (obligatoire)\n<\/p>\n<p><span class=\"wpcf7-form-control-wrap\" data-name=\"Textwhoyouare\"><textarea cols=\"40\" rows=\"10\" maxlength=\"2000\" class=\"wpcf7-form-control wpcf7-textarea wpcf7-validates-as-required\" aria-required=\"true\" aria-invalid=\"false\" name=\"Textwhoyouare\"><\/textarea><\/span>\n<\/p>\n<p>Votre email (obligatoire)\n<\/p>\n<p><span class=\"wpcf7-form-control-wrap\" data-name=\"Textyourmail\"><input size=\"40\" maxlength=\"400\" class=\"wpcf7-form-control wpcf7-email wpcf7-validates-as-required wpcf7-text wpcf7-validates-as-email\" aria-required=\"true\" aria-invalid=\"false\" value=\"\" type=\"email\" name=\"Textyourmail\" \/><\/span>\n<\/p>\n<p>Vous \u00eates \u00e0 la recherche de :\n<\/p>\n<p><span class=\"wpcf7-form-control-wrap\" data-name=\"select-632\"><select class=\"wpcf7-form-control wpcf7-select\" aria-invalid=\"false\" name=\"select-632\"><option value=\"---\">---<\/option><option value=\"Un stage\">Un stage<\/option><option value=\"Une alternance\">Une alternance<\/option><\/select><\/span>\n<\/p>\n<p>Pour une dur\u00e9e de :<br \/>\n<span class=\"wpcf7-form-control-wrap\" data-name=\"Duree\"><input size=\"40\" maxlength=\"400\" class=\"wpcf7-form-control wpcf7-text\" aria-invalid=\"false\" value=\"\" type=\"text\" name=\"Duree\" \/><\/span>\n<\/p>\n<p>Quel est votre cursus (niveau universitaire, intitul\u00e9 du cursus, universit\u00e9 de rattachement...)\n<\/p>\n<p><span class=\"wpcf7-form-control-wrap\" data-name=\"Textwhatyouwant\"><textarea cols=\"40\" rows=\"10\" maxlength=\"2000\" class=\"wpcf7-form-control wpcf7-textarea wpcf7-validates-as-required\" aria-required=\"true\" aria-invalid=\"false\" name=\"Textwhatyouwant\"><\/textarea><\/span>\n<\/p>\n<p>Vous avez un blog litteraire (ce n'est pas obligatoire \ud83d\ude42 ) ? Lien\n<\/p>\n<p><span class=\"wpcf7-form-control-wrap\" data-name=\"Textyourblog\"><input size=\"40\" maxlength=\"400\" class=\"wpcf7-form-control wpcf7-text\" aria-invalid=\"false\" value=\"\" type=\"text\" name=\"Textyourblog\" \/><\/span>\n<\/p>\n<p>Pr\u00e9sent sur Linkedin? Si oui indiquez-nous votre profil\n<\/p>\n<p><span class=\"wpcf7-form-control-wrap\" data-name=\"Textyourpseudofacebook\"><input size=\"40\" maxlength=\"400\" class=\"wpcf7-form-control wpcf7-text\" aria-invalid=\"false\" value=\"\" type=\"text\" name=\"Textyourpseudofacebook\" \/><\/span>\n<\/p>\n<p>Pour quelles raisons souhaitez-vous rejoindre la team Butterfly ? (obligatoire)\n<\/p>\n<p><span class=\"wpcf7-form-control-wrap\" data-name=\"Textyourreasons\"><textarea cols=\"40\" rows=\"10\" maxlength=\"2000\" class=\"wpcf7-form-control wpcf7-textarea\" aria-invalid=\"false\" name=\"Textyourreasons\"><\/textarea><\/span>\n<\/p>\n<p>Joignez-nous votre CV !\n<\/p>\n<p><span class=\"wpcf7-form-control-wrap\" data-name=\"file-633\"><input size=\"40\" class=\"wpcf7-form-control wpcf7-file\" accept=\".pdf,.doc,.docx\" aria-invalid=\"false\" type=\"file\" name=\"file-633\" \/><\/span>\n<\/p>\n<p><input class=\"wpcf7-form-control wpcf7-submit has-spinner\" type=\"submit\" value=\"Envoyer\" \/>\n<\/p><p style=\"display: none !important;\" class=\"akismet-fields-container\" data-prefix=\"_wpcf7_ak_\"><label>&#916;<textarea name=\"_wpcf7_ak_hp_textarea\" cols=\"45\" rows=\"8\" maxlength=\"100\"><\/textarea><\/label><input type=\"hidden\" id=\"ak_js_1\" name=\"_wpcf7_ak_js\" value=\"178\"\/><script>document.getElementById( \"ak_js_1\" ).setAttribute( \"value\", ( new Date() ).getTime() );<\/script><\/p><div class=\"wpcf7-response-output\" aria-hidden=\"true\"><\/div>\n<\/form>\n<\/div>\n\n\n\n\n<p><\/p>\n","protected":false},"excerpt":{"rendered":"<p>L&rsquo;\u00e9quipe de Butterfly \u00c9ditions a \u00e0 c\u0153ur de contribuer \u00e0 la formation et au gain d&rsquo;exp\u00e9rience des futurs professionnels du livre. Que vous soyez sp\u00e9cialis\u00e9(e) en communication, en \u00e9dito, en traduction ou m\u00eame en fabrication, n&rsquo;h\u00e9sitez pas \u00e0 nous contacter via le formulaire ci-dessous. Malheureusement, si vous n&rsquo;avez pas eu de retours de notre part [&hellip;]<\/p>\n","protected":false},"author":1,"featured_media":0,"parent":0,"menu_order":0,"comment_status":"closed","ping_status":"closed","template":"","meta":{"_acf_changed":false,"content-type":"","footnotes":""},"class_list":["post-3055","page","type-page","status-publish","hentry"],"blocksy_meta":[],"acf":[],"aioseo_notices":[],"_links":{"self":[{"href":"https:\/\/butterfly-editions.com\/index.php\/wp-json\/wp\/v2\/pages\/3055","targetHints":{"allow":["GET"]}}],"collection":[{"href":"https:\/\/butterfly-editions.com\/index.php\/wp-json\/wp\/v2\/pages"}],"about":[{"href":"https:\/\/butterfly-editions.com\/index.php\/wp-json\/wp\/v2\/types\/page"}],"author":[{"embeddable":true,"href":"https:\/\/butterfly-editions.com\/index.php\/wp-json\/wp\/v2\/users\/1"}],"replies":[{"embeddable":true,"href":"https:\/\/butterfly-editions.com\/index.php\/wp-json\/wp\/v2\/comments?post=3055"}],"version-history":[{"count":5,"href":"https:\/\/butterfly-editions.com\/index.php\/wp-json\/wp\/v2\/pages\/3055\/revisions"}],"predecessor-version":[{"id":10295,"href":"https:\/\/butterfly-editions.com\/index.php\/wp-json\/wp\/v2\/pages\/3055\/revisions\/10295"}],"wp:attachment":[{"href":"https:\/\/butterfly-editions.com\/index.php\/wp-json\/wp\/v2\/media?parent=3055"}],"curies":[{"name":"wp","href":"https:\/\/api.w.org\/{rel}","templated":true}]}}